{"id":8831,"date":"2018-12-20T23:50:40","date_gmt":"2018-12-21T01:50:40","guid":{"rendered":"https:\/\/fjsp.org.br\/fjsp\/biblioteca\/?page_id=8831"},"modified":"2022-05-26T16:50:48","modified_gmt":"2022-05-26T19:50:48","slug":"biblioteca","status":"publish","type":"page","link":"https:\/\/fjsp.org.br\/fjsp\/biblioteca\/","title":{"rendered":"Biblioteca"},"content":{"rendered":"<p>A biblioteca da <strong>Funda\u00e7\u00e3o Jap\u00e3o<\/strong> iniciou suas atividades em julho de 1994, com o objetivo de dar suporte \u00e0 pesquisa na \u00e1rea de cultura e l\u00edngua japonesa.O acervo re\u00fane diversos materiais bibliogr\u00e1ficos sobre o Jap\u00e3o (literatura, hist\u00f3ria, artes e cultura em geral), al\u00e9m de livros sobre o ensino da l\u00edngua japonesa, revistas, jornais e audiovisuais.<\/p>\n<p><img decoding=\"async\" class=\"alignleft\" src=\"https:\/\/fjsp.org.br\/fjsp\/wp-content\/uploads\/2018\/02\/FOTO_Biblioteca.jpg\" \/><\/p>\n<h4><strong><span style=\"color: #ff0000\">Reabertura da biblioteca<br \/>\n<\/span><\/strong><\/h4>\n<p>Agradecemos o cont\u00ednuo apoio \u00e0 Biblioteca da Funda\u00e7\u00e3o Jap\u00e3o em S\u00e3o Paulo.<\/p>\n<p>A biblioteca, com o intuito de conter a propaga\u00e7\u00e3o do novo coronav\u00edrus, havia retomado parcialmente as opera\u00e7\u00f5es presenciais, empr\u00e9stimo e devolu\u00e7\u00e3o de livros, por\u00e9m, retomar\u00e1 todos os servi\u00e7os, de ter\u00e7a-feira a sexta-feira, a partir de <strong>31\/5\/2022, ter\u00e7a-feira<\/strong> (a entrada e perman\u00eancia no recinto da biblioteca ser\u00e1 liberada).<\/p>\n<p>&nbsp;<\/p>\n<h4><strong>HOR\u00c1RIO<\/strong><\/h4>\n<p>Ter\u00e7a-feira \uff5e sexta-feira, das 10:30 \uff5e 19:30<\/p>\n<p>\u203b Fechado: segundas, s\u00e1bados, domingos e feriados<\/p>\n<p>&nbsp;<\/p>\n<h4><strong>SERVI\u00c7OS<\/strong><\/h4>\n<p>\u30fbAcesso \u00e0 biblioteca liberado (sem necessidade de agendamento pr\u00e9vio)<\/p>\n<p>\u30fbConsulta e sele\u00e7\u00e3o de materiais para empr\u00e9stimo diretamente na biblioteca<\/p>\n<p>\u30fbEmpr\u00e9stimos (a partir de 31\/5\/2022, n\u00e3o \u00e9 necess\u00e1rio reservar on-line os t\u00edtulos)<\/p>\n<p>&nbsp;<\/p>\n<h4><strong><span style=\"color: #ff0000\">\u203b MEDIDAS DE PREVEN\u00c7\u00c3O DE PROPAGA\u00c7\u00c3O DO NOVO CORONAV\u00cdRUS \u203b<\/span><\/strong><\/h4>\n<h5><strong>[Esfor\u00e7os da biblioteca]<\/strong><\/h5>\n<p>\u30fbUso de m\u00e1scara por funcion\u00e1rios, incluindo seguran\u00e7as.<\/p>\n<p>\u30fbInstala\u00e7\u00e3o de tapete sanitizante na entrada.<\/p>\n<p>\u30fbDisponibiliza\u00e7\u00e3o de \u00e1lcool em gel em diferentes pontos.<\/p>\n<p>\u30fbAmplia\u00e7\u00e3o da circula\u00e7\u00e3o de ar dentro da biblioteca.<\/p>\n<p>\u30fbAumento na frequ\u00eancia de limpeza da biblioteca.<\/p>\n<p>&nbsp;<\/p>\n<h5><strong>[Solicitamos, encarecidamente, aos visitantes]<\/strong><\/h5>\n<p>\u30fbUse m\u00e1scara dentro da biblioteca.<\/p>\n<p>\u30fbAbstenha-se de conversas em voz alta, independente do uso de m\u00e1scara.<\/p>\n<p>\u30fbHigienize as m\u00e3os com \u00e1lcool em gel antes de entrar na biblioteca.<\/p>\n<p>\u30fbN\u00e3o permane\u00e7a na biblioteca por mais de 2 horas.<\/p>\n<p>\u30fbMantenha o distanciamento social (1,5 m).<\/p>\n<p>\u30fbA entrada \u00e0 biblioteca pode ser restringida dependendo do n\u00famero de visitantes presentes.<\/p>\n<p>&nbsp;<\/p>\n<p><strong>\u203bObserve que a biblioteca poder\u00e1 ser fechada por um breve per\u00edodo, dependendo do status da infec\u00e7\u00e3o pelo novo coronav\u00edrus e eventuais casos positivos entre os funcion\u00e1rios. Nesses casos, pedimos desculpas por qualquer inconveniente causado e pedimos sua compreens\u00e3o e coopera\u00e7\u00e3o.<\/strong><\/p>\n<p>&nbsp;<\/p>\n<p>Agradecemos novamente por sua compreens\u00e3o e coopera\u00e7\u00e3o para garantir que todos os visitantes da biblioteca possam usufrui-la com tranquilidade e seguran\u00e7a.<\/p>\n<p>&nbsp;<\/p>\n","protected":false},"excerpt":{"rendered":"<p>A biblioteca da Funda\u00e7\u00e3o Jap\u00e3o iniciou suas atividades em julho de 1994, com o objetivo de dar suporte \u00e0 pesquisa na \u00e1rea de cultura e l\u00edngua japonesa.O acervo re\u00fane diversos materiais bibliogr\u00e1ficos sobre o Jap\u00e3o (literatura, hist\u00f3ria, artes e cultura em geral), al\u00e9m de livros sobre o ensino da l\u00edngua japonesa, revistas, jornais e audiovisuais. [&hellip;]<\/p>\n","protected":false},"author":1,"featured_media":0,"parent":0,"menu_order":0,"comment_status":"closed","ping_status":"closed","template":"","meta":{"_acf_changed":false,"footnotes":""},"class_list":["post-8831","page","type-page","status-publish","hentry"],"acf":[],"_links":{"self":[{"href":"https:\/\/fjsp.org.br\/fjsp\/biblioteca\/wp-json\/wp\/v2\/pages\/8831","targetHints":{"allow":["GET"]}}],"collection":[{"href":"https:\/\/fjsp.org.br\/fjsp\/biblioteca\/wp-json\/wp\/v2\/pages"}],"about":[{"href":"https:\/\/fjsp.org.br\/fjsp\/biblioteca\/wp-json\/wp\/v2\/types\/page"}],"author":[{"embeddable":true,"href":"https:\/\/fjsp.org.br\/fjsp\/biblioteca\/wp-json\/wp\/v2\/users\/1"}],"replies":[{"embeddable":true,"href":"https:\/\/fjsp.org.br\/fjsp\/biblioteca\/wp-json\/wp\/v2\/comments?post=8831"}],"version-history":[{"count":3,"href":"https:\/\/fjsp.org.br\/fjsp\/biblioteca\/wp-json\/wp\/v2\/pages\/8831\/revisions"}],"predecessor-version":[{"id":9049,"href":"https:\/\/fjsp.org.br\/fjsp\/biblioteca\/wp-json\/wp\/v2\/pages\/8831\/revisions\/9049"}],"wp:attachment":[{"href":"https:\/\/fjsp.org.br\/fjsp\/biblioteca\/wp-json\/wp\/v2\/media?parent=8831"}],"curies":[{"name":"wp","href":"https:\/\/api.w.org\/{rel}","templated":true}]}}