{"id":10905,"date":"2020-06-16T10:24:17","date_gmt":"2020-06-16T13:24:17","guid":{"rendered":"https:\/\/fjsp.org.br\/fjsp\/?page_id=10905"},"modified":"2020-06-29T02:45:06","modified_gmt":"2020-06-29T05:45:06","slug":"todos-juntos-mochinosha","status":"publish","type":"page","link":"https:\/\/fjsp.org.br\/fjsp\/todos-juntos-mochinosha\/","title":{"rendered":"Mochinosha\uff08\u671b\u30ce\u793e\uff09"},"content":{"rendered":"<p><img fetchpriority=\"high\" decoding=\"async\" class=\"img-responsive alignnone wp-image-10904\" src=\"https:\/\/fjsp.org.br\/fjsp\/wp-content\/uploads\/2020\/06\/sns-todos-juntos-7-mochinosha-1.jpg\" alt=\"\" width=\"450\" height=\"450\" srcset=\"https:\/\/fjsp.org.br\/fjsp\/wp-content\/uploads\/2020\/06\/sns-todos-juntos-7-mochinosha-1.jpg 600w, https:\/\/fjsp.org.br\/fjsp\/wp-content\/uploads\/2020\/06\/sns-todos-juntos-7-mochinosha-1-280x280.jpg 280w, https:\/\/fjsp.org.br\/fjsp\/wp-content\/uploads\/2020\/06\/sns-todos-juntos-7-mochinosha-1-340x340.jpg 340w, https:\/\/fjsp.org.br\/fjsp\/wp-content\/uploads\/2020\/06\/sns-todos-juntos-7-mochinosha-1-220x220.jpg 220w, https:\/\/fjsp.org.br\/fjsp\/wp-content\/uploads\/2020\/06\/sns-todos-juntos-7-mochinosha-1-100x100.jpg 100w, https:\/\/fjsp.org.br\/fjsp\/wp-content\/uploads\/2020\/06\/sns-todos-juntos-7-mochinosha-1-130x130.jpg 130w, https:\/\/fjsp.org.br\/fjsp\/wp-content\/uploads\/2020\/06\/sns-todos-juntos-7-mochinosha-1-460x460.jpg 460w, https:\/\/fjsp.org.br\/fjsp\/wp-content\/uploads\/2020\/06\/sns-todos-juntos-7-mochinosha-1-150x150.jpg 150w\" sizes=\"(max-width: 450px) 100vw, 450px\" \/><\/p>\n<p>&nbsp;<\/p>\n<div class='cleaner'><\/div>\n<div class='videoWrapper embed-responsive embed-responsive-16by9 ratio ratio-16x9'><iframe title=\"Projeto TODOS JUNTOS - Mochinosha Puppet Theatre.\" width=\"700\" height=\"394\" src=\"https:\/\/www.youtube.com\/embed\/754NytamHVY?feature=oembed\" frameborder=\"0\" allow=\"accelerometer; autoplay; encrypted-media; gyroscope; picture-in-picture\" allowfullscreen><\/iframe><\/div>\n<h3><strong>\u00a0<\/strong><\/h3>\n<h3><strong>Conhe\u00e7a a Companhia Mochinosha<\/strong><\/h3>\n<p>Mochinosha \u00e9 uma companhia internacional de teatro de bonecos fundada em 2012, formada pelo canadense Daniel Wishes e a japonesa Seri Yanai, ap\u00f3s se conhecerem no London School of Puppetry na Inglaterra.<\/p>\n<p>Focada na produ\u00e7\u00e3o c\u00eanica por meio da t\u00e9cnica de teatro de sombras, a companhia j\u00e1 realizou apresenta\u00e7\u00f5es nos Estados Unidos, Inglaterra, Brasil, e China entre outros, totalizando 36 cidades em 8 pa\u00edses at\u00e9 o momento.<\/p>\n<p>O teatro de sombras da Mochinosha cria imagens e anima\u00e7\u00f5es com t\u00e9cnicas e efeitos in\u00e9ditos e \u00fanicos que n\u00e3o se v\u00ea no teatro de sombras convencional, possibilitando o p\u00fablico a assistir a manipula\u00e7\u00e3o das sombras.<\/p>\n<p>As pe\u00e7as da Mochinosha receberam destaque no canal nacional do Canad\u00e1 CBC, e tamb\u00e9m conquistaram a avalia\u00e7\u00e3o de 5 estrelas\u00a0 em v\u00e1rias m\u00eddias, sendo muito bem avaliadas no exterior.<\/p>\n<p>Em maio de 2019, a Mochinosha participou do VI Festival Internacional de Teatro de Sombras (FIS) e fizeram apresenta\u00e7\u00f5es em Jacare\u00ed e Taubat\u00e9. <a href=\"https:\/\/fjsp.org.br\/fjsp\/agenda\/6festival-internacional-teatro-de-sombra\">Veja sobre como foi o Festival.<\/a><\/p>\n<p>&nbsp;<\/p>\n<p><strong>CANAIS OFICIAIS<br \/>\n<\/strong><a href=\"https:\/\/www.mochinosha.com\" target=\"_blank\" rel=\"noopener noreferrer\">Site<\/a><br \/>\n<a href=\"https:\/\/www.facebook.com\/TheWishesPuppetCompany\" target=\"_blank\" rel=\"noopener noreferrer\">Facebook<\/a><br \/>\n<a href=\"https:\/\/twitter.com\/mochinosha\" target=\"_blank\" rel=\"noopener noreferrer\">Twitter<\/a><br \/>\n<a href=\"https:\/\/www.instagram.com\/mochinoshapuppet\" target=\"_blank\" rel=\"noopener noreferrer\">Instagram<\/a><br \/>\n<a href=\"https:\/\/www.youtube.com\/channel\/UCfAsyirsFUeEAmJ04r2Bajw\" target=\"_blank\" rel=\"noopener noreferrer\">YouTube<\/a><\/p>\n<p>&nbsp;<\/p>\n<p><span style=\"color: #993366;\"><a style=\"color: #993366;\" href=\"https:\/\/fjsp.org.br\/fjsp\/agenda\/todos-juntos\/\"><strong>&lt;&lt; voltar<\/strong><\/a><\/span><\/p>\n","protected":false},"excerpt":{"rendered":"<p>&nbsp; \u00a0 Conhe\u00e7a a Companhia Mochinosha Mochinosha \u00e9 uma companhia internacional de teatro de bonecos fundada em 2012, formada pelo canadense Daniel Wishes e a japonesa Seri Yanai, ap\u00f3s se conhecerem no London School of Puppetry na Inglaterra. Focada na produ\u00e7\u00e3o c\u00eanica por meio da t\u00e9cnica de teatro de sombras, a companhia j\u00e1 realizou apresenta\u00e7\u00f5es [&hellip;]<\/p>\n","protected":false},"author":33,"featured_media":0,"parent":0,"menu_order":0,"comment_status":"closed","ping_status":"closed","template":"","meta":{"_acf_changed":false,"footnotes":""},"class_list":["post-10905","page","type-page","status-publish","hentry"],"acf":[],"_links":{"self":[{"href":"https:\/\/fjsp.org.br\/fjsp\/wp-json\/wp\/v2\/pages\/10905","targetHints":{"allow":["GET"]}}],"collection":[{"href":"https:\/\/fjsp.org.br\/fjsp\/wp-json\/wp\/v2\/pages"}],"about":[{"href":"https:\/\/fjsp.org.br\/fjsp\/wp-json\/wp\/v2\/types\/page"}],"author":[{"embeddable":true,"href":"https:\/\/fjsp.org.br\/fjsp\/wp-json\/wp\/v2\/users\/33"}],"replies":[{"embeddable":true,"href":"https:\/\/fjsp.org.br\/fjsp\/wp-json\/wp\/v2\/comments?post=10905"}],"version-history":[{"count":3,"href":"https:\/\/fjsp.org.br\/fjsp\/wp-json\/wp\/v2\/pages\/10905\/revisions"}],"predecessor-version":[{"id":11360,"href":"https:\/\/fjsp.org.br\/fjsp\/wp-json\/wp\/v2\/pages\/10905\/revisions\/11360"}],"wp:attachment":[{"href":"https:\/\/fjsp.org.br\/fjsp\/wp-json\/wp\/v2\/media?parent=10905"}],"curies":[{"name":"wp","href":"https:\/\/api.w.org\/{rel}","templated":true}]}}