{"id":11111,"date":"2020-06-29T09:44:06","date_gmt":"2020-06-29T12:44:06","guid":{"rendered":"https:\/\/fjsp.org.br\/fjsp\/?page_id=11111"},"modified":"2020-12-29T18:03:24","modified_gmt":"2020-12-29T21:03:24","slug":"novos_facilitadores_2020_bambu_visitas_tecnicas","status":"publish","type":"page","link":"https:\/\/fjsp.org.br\/fjsp\/novos_facilitadores_2020_bambu_visitas_tecnicas\/","title":{"rendered":"Bambu: a revitaliza\u00e7\u00e3o de uma comunidade &#8211; Visitas T\u00e9cnicas"},"content":{"rendered":"<h5 style=\"text-align: center\"><a href=\"https:\/\/fjsp.org.br\/fjsp\/novos_facilitadores_2020_bambu_visitas_tecnicas_jp\/\"><span style=\"color: #0000ff\"><strong>[\u65e5\u672c\u8a9e]<\/strong><\/span><\/a><\/h5>\n<p style=\"text-align: left\"><strong><a href=\"https:\/\/fjsp.org.br\/fjsp\/novos_facilitadores_2020_bambu\/\">P\u00e1gina inicial do projeto &gt;<\/a> Visitas T\u00e9cnicas<\/strong><\/p>\n<p><img fetchpriority=\"high\" decoding=\"async\" class=\"img-responsive alignnone wp-image-11151\" src=\"https:\/\/fjsp.org.br\/fjsp\/wp-content\/uploads\/2020\/06\/200617-digital-visita-tecnica-new.jpg\" alt=\"\" width=\"1080\" height=\"1100\" srcset=\"https:\/\/fjsp.org.br\/fjsp\/wp-content\/uploads\/2020\/06\/200617-digital-visita-tecnica-new.jpg 1080w, https:\/\/fjsp.org.br\/fjsp\/wp-content\/uploads\/2020\/06\/200617-digital-visita-tecnica-new-280x285.jpg 280w, https:\/\/fjsp.org.br\/fjsp\/wp-content\/uploads\/2020\/06\/200617-digital-visita-tecnica-new-768x782.jpg 768w, https:\/\/fjsp.org.br\/fjsp\/wp-content\/uploads\/2020\/06\/200617-digital-visita-tecnica-new-340x346.jpg 340w, https:\/\/fjsp.org.br\/fjsp\/wp-content\/uploads\/2020\/06\/200617-digital-visita-tecnica-new-220x224.jpg 220w, https:\/\/fjsp.org.br\/fjsp\/wp-content\/uploads\/2020\/06\/200617-digital-visita-tecnica-new-100x102.jpg 100w, https:\/\/fjsp.org.br\/fjsp\/wp-content\/uploads\/2020\/06\/200617-digital-visita-tecnica-new-130x132.jpg 130w, https:\/\/fjsp.org.br\/fjsp\/wp-content\/uploads\/2020\/06\/200617-digital-visita-tecnica-new-460x469.jpg 460w\" sizes=\"(max-width: 1080px) 100vw, 1080px\" \/><\/p>\n<p><a href=\"#Botao_Laboratorio_Bambu\"><img decoding=\"async\" class=\"img-responsive alignnone wp-image-11129\" src=\"https:\/\/fjsp.org.br\/fjsp\/wp-content\/uploads\/2020\/06\/botao-laboratorio-bambu.png\" alt=\"\" width=\"250\" height=\"250\" srcset=\"https:\/\/fjsp.org.br\/fjsp\/wp-content\/uploads\/2020\/06\/botao-laboratorio-bambu.png 200w, https:\/\/fjsp.org.br\/fjsp\/wp-content\/uploads\/2020\/06\/botao-laboratorio-bambu-100x100.png 100w, https:\/\/fjsp.org.br\/fjsp\/wp-content\/uploads\/2020\/06\/botao-laboratorio-bambu-130x130.png 130w, https:\/\/fjsp.org.br\/fjsp\/wp-content\/uploads\/2020\/06\/botao-laboratorio-bambu-150x150.png 150w\" sizes=\"(max-width: 250px) 100vw, 250px\" \/><\/a>\u00a0 \u00a0\u00a0<a href=\"#Botao_Area_Agricola\"><img decoding=\"async\" class=\"img-responsive alignnone wp-image-11123\" src=\"https:\/\/fjsp.org.br\/fjsp\/wp-content\/uploads\/2020\/06\/botao-area-agricola.png\" alt=\"\" width=\"250\" height=\"250\" srcset=\"https:\/\/fjsp.org.br\/fjsp\/wp-content\/uploads\/2020\/06\/botao-area-agricola.png 200w, https:\/\/fjsp.org.br\/fjsp\/wp-content\/uploads\/2020\/06\/botao-area-agricola-100x100.png 100w, https:\/\/fjsp.org.br\/fjsp\/wp-content\/uploads\/2020\/06\/botao-area-agricola-130x130.png 130w, https:\/\/fjsp.org.br\/fjsp\/wp-content\/uploads\/2020\/06\/botao-area-agricola-150x150.png 150w\" sizes=\"(max-width: 250px) 100vw, 250px\" \/><\/a>\u00a0 \u00a0<a href=\"#Botao_Assentamento_Horto_Aimores\"><img loading=\"lazy\" decoding=\"async\" class=\"img-responsive alignnone wp-image-11124\" src=\"https:\/\/fjsp.org.br\/fjsp\/wp-content\/uploads\/2020\/06\/botao-assentamento-horto-aimores.png\" alt=\"\" width=\"250\" height=\"250\" srcset=\"https:\/\/fjsp.org.br\/fjsp\/wp-content\/uploads\/2020\/06\/botao-assentamento-horto-aimores.png 200w, https:\/\/fjsp.org.br\/fjsp\/wp-content\/uploads\/2020\/06\/botao-assentamento-horto-aimores-100x100.png 100w, https:\/\/fjsp.org.br\/fjsp\/wp-content\/uploads\/2020\/06\/botao-assentamento-horto-aimores-130x130.png 130w, https:\/\/fjsp.org.br\/fjsp\/wp-content\/uploads\/2020\/06\/botao-assentamento-horto-aimores-150x150.png 150w\" sizes=\"(max-width: 250px) 100vw, 250px\" \/><\/a><\/p>\n<p>&nbsp;<\/p>\n<p><a name=\"Botao_Laboratorio_Bambu\"><\/a><br \/>\n<img loading=\"lazy\" decoding=\"async\" class=\"img-responsive alignnone wp-image-11117\" src=\"https:\/\/fjsp.org.br\/fjsp\/wp-content\/uploads\/2020\/06\/200617-digital-visita-tecnica2.jpg\" alt=\"\" width=\"1080\" height=\"5000\" srcset=\"https:\/\/fjsp.org.br\/fjsp\/wp-content\/uploads\/2020\/06\/200617-digital-visita-tecnica2.jpg 1080w, https:\/\/fjsp.org.br\/fjsp\/wp-content\/uploads\/2020\/06\/200617-digital-visita-tecnica2-216x1000.jpg 216w, https:\/\/fjsp.org.br\/fjsp\/wp-content\/uploads\/2020\/06\/200617-digital-visita-tecnica2-768x3556.jpg 768w, https:\/\/fjsp.org.br\/fjsp\/wp-content\/uploads\/2020\/06\/200617-digital-visita-tecnica2-173x800.jpg 173w, https:\/\/fjsp.org.br\/fjsp\/wp-content\/uploads\/2020\/06\/200617-digital-visita-tecnica2-100x463.jpg 100w, https:\/\/fjsp.org.br\/fjsp\/wp-content\/uploads\/2020\/06\/200617-digital-visita-tecnica2-130x602.jpg 130w\" sizes=\"(max-width: 1080px) 100vw, 1080px\" \/><\/p>\n<p><a name=\"Botao_Area_Agricola\"><\/a><br \/>\n<img loading=\"lazy\" decoding=\"async\" class=\"img-responsive alignnone wp-image-11118\" src=\"https:\/\/fjsp.org.br\/fjsp\/wp-content\/uploads\/2020\/06\/200617-digital-visita-tecnica3.jpg\" alt=\"\" width=\"1080\" height=\"4200\" srcset=\"https:\/\/fjsp.org.br\/fjsp\/wp-content\/uploads\/2020\/06\/200617-digital-visita-tecnica3.jpg 1080w, https:\/\/fjsp.org.br\/fjsp\/wp-content\/uploads\/2020\/06\/200617-digital-visita-tecnica3-257x1000.jpg 257w, https:\/\/fjsp.org.br\/fjsp\/wp-content\/uploads\/2020\/06\/200617-digital-visita-tecnica3-768x2987.jpg 768w, https:\/\/fjsp.org.br\/fjsp\/wp-content\/uploads\/2020\/06\/200617-digital-visita-tecnica3-206x800.jpg 206w, https:\/\/fjsp.org.br\/fjsp\/wp-content\/uploads\/2020\/06\/200617-digital-visita-tecnica3-100x389.jpg 100w, https:\/\/fjsp.org.br\/fjsp\/wp-content\/uploads\/2020\/06\/200617-digital-visita-tecnica3-130x506.jpg 130w\" sizes=\"(max-width: 1080px) 100vw, 1080px\" \/><\/p>\n<p><a name=\"Botao_Assentamento_Horto_Aimores\"><\/a><br \/>\n<img loading=\"lazy\" decoding=\"async\" class=\"img-responsive alignnone wp-image-11119\" src=\"https:\/\/fjsp.org.br\/fjsp\/wp-content\/uploads\/2020\/06\/200617-digital-visita-tecnica4.jpg\" alt=\"\" width=\"1080\" height=\"5800\" srcset=\"https:\/\/fjsp.org.br\/fjsp\/wp-content\/uploads\/2020\/06\/200617-digital-visita-tecnica4.jpg 1080w, https:\/\/fjsp.org.br\/fjsp\/wp-content\/uploads\/2020\/06\/200617-digital-visita-tecnica4-186x1000.jpg 186w, https:\/\/fjsp.org.br\/fjsp\/wp-content\/uploads\/2020\/06\/200617-digital-visita-tecnica4-768x4124.jpg 768w, https:\/\/fjsp.org.br\/fjsp\/wp-content\/uploads\/2020\/06\/200617-digital-visita-tecnica4-149x800.jpg 149w, https:\/\/fjsp.org.br\/fjsp\/wp-content\/uploads\/2020\/06\/200617-digital-visita-tecnica4-100x537.jpg 100w, https:\/\/fjsp.org.br\/fjsp\/wp-content\/uploads\/2020\/06\/200617-digital-visita-tecnica4-130x698.jpg 130w\" sizes=\"(max-width: 1080px) 100vw, 1080px\" \/><\/p>\n<p>&nbsp;<\/p>\n<h3 style=\"text-align: center\"><a href=\"https:\/\/fjsp.org.br\/fjsp\/novos_facilitadores_2020_bambu_palestras\/\">Palestras &gt;&gt;<\/a><\/h3>\n","protected":false},"excerpt":{"rendered":"<p>[\u65e5\u672c\u8a9e] P\u00e1gina inicial do projeto &gt; Visitas T\u00e9cnicas \u00a0 \u00a0\u00a0\u00a0 \u00a0 &nbsp; &nbsp; Palestras &gt;&gt;<\/p>\n","protected":false},"author":34,"featured_media":0,"parent":0,"menu_order":0,"comment_status":"closed","ping_status":"closed","template":"","meta":{"_acf_changed":false,"footnotes":""},"class_list":["post-11111","page","type-page","status-publish","hentry"],"acf":[],"_links":{"self":[{"href":"https:\/\/fjsp.org.br\/fjsp\/wp-json\/wp\/v2\/pages\/11111","targetHints":{"allow":["GET"]}}],"collection":[{"href":"https:\/\/fjsp.org.br\/fjsp\/wp-json\/wp\/v2\/pages"}],"about":[{"href":"https:\/\/fjsp.org.br\/fjsp\/wp-json\/wp\/v2\/types\/page"}],"author":[{"embeddable":true,"href":"https:\/\/fjsp.org.br\/fjsp\/wp-json\/wp\/v2\/users\/34"}],"replies":[{"embeddable":true,"href":"https:\/\/fjsp.org.br\/fjsp\/wp-json\/wp\/v2\/comments?post=11111"}],"version-history":[{"count":3,"href":"https:\/\/fjsp.org.br\/fjsp\/wp-json\/wp\/v2\/pages\/11111\/revisions"}],"predecessor-version":[{"id":14531,"href":"https:\/\/fjsp.org.br\/fjsp\/wp-json\/wp\/v2\/pages\/11111\/revisions\/14531"}],"wp:attachment":[{"href":"https:\/\/fjsp.org.br\/fjsp\/wp-json\/wp\/v2\/media?parent=11111"}],"curies":[{"name":"wp","href":"https:\/\/api.w.org\/{rel}","templated":true}]}}