{"id":11445,"date":"2020-06-30T23:10:30","date_gmt":"2020-07-01T02:10:30","guid":{"rendered":"https:\/\/fjsp.org.br\/fjsp\/?page_id=11445"},"modified":"2020-08-06T11:20:14","modified_gmt":"2020-08-06T14:20:14","slug":"dossie_natsume_soseki","status":"publish","type":"page","link":"https:\/\/fjsp.org.br\/fjsp\/dossie_natsume_soseki\/","title":{"rendered":"Dossi\u00ea Natsume Soseki"},"content":{"rendered":"<p style=\"text-align: right\"><strong><a href=\"https:\/\/fjsp.org.br\/fjsp\/dossie_literario\/\">Dossi\u00ea Liter\u00e1rio<\/a> &gt; Dossi\u00ea Natsume Soseki<\/strong><\/p>\n<p><img fetchpriority=\"high\" decoding=\"async\" class=\"img-responsive alignnone wp-image-11473\" src=\"https:\/\/fjsp.org.br\/fjsp\/wp-content\/uploads\/2020\/06\/imagem1-natsume-soseki-2.jpg\" alt=\"\" width=\"250\" height=\"366\" srcset=\"https:\/\/fjsp.org.br\/fjsp\/wp-content\/uploads\/2020\/06\/imagem1-natsume-soseki-2.jpg 500w, https:\/\/fjsp.org.br\/fjsp\/wp-content\/uploads\/2020\/06\/imagem1-natsume-soseki-2-280x410.jpg 280w, https:\/\/fjsp.org.br\/fjsp\/wp-content\/uploads\/2020\/06\/imagem1-natsume-soseki-2-340x498.jpg 340w, https:\/\/fjsp.org.br\/fjsp\/wp-content\/uploads\/2020\/06\/imagem1-natsume-soseki-2-220x322.jpg 220w, https:\/\/fjsp.org.br\/fjsp\/wp-content\/uploads\/2020\/06\/imagem1-natsume-soseki-2-100x146.jpg 100w, https:\/\/fjsp.org.br\/fjsp\/wp-content\/uploads\/2020\/06\/imagem1-natsume-soseki-2-130x190.jpg 130w, https:\/\/fjsp.org.br\/fjsp\/wp-content\/uploads\/2020\/06\/imagem1-natsume-soseki-2-460x673.jpg 460w\" sizes=\"(max-width: 250px) 100vw, 250px\" \/>\u00a0<img decoding=\"async\" class=\"img-responsive wp-image-11455 alignnone\" src=\"https:\/\/fjsp.org.br\/fjsp\/wp-content\/uploads\/2020\/06\/teste2.jpg\" alt=\"\" width=\"800\" height=\"323\" srcset=\"https:\/\/fjsp.org.br\/fjsp\/wp-content\/uploads\/2020\/06\/teste2.jpg 1279w, https:\/\/fjsp.org.br\/fjsp\/wp-content\/uploads\/2020\/06\/teste2-280x113.jpg 280w, https:\/\/fjsp.org.br\/fjsp\/wp-content\/uploads\/2020\/06\/teste2-768x310.jpg 768w, https:\/\/fjsp.org.br\/fjsp\/wp-content\/uploads\/2020\/06\/teste2-340x137.jpg 340w, https:\/\/fjsp.org.br\/fjsp\/wp-content\/uploads\/2020\/06\/teste2-220x89.jpg 220w, https:\/\/fjsp.org.br\/fjsp\/wp-content\/uploads\/2020\/06\/teste2-100x40.jpg 100w, https:\/\/fjsp.org.br\/fjsp\/wp-content\/uploads\/2020\/06\/teste2-130x52.jpg 130w, https:\/\/fjsp.org.br\/fjsp\/wp-content\/uploads\/2020\/06\/teste2-460x186.jpg 460w\" sizes=\"(max-width: 800px) 100vw, 800px\" \/><\/p>\n<p>&nbsp;<\/p>\n<p>\u00c9 com esse trecho inicial da obra <strong>Eu sou um gato<\/strong> (Esta\u00e7\u00e3o Liberdade), que convido todos para iniciarmos nossa aventura pelo mundo do escritor japon\u00eas Natsume Soseki, agu\u00e7ando nossa curiosidade felina para explorar a vida, as obras e o contexto hist\u00f3rico que o escritor t\u00e3o bem retratou.<\/p>\n<p>&nbsp;<\/p>\n<hr \/>\n<p>&nbsp;<\/p>\n<p><a href=\"https:\/\/fjsp.org.br\/fjsp\/dossie_natsume_soseki_1_natsume_soseki\/\"><img decoding=\"async\" class=\"img-responsive alignnone wp-image-11497\" src=\"https:\/\/fjsp.org.br\/fjsp\/wp-content\/uploads\/2020\/07\/botao-natsume-v3-prancheta-1.png\" alt=\"\" width=\"300\" height=\"286\" srcset=\"https:\/\/fjsp.org.br\/fjsp\/wp-content\/uploads\/2020\/07\/botao-natsume-v3-prancheta-1.png 625w, https:\/\/fjsp.org.br\/fjsp\/wp-content\/uploads\/2020\/07\/botao-natsume-v3-prancheta-1-280x267.png 280w, https:\/\/fjsp.org.br\/fjsp\/wp-content\/uploads\/2020\/07\/botao-natsume-v3-prancheta-1-340x324.png 340w, https:\/\/fjsp.org.br\/fjsp\/wp-content\/uploads\/2020\/07\/botao-natsume-v3-prancheta-1-220x210.png 220w, https:\/\/fjsp.org.br\/fjsp\/wp-content\/uploads\/2020\/07\/botao-natsume-v3-prancheta-1-100x95.png 100w, https:\/\/fjsp.org.br\/fjsp\/wp-content\/uploads\/2020\/07\/botao-natsume-v3-prancheta-1-130x124.png 130w, https:\/\/fjsp.org.br\/fjsp\/wp-content\/uploads\/2020\/07\/botao-natsume-v3-prancheta-1-460x439.png 460w\" sizes=\"(max-width: 300px) 100vw, 300px\" \/><\/a><a href=\"https:\/\/fjsp.org.br\/fjsp\/dossie_natsume_soseki_2_periodo_meiji\/\"><img loading=\"lazy\" decoding=\"async\" class=\"img-responsive alignnone wp-image-11498\" src=\"https:\/\/fjsp.org.br\/fjsp\/wp-content\/uploads\/2020\/07\/botao-natsume-v3-02.png\" alt=\"\" width=\"300\" height=\"286\" srcset=\"https:\/\/fjsp.org.br\/fjsp\/wp-content\/uploads\/2020\/07\/botao-natsume-v3-02.png 626w, https:\/\/fjsp.org.br\/fjsp\/wp-content\/uploads\/2020\/07\/botao-natsume-v3-02-280x267.png 280w, https:\/\/fjsp.org.br\/fjsp\/wp-content\/uploads\/2020\/07\/botao-natsume-v3-02-340x324.png 340w, https:\/\/fjsp.org.br\/fjsp\/wp-content\/uploads\/2020\/07\/botao-natsume-v3-02-220x209.png 220w, https:\/\/fjsp.org.br\/fjsp\/wp-content\/uploads\/2020\/07\/botao-natsume-v3-02-100x95.png 100w, https:\/\/fjsp.org.br\/fjsp\/wp-content\/uploads\/2020\/07\/botao-natsume-v3-02-130x124.png 130w, https:\/\/fjsp.org.br\/fjsp\/wp-content\/uploads\/2020\/07\/botao-natsume-v3-02-460x438.png 460w\" sizes=\"(max-width: 300px) 100vw, 300px\" \/><\/a>\u00a0<a href=\"https:\/\/fjsp.org.br\/fjsp\/dossie_natsume_soseki_3_traducao_portugues\/\"><img loading=\"lazy\" decoding=\"async\" class=\"img-responsive alignnone wp-image-11674\" src=\"https:\/\/fjsp.org.br\/fjsp\/wp-content\/uploads\/2020\/07\/botao-natsume-v4-03.png\" alt=\"\" width=\"300\" height=\"286\" srcset=\"https:\/\/fjsp.org.br\/fjsp\/wp-content\/uploads\/2020\/07\/botao-natsume-v4-03.png 626w, https:\/\/fjsp.org.br\/fjsp\/wp-content\/uploads\/2020\/07\/botao-natsume-v4-03-280x267.png 280w, https:\/\/fjsp.org.br\/fjsp\/wp-content\/uploads\/2020\/07\/botao-natsume-v4-03-340x324.png 340w, https:\/\/fjsp.org.br\/fjsp\/wp-content\/uploads\/2020\/07\/botao-natsume-v4-03-220x209.png 220w, https:\/\/fjsp.org.br\/fjsp\/wp-content\/uploads\/2020\/07\/botao-natsume-v4-03-100x95.png 100w, https:\/\/fjsp.org.br\/fjsp\/wp-content\/uploads\/2020\/07\/botao-natsume-v4-03-130x124.png 130w, https:\/\/fjsp.org.br\/fjsp\/wp-content\/uploads\/2020\/07\/botao-natsume-v4-03-460x438.png 460w\" sizes=\"(max-width: 300px) 100vw, 300px\" \/><\/a><a href=\"https:\/\/fjsp.org.br\/fjsp\/dossie_natsume_soseki_4_palavras_tradutor\/\"><img loading=\"lazy\" decoding=\"async\" class=\"img-responsive alignnone wp-image-11673\" src=\"https:\/\/fjsp.org.br\/fjsp\/wp-content\/uploads\/2020\/07\/botao-natsume-v4-04.png\" alt=\"\" width=\"300\" height=\"286\" srcset=\"https:\/\/fjsp.org.br\/fjsp\/wp-content\/uploads\/2020\/07\/botao-natsume-v4-04.png 625w, https:\/\/fjsp.org.br\/fjsp\/wp-content\/uploads\/2020\/07\/botao-natsume-v4-04-280x267.png 280w, https:\/\/fjsp.org.br\/fjsp\/wp-content\/uploads\/2020\/07\/botao-natsume-v4-04-340x324.png 340w, https:\/\/fjsp.org.br\/fjsp\/wp-content\/uploads\/2020\/07\/botao-natsume-v4-04-220x210.png 220w, https:\/\/fjsp.org.br\/fjsp\/wp-content\/uploads\/2020\/07\/botao-natsume-v4-04-100x95.png 100w, https:\/\/fjsp.org.br\/fjsp\/wp-content\/uploads\/2020\/07\/botao-natsume-v4-04-130x124.png 130w, https:\/\/fjsp.org.br\/fjsp\/wp-content\/uploads\/2020\/07\/botao-natsume-v4-04-460x439.png 460w\" sizes=\"(max-width: 300px) 100vw, 300px\" \/><\/a><a href=\"https:\/\/fjsp.org.br\/fjsp\/dossie_natsume_soseki_5_palavras_finais\/\"><img loading=\"lazy\" decoding=\"async\" class=\"img-responsive alignnone wp-image-11495\" src=\"https:\/\/fjsp.org.br\/fjsp\/wp-content\/uploads\/2020\/07\/botao-natsume-v3-04.png\" alt=\"\" width=\"300\" height=\"286\" srcset=\"https:\/\/fjsp.org.br\/fjsp\/wp-content\/uploads\/2020\/07\/botao-natsume-v3-04.png 625w, https:\/\/fjsp.org.br\/fjsp\/wp-content\/uploads\/2020\/07\/botao-natsume-v3-04-280x267.png 280w, https:\/\/fjsp.org.br\/fjsp\/wp-content\/uploads\/2020\/07\/botao-natsume-v3-04-340x324.png 340w, https:\/\/fjsp.org.br\/fjsp\/wp-content\/uploads\/2020\/07\/botao-natsume-v3-04-220x210.png 220w, https:\/\/fjsp.org.br\/fjsp\/wp-content\/uploads\/2020\/07\/botao-natsume-v3-04-100x95.png 100w, https:\/\/fjsp.org.br\/fjsp\/wp-content\/uploads\/2020\/07\/botao-natsume-v3-04-130x124.png 130w, https:\/\/fjsp.org.br\/fjsp\/wp-content\/uploads\/2020\/07\/botao-natsume-v3-04-460x439.png 460w\" sizes=\"(max-width: 300px) 100vw, 300px\" \/><\/a> <a href=\"https:\/\/fjsp.org.br\/fjsp\/dossie_natsume_soseki_6_agradecimentos_referencias\/\"><img loading=\"lazy\" decoding=\"async\" class=\"img-responsive alignnone wp-image-11496\" src=\"https:\/\/fjsp.org.br\/fjsp\/wp-content\/uploads\/2020\/07\/botao-natsume-v3-05.png\" alt=\"\" width=\"300\" height=\"286\" srcset=\"https:\/\/fjsp.org.br\/fjsp\/wp-content\/uploads\/2020\/07\/botao-natsume-v3-05.png 626w, https:\/\/fjsp.org.br\/fjsp\/wp-content\/uploads\/2020\/07\/botao-natsume-v3-05-280x267.png 280w, https:\/\/fjsp.org.br\/fjsp\/wp-content\/uploads\/2020\/07\/botao-natsume-v3-05-340x324.png 340w, https:\/\/fjsp.org.br\/fjsp\/wp-content\/uploads\/2020\/07\/botao-natsume-v3-05-220x209.png 220w, https:\/\/fjsp.org.br\/fjsp\/wp-content\/uploads\/2020\/07\/botao-natsume-v3-05-100x95.png 100w, https:\/\/fjsp.org.br\/fjsp\/wp-content\/uploads\/2020\/07\/botao-natsume-v3-05-130x124.png 130w, https:\/\/fjsp.org.br\/fjsp\/wp-content\/uploads\/2020\/07\/botao-natsume-v3-05-460x438.png 460w\" sizes=\"(max-width: 300px) 100vw, 300px\" \/><\/a><\/p>\n<h5><span style=\"color: #ff0000\">Nota: todos os nomes japoneses foram usados na ordem <em>sobrenome nome<\/em> e sem acentua\u00e7\u00e3o.<\/span><\/h5>\n<p><img loading=\"lazy\" decoding=\"async\" class=\"img-responsive alignnone wp-image-11642 size-full\" src=\"https:\/\/fjsp.org.br\/fjsp\/wp-content\/uploads\/2020\/07\/pattern-v1-03-1.png\" alt=\"\" width=\"4032\" height=\"223\" srcset=\"https:\/\/fjsp.org.br\/fjsp\/wp-content\/uploads\/2020\/07\/pattern-v1-03-1.png 4032w, https:\/\/fjsp.org.br\/fjsp\/wp-content\/uploads\/2020\/07\/pattern-v1-03-1-280x15.png 280w, https:\/\/fjsp.org.br\/fjsp\/wp-content\/uploads\/2020\/07\/pattern-v1-03-1-768x42.png 768w, https:\/\/fjsp.org.br\/fjsp\/wp-content\/uploads\/2020\/07\/pattern-v1-03-1-340x19.png 340w, https:\/\/fjsp.org.br\/fjsp\/wp-content\/uploads\/2020\/07\/pattern-v1-03-1-220x12.png 220w, https:\/\/fjsp.org.br\/fjsp\/wp-content\/uploads\/2020\/07\/pattern-v1-03-1-100x6.png 100w, https:\/\/fjsp.org.br\/fjsp\/wp-content\/uploads\/2020\/07\/pattern-v1-03-1-130x7.png 130w, https:\/\/fjsp.org.br\/fjsp\/wp-content\/uploads\/2020\/07\/pattern-v1-03-1-460x25.png 460w\" sizes=\"(max-width: 4032px) 100vw, 4032px\" \/><\/p>\n","protected":false},"excerpt":{"rendered":"<p>Dossi\u00ea Liter\u00e1rio &gt; Dossi\u00ea Natsume Soseki \u00a0 &nbsp; \u00c9 com esse trecho inicial da obra Eu sou um gato (Esta\u00e7\u00e3o Liberdade), que convido todos para iniciarmos nossa aventura pelo mundo do escritor japon\u00eas Natsume Soseki, agu\u00e7ando nossa curiosidade felina para explorar a vida, as obras e o contexto hist\u00f3rico que o escritor t\u00e3o bem retratou. [&hellip;]<\/p>\n","protected":false},"author":34,"featured_media":0,"parent":0,"menu_order":0,"comment_status":"closed","ping_status":"closed","template":"","meta":{"_acf_changed":false,"footnotes":""},"class_list":["post-11445","page","type-page","status-publish","hentry"],"acf":[],"_links":{"self":[{"href":"https:\/\/fjsp.org.br\/fjsp\/wp-json\/wp\/v2\/pages\/11445","targetHints":{"allow":["GET"]}}],"collection":[{"href":"https:\/\/fjsp.org.br\/fjsp\/wp-json\/wp\/v2\/pages"}],"about":[{"href":"https:\/\/fjsp.org.br\/fjsp\/wp-json\/wp\/v2\/types\/page"}],"author":[{"embeddable":true,"href":"https:\/\/fjsp.org.br\/fjsp\/wp-json\/wp\/v2\/users\/34"}],"replies":[{"embeddable":true,"href":"https:\/\/fjsp.org.br\/fjsp\/wp-json\/wp\/v2\/comments?post=11445"}],"version-history":[{"count":3,"href":"https:\/\/fjsp.org.br\/fjsp\/wp-json\/wp\/v2\/pages\/11445\/revisions"}],"predecessor-version":[{"id":12319,"href":"https:\/\/fjsp.org.br\/fjsp\/wp-json\/wp\/v2\/pages\/11445\/revisions\/12319"}],"wp:attachment":[{"href":"https:\/\/fjsp.org.br\/fjsp\/wp-json\/wp\/v2\/media?parent=11445"}],"curies":[{"name":"wp","href":"https:\/\/api.w.org\/{rel}","templated":true}]}}