{"id":11576,"date":"2020-07-02T11:23:17","date_gmt":"2020-07-02T14:23:17","guid":{"rendered":"https:\/\/fjsp.org.br\/fjsp\/?page_id=11576"},"modified":"2020-07-07T17:26:31","modified_gmt":"2020-07-07T20:26:31","slug":"dossie_natsume_soseki_5_palavras_finais","status":"publish","type":"page","link":"https:\/\/fjsp.org.br\/fjsp\/dossie_natsume_soseki_5_palavras_finais\/","title":{"rendered":"5. Palavras Finais"},"content":{"rendered":"<p style=\"text-align: right\"><strong><a href=\"https:\/\/fjsp.org.br\/fjsp\/dossie_literario\/\">Dossi\u00ea Liter\u00e1rio<\/a> &gt; <a href=\"https:\/\/fjsp.org.br\/fjsp\/dossie_natsume_soseki\/\">Dossi\u00ea Natsume Soseki<\/a> &gt; 5. Palavras Finais<\/strong><\/p>\n<p><img fetchpriority=\"high\" decoding=\"async\" class=\"img-responsive alignnone size-full wp-image-11642\" src=\"https:\/\/fjsp.org.br\/fjsp\/wp-content\/uploads\/2020\/07\/pattern-v1-03-1.png\" alt=\"\" width=\"4032\" height=\"223\" srcset=\"https:\/\/fjsp.org.br\/fjsp\/wp-content\/uploads\/2020\/07\/pattern-v1-03-1.png 4032w, https:\/\/fjsp.org.br\/fjsp\/wp-content\/uploads\/2020\/07\/pattern-v1-03-1-280x15.png 280w, https:\/\/fjsp.org.br\/fjsp\/wp-content\/uploads\/2020\/07\/pattern-v1-03-1-768x42.png 768w, https:\/\/fjsp.org.br\/fjsp\/wp-content\/uploads\/2020\/07\/pattern-v1-03-1-340x19.png 340w, https:\/\/fjsp.org.br\/fjsp\/wp-content\/uploads\/2020\/07\/pattern-v1-03-1-220x12.png 220w, https:\/\/fjsp.org.br\/fjsp\/wp-content\/uploads\/2020\/07\/pattern-v1-03-1-100x6.png 100w, https:\/\/fjsp.org.br\/fjsp\/wp-content\/uploads\/2020\/07\/pattern-v1-03-1-130x7.png 130w, https:\/\/fjsp.org.br\/fjsp\/wp-content\/uploads\/2020\/07\/pattern-v1-03-1-460x25.png 460w\" sizes=\"(max-width: 4032px) 100vw, 4032px\" \/><\/p>\n<p>Agora que j\u00e1 nos enveredamos um pouco pelo universo de Natsume Soseki, aprofunde mais seus conhecimentos.<\/p>\n<p>&nbsp;<\/p>\n<h4><span style=\"color: #ff0000\"><strong>OU\u00c7A! PODCAST EM DESTAQUE<\/strong><\/span><\/h4>\n<p>&nbsp;<\/p>\n<p style=\"text-align: center\"><a href=\"https:\/\/www.bbc.co.uk\/sounds\/play\/w3cszjv5\" target=\"_blank\" rel=\"noopener noreferrer\"><img decoding=\"async\" class=\"img-responsive wp-image-11577 size-full aligncenter\" src=\"https:\/\/fjsp.org.br\/fjsp\/wp-content\/uploads\/2020\/07\/podcast-bbc-uk.jpg\" alt=\"\" width=\"1028\" height=\"471\" srcset=\"https:\/\/fjsp.org.br\/fjsp\/wp-content\/uploads\/2020\/07\/podcast-bbc-uk.jpg 1028w, https:\/\/fjsp.org.br\/fjsp\/wp-content\/uploads\/2020\/07\/podcast-bbc-uk-280x128.jpg 280w, https:\/\/fjsp.org.br\/fjsp\/wp-content\/uploads\/2020\/07\/podcast-bbc-uk-768x352.jpg 768w, https:\/\/fjsp.org.br\/fjsp\/wp-content\/uploads\/2020\/07\/podcast-bbc-uk-340x156.jpg 340w, https:\/\/fjsp.org.br\/fjsp\/wp-content\/uploads\/2020\/07\/podcast-bbc-uk-220x101.jpg 220w, https:\/\/fjsp.org.br\/fjsp\/wp-content\/uploads\/2020\/07\/podcast-bbc-uk-100x46.jpg 100w, https:\/\/fjsp.org.br\/fjsp\/wp-content\/uploads\/2020\/07\/podcast-bbc-uk-130x60.jpg 130w, https:\/\/fjsp.org.br\/fjsp\/wp-content\/uploads\/2020\/07\/podcast-bbc-uk-460x211.jpg 460w\" sizes=\"(max-width: 1028px) 100vw, 1028px\" \/><\/a>[ <a href=\"https:\/\/www.bbc.co.uk\/sounds\/play\/w3cszjv5\" target=\"_blank\" rel=\"noopener noreferrer\">podcast\u00a0 <strong><em>Natsume Soseki: Japan\u2019s great novelist<\/em><\/strong><\/a> ]<\/p>\n<p>&nbsp;<\/p>\n<p>O podcast\u00a0 <strong><em>Natsume Soseki: Japan\u2019s great novelist<\/em><\/strong> da BBC UK, de 09 de abril de 2020, discute a vida e a obra do escritor. Dispon\u00edvel apenas em <strong><em>ingl\u00eas<\/em><\/strong>. 44 minutos.<\/p>\n<p>Com media\u00e7\u00e3o de Bridget Kendall e participa\u00e7\u00e3o de Damian Flanagan, autor e cr\u00edtico; Michael Bourdaghs, Professor de Idiomas do Leste Asi\u00e1tico da Universidade de Chicago; e Reiko Abe Auestad, Professora de Estudos Culturais e Idiomas Orientais da Universidade de Oslo.<\/p>\n<p><em>Natsume Soseki \u00e9 um dos maiores escritores da hist\u00f3ria do Jap\u00e3o. O pano de fundo de seu trabalho \u00e9 a desorienta\u00e7\u00e3o e a ansiedade social do in\u00edcio do s\u00e9culo XX, quando o Jap\u00e3o passou por uma r\u00e1pida moderniza\u00e7\u00e3o depois de s\u00e9culos fechado ao mundo. Soseki teve uma enorme influ\u00eancia sobre gera\u00e7\u00f5es de autores japoneses e obcecou alguns artistas internacionais. Seu trabalho \u00e9 ensinado a gera\u00e7\u00f5es de crian\u00e7as em idade escolar no Jap\u00e3o e \u00e9 muito admirado por estudiosos, mas permanece obscuro para grande parte do resto do mundo. Por qu\u00ea?<\/em>\u00a0 <strong>The Forum, BBC UK<\/strong><\/p>\n<hr \/>\n<p>&nbsp;<\/p>\n<p style=\"text-align: center\"><strong><a href=\"https:\/\/fjsp.org.br\/fjsp\/dossie_natsume_soseki_4_palavras_tradutor\/\">&lt;&lt; 4. Palavras do Tradutor<\/a>\u00a0 \u00a0 \/\/\u00a0 \u00a0<a href=\"https:\/\/fjsp.org.br\/fjsp\/dossie_natsume_soseki_6_agradecimentos_referencias\/\"> 6. Agradecimentos e Refer\u00eancias &gt;&gt;<\/a><\/strong><\/p>\n","protected":false},"excerpt":{"rendered":"<p>Dossi\u00ea Liter\u00e1rio &gt; Dossi\u00ea Natsume Soseki &gt; 5. Palavras Finais Agora que j\u00e1 nos enveredamos um pouco pelo universo de Natsume Soseki, aprofunde mais seus conhecimentos. &nbsp; OU\u00c7A! PODCAST EM DESTAQUE &nbsp; [ podcast\u00a0 Natsume Soseki: Japan\u2019s great novelist ] &nbsp; O podcast\u00a0 Natsume Soseki: Japan\u2019s great novelist da BBC UK, de 09 de abril [&hellip;]<\/p>\n","protected":false},"author":34,"featured_media":0,"parent":0,"menu_order":0,"comment_status":"closed","ping_status":"closed","template":"","meta":{"_acf_changed":false,"footnotes":""},"class_list":["post-11576","page","type-page","status-publish","hentry"],"acf":[],"_links":{"self":[{"href":"https:\/\/fjsp.org.br\/fjsp\/wp-json\/wp\/v2\/pages\/11576","targetHints":{"allow":["GET"]}}],"collection":[{"href":"https:\/\/fjsp.org.br\/fjsp\/wp-json\/wp\/v2\/pages"}],"about":[{"href":"https:\/\/fjsp.org.br\/fjsp\/wp-json\/wp\/v2\/types\/page"}],"author":[{"embeddable":true,"href":"https:\/\/fjsp.org.br\/fjsp\/wp-json\/wp\/v2\/users\/34"}],"replies":[{"embeddable":true,"href":"https:\/\/fjsp.org.br\/fjsp\/wp-json\/wp\/v2\/comments?post=11576"}],"version-history":[{"count":2,"href":"https:\/\/fjsp.org.br\/fjsp\/wp-json\/wp\/v2\/pages\/11576\/revisions"}],"predecessor-version":[{"id":11871,"href":"https:\/\/fjsp.org.br\/fjsp\/wp-json\/wp\/v2\/pages\/11576\/revisions\/11871"}],"wp:attachment":[{"href":"https:\/\/fjsp.org.br\/fjsp\/wp-json\/wp\/v2\/media?parent=11576"}],"curies":[{"name":"wp","href":"https:\/\/api.w.org\/{rel}","templated":true}]}}