{"id":11874,"date":"2020-07-07T16:47:35","date_gmt":"2020-07-07T19:47:35","guid":{"rendered":"https:\/\/fjsp.org.br\/fjsp\/?page_id=11874"},"modified":"2020-07-07T16:49:43","modified_gmt":"2020-07-07T19:49:43","slug":"todos-juntos-akiko-sakurai","status":"publish","type":"page","link":"https:\/\/fjsp.org.br\/fjsp\/todos-juntos-akiko-sakurai\/","title":{"rendered":"Akiko Sakurai\uff08\u6afb\u4e95\u4e9c\u6728\u5b50\uff09"},"content":{"rendered":"<p><img fetchpriority=\"high\" decoding=\"async\" class=\"img-responsive alignnone wp-image-11876\" src=\"https:\/\/fjsp.org.br\/fjsp\/wp-content\/uploads\/2020\/07\/sns-todos-juntos-10-sakurai-akiko1.jpg\" alt=\"\" width=\"450\" height=\"450\" srcset=\"https:\/\/fjsp.org.br\/fjsp\/wp-content\/uploads\/2020\/07\/sns-todos-juntos-10-sakurai-akiko1.jpg 600w, https:\/\/fjsp.org.br\/fjsp\/wp-content\/uploads\/2020\/07\/sns-todos-juntos-10-sakurai-akiko1-280x280.jpg 280w, https:\/\/fjsp.org.br\/fjsp\/wp-content\/uploads\/2020\/07\/sns-todos-juntos-10-sakurai-akiko1-340x340.jpg 340w, https:\/\/fjsp.org.br\/fjsp\/wp-content\/uploads\/2020\/07\/sns-todos-juntos-10-sakurai-akiko1-220x220.jpg 220w, https:\/\/fjsp.org.br\/fjsp\/wp-content\/uploads\/2020\/07\/sns-todos-juntos-10-sakurai-akiko1-100x100.jpg 100w, https:\/\/fjsp.org.br\/fjsp\/wp-content\/uploads\/2020\/07\/sns-todos-juntos-10-sakurai-akiko1-130x130.jpg 130w, https:\/\/fjsp.org.br\/fjsp\/wp-content\/uploads\/2020\/07\/sns-todos-juntos-10-sakurai-akiko1-460x460.jpg 460w, https:\/\/fjsp.org.br\/fjsp\/wp-content\/uploads\/2020\/07\/sns-todos-juntos-10-sakurai-akiko1-150x150.jpg 150w\" sizes=\"(max-width: 450px) 100vw, 450px\" \/><\/p>\n<p>&nbsp;<\/p>\n<div class='cleaner'><\/div>\n<div class='videoWrapper embed-responsive embed-responsive-16by9 ratio ratio-16x9'><iframe title=\"Projeto TODOS JUNTOS - Akiko Sakurai, musicista de biwa.\" width=\"700\" height=\"394\" src=\"https:\/\/www.youtube.com\/embed\/93svmVheGK8?feature=oembed\" frameborder=\"0\" allow=\"accelerometer; autoplay; encrypted-media; gyroscope; picture-in-picture\" allowfullscreen><\/iframe><\/div>\n<p>&nbsp;<\/p>\n<h3><strong>Quem \u00e9 Akiko Sakurai?<\/strong><\/h3>\n<p>Musicista int\u00e9rprete de Biwa, Akiko Sakurai graduou-se na Faculdade de M\u00fasica de T\u00f3quio. Ao longo de sua carreira, obteve importantes conquistas, como o Pr\u00eamio M\u00e1ximo no Concurso de M\u00fasica de Biwa do Jap\u00e3o.<\/p>\n<p>Ao encerrar as apresenta\u00e7\u00f5es sobre os Contos de Heike, em templos e santu\u00e1rios, partiu para uma turn\u00ea com o m\u00fasico e compositor Kei Ogura, passando por 40 lugares no Jap\u00e3o.<\/p>\n<p>Realizou grava\u00e7\u00f5es para o programa musical Kohaku Utagassen da NHK, participou na inaugura\u00e7\u00e3o do Kabuki-za, al\u00e9m de se apresentar in\u00fameras vezes em repert\u00f3rios para artes c\u00eanicas, programas de r\u00e1dio da NHK e televis\u00e3o.<\/p>\n<p>Atendendo ao programa de apresenta\u00e7\u00f5es itinerantes da Ag\u00eancia de Cultura do Jap\u00e3o, passou por mais 130 escolas do pa\u00eds.<\/p>\n<p>E no exterior, apresentou-se na Indon\u00e9sia, China, El Salvador, Estados Unidos, Inglaterra, It\u00e1lia, Su\u00ed\u00e7a, Fran\u00e7a, Alb\u00e2nia, al\u00e9m de outros 20 pa\u00edses. E no Brasil, apresentou-se em 2018, tocando November Steps, de Toru Takemitsu, com a Orquestra Experimental de Repert\u00f3rio. O concerto, apresentado pela primeira vez na Am\u00e9rica Latina, aconteceu no Theatro Municipal de S\u00e3o Paulo.<\/p>\n<p><strong>CANAIS OFICIAIS<\/strong><br \/>\n<a href=\"https:\/\/www.facebook.com\/akiko.sakurai.1690\" target=\"_blank\" rel=\"noopener noreferrer\">Facebook<\/a><br \/>\n<a href=\"https:\/\/www.youtube.com\/channel\/UCDK3hyzXBqHN5GyVQOAnpbg\" target=\"_blank\" rel=\"noopener noreferrer\">YouTube<\/a><\/p>\n<p>&nbsp;<\/p>\n<p><a href=\"https:\/\/fjsp.org.br\/fjsp\/agenda\/todos-juntos\/\"><strong>&lt;&lt; voltar<\/strong><\/a><\/p>\n","protected":false},"excerpt":{"rendered":"<p>&nbsp; &nbsp; Quem \u00e9 Akiko Sakurai? Musicista int\u00e9rprete de Biwa, Akiko Sakurai graduou-se na Faculdade de M\u00fasica de T\u00f3quio. Ao longo de sua carreira, obteve importantes conquistas, como o Pr\u00eamio M\u00e1ximo no Concurso de M\u00fasica de Biwa do Jap\u00e3o. Ao encerrar as apresenta\u00e7\u00f5es sobre os Contos de Heike, em templos e santu\u00e1rios, partiu para uma [&hellip;]<\/p>\n","protected":false},"author":33,"featured_media":0,"parent":0,"menu_order":0,"comment_status":"closed","ping_status":"closed","template":"","meta":{"_acf_changed":false,"footnotes":""},"class_list":["post-11874","page","type-page","status-publish","hentry"],"acf":[],"_links":{"self":[{"href":"https:\/\/fjsp.org.br\/fjsp\/wp-json\/wp\/v2\/pages\/11874","targetHints":{"allow":["GET"]}}],"collection":[{"href":"https:\/\/fjsp.org.br\/fjsp\/wp-json\/wp\/v2\/pages"}],"about":[{"href":"https:\/\/fjsp.org.br\/fjsp\/wp-json\/wp\/v2\/types\/page"}],"author":[{"embeddable":true,"href":"https:\/\/fjsp.org.br\/fjsp\/wp-json\/wp\/v2\/users\/33"}],"replies":[{"embeddable":true,"href":"https:\/\/fjsp.org.br\/fjsp\/wp-json\/wp\/v2\/comments?post=11874"}],"version-history":[{"count":2,"href":"https:\/\/fjsp.org.br\/fjsp\/wp-json\/wp\/v2\/pages\/11874\/revisions"}],"predecessor-version":[{"id":11892,"href":"https:\/\/fjsp.org.br\/fjsp\/wp-json\/wp\/v2\/pages\/11874\/revisions\/11892"}],"wp:attachment":[{"href":"https:\/\/fjsp.org.br\/fjsp\/wp-json\/wp\/v2\/media?parent=11874"}],"curies":[{"name":"wp","href":"https:\/\/api.w.org\/{rel}","templated":true}]}}