{"id":12021,"date":"2020-07-30T10:06:57","date_gmt":"2020-07-30T13:06:57","guid":{"rendered":"https:\/\/fjsp.org.br\/fjsp\/?page_id=12021"},"modified":"2020-07-30T12:07:20","modified_gmt":"2020-07-30T15:07:20","slug":"todos-juntos-poliana-okimoto","status":"publish","type":"page","link":"https:\/\/fjsp.org.br\/fjsp\/todos-juntos-poliana-okimoto\/","title":{"rendered":"Poliana Okimoto"},"content":{"rendered":"<p><img fetchpriority=\"high\" decoding=\"async\" class=\"img-responsive alignnone wp-image-12023\" src=\"https:\/\/fjsp.org.br\/fjsp\/wp-content\/uploads\/2020\/07\/sns-todos-juntos-19-poliana-okimoto.jpg\" alt=\"\" width=\"450\" height=\"450\" srcset=\"https:\/\/fjsp.org.br\/fjsp\/wp-content\/uploads\/2020\/07\/sns-todos-juntos-19-poliana-okimoto.jpg 600w, https:\/\/fjsp.org.br\/fjsp\/wp-content\/uploads\/2020\/07\/sns-todos-juntos-19-poliana-okimoto-280x280.jpg 280w, https:\/\/fjsp.org.br\/fjsp\/wp-content\/uploads\/2020\/07\/sns-todos-juntos-19-poliana-okimoto-340x340.jpg 340w, https:\/\/fjsp.org.br\/fjsp\/wp-content\/uploads\/2020\/07\/sns-todos-juntos-19-poliana-okimoto-220x220.jpg 220w, https:\/\/fjsp.org.br\/fjsp\/wp-content\/uploads\/2020\/07\/sns-todos-juntos-19-poliana-okimoto-100x100.jpg 100w, https:\/\/fjsp.org.br\/fjsp\/wp-content\/uploads\/2020\/07\/sns-todos-juntos-19-poliana-okimoto-130x130.jpg 130w, https:\/\/fjsp.org.br\/fjsp\/wp-content\/uploads\/2020\/07\/sns-todos-juntos-19-poliana-okimoto-460x460.jpg 460w, https:\/\/fjsp.org.br\/fjsp\/wp-content\/uploads\/2020\/07\/sns-todos-juntos-19-poliana-okimoto-150x150.jpg 150w\" sizes=\"(max-width: 450px) 100vw, 450px\" \/><\/p>\n<p>&nbsp;<\/p>\n<div class='cleaner'><\/div>\n<div class='videoWrapper embed-responsive embed-responsive-16by9 ratio ratio-16x9'><iframe title=\"Projeto TODOS JUNTOS - POLIANA OKIMOTO, nadadora.\" width=\"700\" height=\"394\" src=\"https:\/\/www.youtube.com\/embed\/czbiW1PyTk0?feature=oembed\" frameborder=\"0\" allow=\"accelerometer; autoplay; encrypted-media; gyroscope; picture-in-picture\" allowfullscreen><\/iframe><\/div>\n<p>&nbsp;<\/p>\n<h3><strong>Quem \u00e9 Poliana Okimoto?<\/strong><\/h3>\n<p>Poliana Okimoto \u00e9 natural de S\u00e3o Paulo e come\u00e7ou a se interessar pela nata\u00e7\u00e3o aos dois anos de idade.<\/p>\n<p>Aos 13, j\u00e1 competia profissionalmente e se tornou pioneira no Pa\u00eds: foi a primeira nadadora brasileira a ganhar medalha em Olimp\u00edadas, em Campeonatos Mundiais e de maratonas aqu\u00e1ticas em Jogos Panamericanos.<\/p>\n<p>Em sua trajet\u00f3ria, recebeu o t\u00edtulo de\u00a0Melhor Nadadora de Maratonas Aqu\u00e1ticas do Mundo, em 2009 e 2013, pela Federa\u00e7\u00e3o Internacional de Nata\u00e7\u00e3o (FINA); Melhor Atleta, pelo Comit\u00ea Ol\u00edmpico Brasileiro, em 2013, a primeira da hist\u00f3ria dos esportes aqu\u00e1ticos feminino do Brasil; e conquistou medalha de bronze nos Jogos Ol\u00edmpicos do Rio, em 2016.<\/p>\n<p>Ap\u00f3s o encerramento de sua carreira como nadadora profissional, Poliana tem se dedicado ao esporte de outras formas. Segue compartilhando sua hist\u00f3ria e inspirando pessoas por meio de palestras motivacionais; fomenta o treinamento de novos atletas por meio de sua assessoria esportiva, a Okimoto e Cintra Swim Team, e celebrando a nata\u00e7\u00e3o em \u00e1guas abertas, por meio da Travessia Poliana Okimoto, que nasceu em 2018.<\/p>\n<p><strong>CANAL OFICIAL<\/strong><br \/>\n<a href=\"https:\/\/polianaokimoto.com.br\/\" target=\"_blank\" rel=\"noopener noreferrer\">Site<\/a><\/p>\n<p>&nbsp;<\/p>\n<p><a href=\"https:\/\/fjsp.org.br\/fjsp\/agenda\/todos-juntos\/\"><strong><span style=\"color: #993366;\">&lt;&lt; voltar<\/span><\/strong><\/a><\/p>\n","protected":false},"excerpt":{"rendered":"<p>&nbsp; &nbsp; Quem \u00e9 Poliana Okimoto? Poliana Okimoto \u00e9 natural de S\u00e3o Paulo e come\u00e7ou a se interessar pela nata\u00e7\u00e3o aos dois anos de idade. Aos 13, j\u00e1 competia profissionalmente e se tornou pioneira no Pa\u00eds: foi a primeira nadadora brasileira a ganhar medalha em Olimp\u00edadas, em Campeonatos Mundiais e de maratonas aqu\u00e1ticas em Jogos [&hellip;]<\/p>\n","protected":false},"author":33,"featured_media":0,"parent":0,"menu_order":0,"comment_status":"closed","ping_status":"closed","template":"","meta":{"_acf_changed":false,"footnotes":""},"class_list":["post-12021","page","type-page","status-publish","hentry"],"acf":[],"_links":{"self":[{"href":"https:\/\/fjsp.org.br\/fjsp\/wp-json\/wp\/v2\/pages\/12021","targetHints":{"allow":["GET"]}}],"collection":[{"href":"https:\/\/fjsp.org.br\/fjsp\/wp-json\/wp\/v2\/pages"}],"about":[{"href":"https:\/\/fjsp.org.br\/fjsp\/wp-json\/wp\/v2\/types\/page"}],"author":[{"embeddable":true,"href":"https:\/\/fjsp.org.br\/fjsp\/wp-json\/wp\/v2\/users\/33"}],"replies":[{"embeddable":true,"href":"https:\/\/fjsp.org.br\/fjsp\/wp-json\/wp\/v2\/comments?post=12021"}],"version-history":[{"count":2,"href":"https:\/\/fjsp.org.br\/fjsp\/wp-json\/wp\/v2\/pages\/12021\/revisions"}],"predecessor-version":[{"id":12026,"href":"https:\/\/fjsp.org.br\/fjsp\/wp-json\/wp\/v2\/pages\/12021\/revisions\/12026"}],"wp:attachment":[{"href":"https:\/\/fjsp.org.br\/fjsp\/wp-json\/wp\/v2\/media?parent=12021"}],"curies":[{"name":"wp","href":"https:\/\/api.w.org\/{rel}","templated":true}]}}