{"id":12104,"date":"2020-08-04T17:34:19","date_gmt":"2020-08-04T20:34:19","guid":{"rendered":"https:\/\/fjsp.org.br\/fjsp\/?page_id=12104"},"modified":"2020-08-12T11:58:29","modified_gmt":"2020-08-12T14:58:29","slug":"traducaoemfoco_driksada_manga_ao_manga","status":"publish","type":"page","link":"https:\/\/fjsp.org.br\/fjsp\/traducaoemfoco_driksada_manga_ao_manga\/","title":{"rendered":"Drik Sada &#8211; Do mang\u00e1 ao mang\u00e1"},"content":{"rendered":"<h5 style=\"text-align: right\"><a href=\"https:\/\/fjsp.org.br\/fjsp\/traducaoemfoco\/\">Tradu\u00e7\u00e3o em Foco<\/a> &gt; Do mang\u00e1 ao mang\u00e1<\/h5>\n<p><img fetchpriority=\"high\" decoding=\"async\" class=\"img-responsive img-fluid wp-image-12125 aligncenter\" src=\"https:\/\/fjsp.org.br\/fjsp\/wp-content\/uploads\/2020\/08\/banner-site-1-prancheta-1-prancheta-1-1-prancheta-1-prancheta-1.jpg\" alt=\"\" width=\"1200\" height=\"239\" srcset=\"https:\/\/fjsp.org.br\/fjsp\/wp-content\/uploads\/2020\/08\/banner-site-1-prancheta-1-prancheta-1-1-prancheta-1-prancheta-1.jpg 1080w, https:\/\/fjsp.org.br\/fjsp\/wp-content\/uploads\/2020\/08\/banner-site-1-prancheta-1-prancheta-1-1-prancheta-1-prancheta-1-280x56.jpg 280w, https:\/\/fjsp.org.br\/fjsp\/wp-content\/uploads\/2020\/08\/banner-site-1-prancheta-1-prancheta-1-1-prancheta-1-prancheta-1-768x153.jpg 768w, https:\/\/fjsp.org.br\/fjsp\/wp-content\/uploads\/2020\/08\/banner-site-1-prancheta-1-prancheta-1-1-prancheta-1-prancheta-1-340x68.jpg 340w, https:\/\/fjsp.org.br\/fjsp\/wp-content\/uploads\/2020\/08\/banner-site-1-prancheta-1-prancheta-1-1-prancheta-1-prancheta-1-220x44.jpg 220w, https:\/\/fjsp.org.br\/fjsp\/wp-content\/uploads\/2020\/08\/banner-site-1-prancheta-1-prancheta-1-1-prancheta-1-prancheta-1-100x20.jpg 100w, https:\/\/fjsp.org.br\/fjsp\/wp-content\/uploads\/2020\/08\/banner-site-1-prancheta-1-prancheta-1-1-prancheta-1-prancheta-1-130x26.jpg 130w, https:\/\/fjsp.org.br\/fjsp\/wp-content\/uploads\/2020\/08\/banner-site-1-prancheta-1-prancheta-1-1-prancheta-1-prancheta-1-460x92.jpg 460w\" sizes=\"(max-width: 1200px) 100vw, 1200px\" \/><\/p>\n<p>&nbsp;<\/p>\n<p>Mang\u00e1s t\u00eam sido uma presen\u00e7a constante na minha vida.<\/p>\n<p>Desde crian\u00e7a, s\u00e3o entretenimento, fonte de informa\u00e7\u00e3o, inspira\u00e7\u00e3o para as quest\u00f5es da vida e, por fim, tornaram-se meu ganha-p\u00e3o.<\/p>\n<p>Sempre digo que, quem me deu ferramentas para me profissionalizar n\u00e3o foi a escola nem a faculdade, foram meus pais. A forma como me educaram em casa valeu por qualquer curso t\u00e9cnico, superior ou profissionalizante. No caso, o curso mais longo do qual se tem not\u00edcia, pois estou longe de me formar, aos 50 anos de vida.<\/p>\n<p>&nbsp;<\/p>\n<p><img decoding=\"async\" class=\"img-responsive img-fluid size-full wp-image-12513 aligncenter\" src=\"https:\/\/fjsp.org.br\/fjsp\/wp-content\/uploads\/2020\/08\/pag2-akira-toriyama.jpg\" alt=\"\" width=\"400\" height=\"404\" srcset=\"https:\/\/fjsp.org.br\/fjsp\/wp-content\/uploads\/2020\/08\/pag2-akira-toriyama.jpg 400w, https:\/\/fjsp.org.br\/fjsp\/wp-content\/uploads\/2020\/08\/pag2-akira-toriyama-280x283.jpg 280w, https:\/\/fjsp.org.br\/fjsp\/wp-content\/uploads\/2020\/08\/pag2-akira-toriyama-340x343.jpg 340w, https:\/\/fjsp.org.br\/fjsp\/wp-content\/uploads\/2020\/08\/pag2-akira-toriyama-220x222.jpg 220w, https:\/\/fjsp.org.br\/fjsp\/wp-content\/uploads\/2020\/08\/pag2-akira-toriyama-100x101.jpg 100w, https:\/\/fjsp.org.br\/fjsp\/wp-content\/uploads\/2020\/08\/pag2-akira-toriyama-130x131.jpg 130w\" sizes=\"(max-width: 400px) 100vw, 400px\" \/><\/p>\n<p>&nbsp;<\/p>\n<p>Come\u00e7ando do b\u00ea-\u00e1-b\u00e1 em japon\u00eas, rigidamente imposto pelo meu pai, at\u00e9 o acesso irrestrito a livros e mang\u00e1s de todos os g\u00eaneros, trazidos pela minha m\u00e3e, foi de nossa casa que sa\u00ed com uma s\u00f3lida bagagem lingu\u00edstica, capaz de me prover sustento como tradutora. O m\u00e1gico \u00e9 que nenhum dos dois agiu de caso pensado, mas tudo que fizeram acabaram por me formar a profissional que sou hoje.<\/p>\n<p>O que eu lia na inf\u00e2ncia foge um pouco do card\u00e1pio de mang\u00e1s que o leitor brasileiro conhece. Fui das revistas educativas da<a href=\"https:\/\/sho.jp\/\" target=\"_blank\" rel=\"noopener noreferrer\"> Editora Shogakukan (1)<\/a> \u00e0s revistas para meninas como a Friend, <a href=\"https:\/\/kc.kodansha.co.jp\/magazines_and_series\" target=\"_blank\" rel=\"noopener noreferrer\">Nakayoshi (2)<\/a>, <a href=\"https:\/\/www.shueisha.co.jp\/magazines\/w_comic.html\" target=\"_blank\" rel=\"noopener noreferrer\">Margaret, Ribbon (3)<\/a>, <a href=\"https:\/\/www.hanayume.com\/\" target=\"_blank\" rel=\"noopener noreferrer\">Hana to Yume (4)<\/a>&#8230; Lia a <a href=\"https:\/\/www.shueisha.co.jp\/magazines\/m_comic.html\" target=\"_blank\" rel=\"noopener noreferrer\">Magazine e a Jump (5)<\/a> escondida, porque eram &#8220;coisas de menino&#8221;. Mas, sempre havia um jeito de dar uma espiada, geralmente, em alguma sala de espera do bairro da Liberdade.<\/p>\n<p>Os leitores de hoje em dia n\u00e3o fazem ideia da raridade que era encontrar um mang\u00e1 no Brasil, na d\u00e9cada de 1970. Minha m\u00e3e mesma, as encomendava na antiga livraria Casa Ono. Os exemplares chegavam de navio, com tr\u00eas meses de atraso. Todo domingo, quando \u00edamos \u00e0 Feira Oriental da Pra\u00e7a da Liberdade, fu\u00e7\u00e1vamos edi\u00e7\u00f5es antigas num sebo de livros japoneses que ficava num por\u00e3ozinho, min\u00fasculo, da Rua dos Estudantes. Na pr\u00e9-escola, frequentava aulas com filhos de expatriados japoneses (os chamados chuuzaiin, empregados de multinacionais japonesas temporariamente alocados na filial do Brasil) e, quando eles iam embora para o Jap\u00e3o, deixavam pilhas e pilhas de mang\u00e1s para mim. Era meu Natal particular. Quando tive idade para frequentar sozinha a biblioteca do <a href=\"https:\/\/www.bunkyo.org.br\/\" target=\"_blank\" rel=\"noopener noreferrer\">Bunkyo (6)<\/a>, n\u00e3o sa\u00ed mais de l\u00e1. Tamb\u00e9m passei minha adolesc\u00eancia toda enfurnada no<a href=\"http:\/\/centrocultural.sp.gov.br\/\" target=\"_blank\" rel=\"noopener noreferrer\"> Centro Cultural S\u00e3o Paulo<\/a>, descobrindo os The Beatles na discoteca e folheando gibis do mundo todo (7), afundada nos antigos sof\u00e1s de l\u00e1. Sorte dos que nasceram uma gera\u00e7\u00e3o depois da minha, que podem usufruir de uma biblioteca parruda como a da Funda\u00e7\u00e3o Jap\u00e3o de S\u00e3o Paulo.<\/p>\n<p>&nbsp;<\/p>\n<p><img decoding=\"async\" class=\"img-responsive img-fluid size-full wp-image-12514 aligncenter\" src=\"https:\/\/fjsp.org.br\/fjsp\/wp-content\/uploads\/2020\/08\/pag2-ghost-in-the-shell.jpg\" alt=\"\" width=\"400\" height=\"330\" srcset=\"https:\/\/fjsp.org.br\/fjsp\/wp-content\/uploads\/2020\/08\/pag2-ghost-in-the-shell.jpg 400w, https:\/\/fjsp.org.br\/fjsp\/wp-content\/uploads\/2020\/08\/pag2-ghost-in-the-shell-280x231.jpg 280w, https:\/\/fjsp.org.br\/fjsp\/wp-content\/uploads\/2020\/08\/pag2-ghost-in-the-shell-340x281.jpg 340w, https:\/\/fjsp.org.br\/fjsp\/wp-content\/uploads\/2020\/08\/pag2-ghost-in-the-shell-220x182.jpg 220w, https:\/\/fjsp.org.br\/fjsp\/wp-content\/uploads\/2020\/08\/pag2-ghost-in-the-shell-100x83.jpg 100w, https:\/\/fjsp.org.br\/fjsp\/wp-content\/uploads\/2020\/08\/pag2-ghost-in-the-shell-130x107.jpg 130w\" sizes=\"(max-width: 400px) 100vw, 400px\" \/><\/p>\n<p>&nbsp;<\/p>\n<p>Mang\u00e1s ampliaram minha compreens\u00e3o do mundo, principalmente, sobre o comportamento humano. \u00c9 claro que personagens mocinhos me inspiraram a ser correta na vida, mas quem abriu, mesmo, a minha vis\u00e3o foram os vil\u00f5es, os atormentados, os complexados, os que questionam se o correto \u00e9 correto, de verdade. A narrativa de um mang\u00e1 nos propicia observar a constru\u00e7\u00e3o do pensamento de um antagonista e, muitas vezes, eu me identificava com eles. Era nessas horas que eu acompanhava a hist\u00f3ria com mais afinco, pois era como se consultasse um or\u00e1culo, para saber aonde me levaria o meu pensamento, a minha atitude, o meu comportamento daquele momento.<\/p>\n<p>O interessante \u00e9 que, nos mang\u00e1s japoneses, nem todo vil\u00e3o \u00e9 extirpado como nas hist\u00f3rias de super-her\u00f3is, como se o mundo fosse dicot\u00f4mico. Os antagonistas costumam ter sua chance de reden\u00e7\u00e3o. Foi assim que aprendi, desde cedo, que o mundo \u00e9 feito em escalas de cinza. E que apenas o senso cr\u00edtico e a empatia para com as fraquezas alheias me fariam humana o suficiente para fazer parte dele.<\/p>\n<p>Do mang\u00e1, alimentei minha alma e, ao mang\u00e1, devolvo minha viv\u00eancia, na forma de tradu\u00e7\u00f5es, fechando o que considero o mais perfeito ciclo da minha vida.<\/p>\n<p>&nbsp;<\/p>\n<hr \/>\n<p>&nbsp;<\/p>\n<h4 style=\"text-align: center\"><strong><a href=\"https:\/\/fjsp.org.br\/fjsp\/traducaoemfoco_driksada\/\">&lt;&lt; 1. Drik Sada<\/a>\u00a0 \/\/\u00a0 <a href=\"https:\/\/fjsp.org.br\/fjsp\/traducaoemfoco_driksada_norte_traducao\/\">3. O norte da tradu\u00e7\u00e3o &gt;&gt;<\/a><\/strong><\/h4>\n<p style=\"text-align: center\"><a href=\"https:\/\/fjsp.org.br\/fjsp\/traducaoemfoco_driksada\/\">1<\/a> \u30fb <span style=\"color: #000000\"><strong>[<\/strong> <strong>2 ]<\/strong><\/span> \u30fb <a href=\"https:\/\/fjsp.org.br\/fjsp\/traducaoemfoco_driksada_norte_traducao\/\">3<\/a> \u30fb <a href=\"https:\/\/fjsp.org.br\/fjsp\/traducaoemfoco_driksada_tradtecnicas_tradmangas\/\">4<\/a> \u30fb <a href=\"https:\/\/fjsp.org.br\/fjsp\/traducaoemfoco_driksada_regentes_traducao\/\">5<\/a> \u30fb <a href=\"https:\/\/fjsp.org.br\/fjsp\/traducaoemfoco_driksada_espaco_traducao\/\">6<\/a> \u30fb<a href=\"https:\/\/fjsp.org.br\/fjsp\/traducaoemfoco_driksada_pos_pandemia_traducao_mangas\/\"> 7<\/a> \u30fb <a href=\"https:\/\/fjsp.org.br\/fjsp\/traducaoemfoco_driksada_trabalho_sonhos\/\">8<\/a> \u30fb <a href=\"https:\/\/fjsp.org.br\/fjsp\/traducaoemfoco_driksada_links_referencias\/\">9<\/a><\/p>\n<p>&nbsp;<\/p>\n<h6><span style=\"color: #000000\">*Os usos de imagens e conte\u00fados desta p\u00e1gina s\u00e3o exclusivamente para fins educacionais e de divulga\u00e7\u00e3o de cultura japonesa, sem fins comerciais.<\/span><\/h6>\n","protected":false},"excerpt":{"rendered":"<p>Tradu\u00e7\u00e3o em Foco &gt; Do mang\u00e1 ao mang\u00e1 &nbsp; Mang\u00e1s t\u00eam sido uma presen\u00e7a constante na minha vida. Desde crian\u00e7a, s\u00e3o entretenimento, fonte de informa\u00e7\u00e3o, inspira\u00e7\u00e3o para as quest\u00f5es da vida e, por fim, tornaram-se meu ganha-p\u00e3o. Sempre digo que, quem me deu ferramentas para me profissionalizar n\u00e3o foi a escola nem a faculdade, foram [&hellip;]<\/p>\n","protected":false},"author":34,"featured_media":0,"parent":0,"menu_order":0,"comment_status":"closed","ping_status":"closed","template":"","meta":{"_acf_changed":false,"footnotes":""},"class_list":["post-12104","page","type-page","status-publish","hentry"],"acf":[],"_links":{"self":[{"href":"https:\/\/fjsp.org.br\/fjsp\/wp-json\/wp\/v2\/pages\/12104","targetHints":{"allow":["GET"]}}],"collection":[{"href":"https:\/\/fjsp.org.br\/fjsp\/wp-json\/wp\/v2\/pages"}],"about":[{"href":"https:\/\/fjsp.org.br\/fjsp\/wp-json\/wp\/v2\/types\/page"}],"author":[{"embeddable":true,"href":"https:\/\/fjsp.org.br\/fjsp\/wp-json\/wp\/v2\/users\/34"}],"replies":[{"embeddable":true,"href":"https:\/\/fjsp.org.br\/fjsp\/wp-json\/wp\/v2\/comments?post=12104"}],"version-history":[{"count":3,"href":"https:\/\/fjsp.org.br\/fjsp\/wp-json\/wp\/v2\/pages\/12104\/revisions"}],"predecessor-version":[{"id":12552,"href":"https:\/\/fjsp.org.br\/fjsp\/wp-json\/wp\/v2\/pages\/12104\/revisions\/12552"}],"wp:attachment":[{"href":"https:\/\/fjsp.org.br\/fjsp\/wp-json\/wp\/v2\/media?parent=12104"}],"curies":[{"name":"wp","href":"https:\/\/api.w.org\/{rel}","templated":true}]}}