{"id":12175,"date":"2020-08-04T16:26:59","date_gmt":"2020-08-04T19:26:59","guid":{"rendered":"https:\/\/fjsp.org.br\/fjsp\/?page_id=12175"},"modified":"2020-08-04T16:26:59","modified_gmt":"2020-08-04T19:26:59","slug":"todos-juntos-hugo-hoyama","status":"publish","type":"page","link":"https:\/\/fjsp.org.br\/fjsp\/todos-juntos-hugo-hoyama\/","title":{"rendered":"Hugo Hoyama"},"content":{"rendered":"<p><img fetchpriority=\"high\" decoding=\"async\" class=\"img-responsive img-fluid alignnone wp-image-12176\" src=\"https:\/\/fjsp.org.br\/fjsp\/wp-content\/uploads\/2020\/08\/sns-todos-juntos-20-hugo-hoyama1.jpg\" alt=\"\" width=\"450\" height=\"450\" srcset=\"https:\/\/fjsp.org.br\/fjsp\/wp-content\/uploads\/2020\/08\/sns-todos-juntos-20-hugo-hoyama1.jpg 600w, https:\/\/fjsp.org.br\/fjsp\/wp-content\/uploads\/2020\/08\/sns-todos-juntos-20-hugo-hoyama1-280x280.jpg 280w, https:\/\/fjsp.org.br\/fjsp\/wp-content\/uploads\/2020\/08\/sns-todos-juntos-20-hugo-hoyama1-340x340.jpg 340w, https:\/\/fjsp.org.br\/fjsp\/wp-content\/uploads\/2020\/08\/sns-todos-juntos-20-hugo-hoyama1-220x220.jpg 220w, https:\/\/fjsp.org.br\/fjsp\/wp-content\/uploads\/2020\/08\/sns-todos-juntos-20-hugo-hoyama1-100x100.jpg 100w, https:\/\/fjsp.org.br\/fjsp\/wp-content\/uploads\/2020\/08\/sns-todos-juntos-20-hugo-hoyama1-130x130.jpg 130w, https:\/\/fjsp.org.br\/fjsp\/wp-content\/uploads\/2020\/08\/sns-todos-juntos-20-hugo-hoyama1-460x460.jpg 460w, https:\/\/fjsp.org.br\/fjsp\/wp-content\/uploads\/2020\/08\/sns-todos-juntos-20-hugo-hoyama1-150x150.jpg 150w\" sizes=\"(max-width: 450px) 100vw, 450px\" \/><\/p>\n<p>&nbsp;<\/p>\n<div class='cleaner'><\/div>\n<div class='videoWrapper embed-responsive embed-responsive-16by9 ratio ratio-16x9'><iframe title=\"Projeto TODOS JUNTOS - HUGO HOYAMA, Mesatenista.\" width=\"700\" height=\"394\" src=\"https:\/\/www.youtube.com\/embed\/NsBTHKt22Ts?feature=oembed\" frameborder=\"0\" allow=\"accelerometer; autoplay; encrypted-media; gyroscope; picture-in-picture\" allowfullscreen><\/iframe><\/div>\n<h3><strong>Quem \u00e9 Hugo Hoyama?<\/strong><\/h3>\n<p>Hugo Hoyama nasceu em S\u00e3o Bernardo do Campo, em 9 de maio de 1969. Desde cedo, sempre se interessou pelo esporte, entre eles o futebol e o t\u00eanis de mesa. Ainda crian\u00e7a, come\u00e7ou a participar de campeonatos nacionais e internacionais, tendo sido campe\u00e3o sul-americano, categoria infantil, em 1983.<\/p>\n<p>Sua primeira convoca\u00e7\u00e3o para a sele\u00e7\u00e3o aconteceu em 1986. No ano seguinte, conquistou sua primeira medalha em Jogos Pan-americanos. Em 2007, nos Jogos Pan-Americanos do Rio de Janeiro, tornou-se o mesatenista com mais medalhas de ouro na competi\u00e7\u00e3o. At\u00e9 o momento, Hugo totaliza 10 de ouro, uma de prata e quatro de bronze, distribu\u00eddas em sete edi\u00e7\u00f5es. Tamb\u00e9m esteve 7 vezes em Jogos Ol\u00edmpicos e em 18 Campeonatos Mundiais.<\/p>\n<p>Em 2011, ao lado da irm\u00e3, Patr\u00edcia, fundou o Instituto Hugo Hoyama, uma organiza\u00e7\u00e3o sem fins lucrativos, que tem por objetivo promover e difundir a pr\u00e1tica do t\u00eanis de mesa.<\/p>\n<p>Desde 2013, \u00e9 t\u00e9cnico da sele\u00e7\u00e3o feminina de t\u00eanis de mesa brasileira, que vem conquistando diversos t\u00edtulos importantes, entre eles, o Campeonato Mundial de Equipes da segunda divis\u00e3o, no Jap\u00e3o, em 2014, e no ano seguinte, no Pan de Toronto, Gui Lin conquistou a in\u00e9dita medalha de prata no individual.<\/p>\n<p><strong>CANAL OFICIAL<\/strong><br \/>\n<a href=\"https:\/\/www.hugohoyama.com.br\/\" target=\"_blank\" rel=\"noopener noreferrer\">Site<\/a><\/p>\n<p>&nbsp;<\/p>\n<p><span style=\"color: #993366;\"><a style=\"color: #993366;\" href=\"https:\/\/fjsp.org.br\/fjsp\/agenda\/todos-juntos\/\"><strong>&lt;&lt; voltar<\/strong><\/a><\/span><\/p>\n","protected":false},"excerpt":{"rendered":"<p>&nbsp; Quem \u00e9 Hugo Hoyama? Hugo Hoyama nasceu em S\u00e3o Bernardo do Campo, em 9 de maio de 1969. Desde cedo, sempre se interessou pelo esporte, entre eles o futebol e o t\u00eanis de mesa. Ainda crian\u00e7a, come\u00e7ou a participar de campeonatos nacionais e internacionais, tendo sido campe\u00e3o sul-americano, categoria infantil, em 1983. Sua primeira [&hellip;]<\/p>\n","protected":false},"author":33,"featured_media":0,"parent":0,"menu_order":0,"comment_status":"closed","ping_status":"closed","template":"","meta":{"_acf_changed":false,"footnotes":""},"class_list":["post-12175","page","type-page","status-publish","hentry"],"acf":[],"_links":{"self":[{"href":"https:\/\/fjsp.org.br\/fjsp\/wp-json\/wp\/v2\/pages\/12175","targetHints":{"allow":["GET"]}}],"collection":[{"href":"https:\/\/fjsp.org.br\/fjsp\/wp-json\/wp\/v2\/pages"}],"about":[{"href":"https:\/\/fjsp.org.br\/fjsp\/wp-json\/wp\/v2\/types\/page"}],"author":[{"embeddable":true,"href":"https:\/\/fjsp.org.br\/fjsp\/wp-json\/wp\/v2\/users\/33"}],"replies":[{"embeddable":true,"href":"https:\/\/fjsp.org.br\/fjsp\/wp-json\/wp\/v2\/comments?post=12175"}],"version-history":[{"count":1,"href":"https:\/\/fjsp.org.br\/fjsp\/wp-json\/wp\/v2\/pages\/12175\/revisions"}],"predecessor-version":[{"id":12177,"href":"https:\/\/fjsp.org.br\/fjsp\/wp-json\/wp\/v2\/pages\/12175\/revisions\/12177"}],"wp:attachment":[{"href":"https:\/\/fjsp.org.br\/fjsp\/wp-json\/wp\/v2\/media?parent=12175"}],"curies":[{"name":"wp","href":"https:\/\/api.w.org\/{rel}","templated":true}]}}