{"id":12355,"date":"2020-08-06T14:43:15","date_gmt":"2020-08-06T17:43:15","guid":{"rendered":"https:\/\/fjsp.org.br\/fjsp\/?page_id=12355"},"modified":"2020-08-06T14:43:15","modified_gmt":"2020-08-06T17:43:15","slug":"todos-juntos-satoru-akimoto","status":"publish","type":"page","link":"https:\/\/fjsp.org.br\/fjsp\/todos-juntos-satoru-akimoto\/","title":{"rendered":"Satoru Akimoto\uff08\u79cb\u5143 \u609f\uff09"},"content":{"rendered":"<p><img fetchpriority=\"high\" decoding=\"async\" class=\"img-responsive img-fluid alignnone wp-image-12277\" src=\"https:\/\/fjsp.org.br\/fjsp\/wp-content\/uploads\/2020\/08\/sns-todos-juntos-21-satoru-akimoto-c.jpg\" alt=\"\" width=\"450\" height=\"450\" srcset=\"https:\/\/fjsp.org.br\/fjsp\/wp-content\/uploads\/2020\/08\/sns-todos-juntos-21-satoru-akimoto-c.jpg 600w, https:\/\/fjsp.org.br\/fjsp\/wp-content\/uploads\/2020\/08\/sns-todos-juntos-21-satoru-akimoto-c-280x280.jpg 280w, https:\/\/fjsp.org.br\/fjsp\/wp-content\/uploads\/2020\/08\/sns-todos-juntos-21-satoru-akimoto-c-340x340.jpg 340w, https:\/\/fjsp.org.br\/fjsp\/wp-content\/uploads\/2020\/08\/sns-todos-juntos-21-satoru-akimoto-c-220x220.jpg 220w, https:\/\/fjsp.org.br\/fjsp\/wp-content\/uploads\/2020\/08\/sns-todos-juntos-21-satoru-akimoto-c-100x100.jpg 100w, https:\/\/fjsp.org.br\/fjsp\/wp-content\/uploads\/2020\/08\/sns-todos-juntos-21-satoru-akimoto-c-130x130.jpg 130w, https:\/\/fjsp.org.br\/fjsp\/wp-content\/uploads\/2020\/08\/sns-todos-juntos-21-satoru-akimoto-c-460x460.jpg 460w, https:\/\/fjsp.org.br\/fjsp\/wp-content\/uploads\/2020\/08\/sns-todos-juntos-21-satoru-akimoto-c-150x150.jpg 150w\" sizes=\"(max-width: 450px) 100vw, 450px\" \/><\/p>\n<p>&nbsp;<\/p>\n<div class='cleaner'><\/div>\n<div class='videoWrapper embed-responsive embed-responsive-16by9 ratio ratio-16x9'><iframe title=\"Projeto TODOS JUNTOS - SATORU AKIMOTO, Kendama Performer.\" width=\"700\" height=\"394\" src=\"https:\/\/www.youtube.com\/embed\/SawjPXETcWU?feature=oembed\" frameborder=\"0\" allow=\"accelerometer; autoplay; encrypted-media; gyroscope; picture-in-picture\" allowfullscreen><\/iframe><\/div>\n<p>&nbsp;<\/p>\n<h3><strong>Quem \u00e9 Satoru Akimoto<\/strong><\/h3>\n<p>Nascido em T\u00f3quio, Satoru teve seu primeiro contato com o Kendama aos 10 anos de idade. Venceu o All Japan Kendama Performance Competition nos anos de 2008 e 2009. Mais tarde, obteve o 3\u00ba lugar entre os melhores japoneses no Kendama World Cup Hatsukaichi, realizada pela primeira vez em 2014.<\/p>\n<p>Atualmente Satoru promove em parceria com a prefeitura de Nagai, a revitaliza\u00e7\u00e3o da cidade atrav\u00e9s do Kendama.<\/p>\n<p>A cidade de Nagai, localizado na prov\u00edncia de Yamagata, \u00e9 onde fica a principal fabricante de Kendama para competi\u00e7\u00e3o no Jap\u00e3o.<\/p>\n<p>J\u00e1 realizou mais de mil apresenta\u00e7\u00f5es e workshops, introduzindo e difundindo o Kendama no Jap\u00e3o e tamb\u00e9m em pa\u00edses como Taiwan, Coreia do Sul, Hong Kong, Cingapura, Mal\u00e1sia, Indon\u00e9sia, Estados Unidos, al\u00e9m de participa\u00e7\u00f5es especiais na TV japonesa.<\/p>\n<p>Esteve no Brasil, pela primeira vez, em julho do ano passado, para uma s\u00e9rie de apresenta\u00e7\u00f5es e workshops e demonstra\u00e7\u00f5es no estande da Funda\u00e7\u00e3o Jap\u00e3o durante o 22\u00ba Festival do Jap\u00e3o.<\/p>\n<p>Nesta video mensagem, contamos tamb\u00e9m com a participa\u00e7\u00e3o especial dos principais difusores do Kendama no Brasil, Mauricio Sant ana, Mauri Nepomuceno e Jocieli Torquato.<\/p>\n<p><strong>CANAIS OFICIAIS<\/strong><br \/>\n<a href=\"http:\/\/www.nagai-kendama.com\/\" target=\"_blank\" rel=\"noopener noreferrer\">Site<\/a><br \/>\n<a href=\"https:\/\/www.instagram.com\/akimoto1983\/\" target=\"_blank\" rel=\"noopener noreferrer\">Instagram<\/a><\/p>\n<p>&nbsp;<\/p>\n<p><a href=\"https:\/\/fjsp.org.br\/fjsp\/agenda\/todos-juntos\/\"><strong><span style=\"color: #993366;\">&lt;&lt; voltar<\/span><\/strong><\/a><\/p>\n","protected":false},"excerpt":{"rendered":"<p>&nbsp; &nbsp; Quem \u00e9 Satoru Akimoto Nascido em T\u00f3quio, Satoru teve seu primeiro contato com o Kendama aos 10 anos de idade. Venceu o All Japan Kendama Performance Competition nos anos de 2008 e 2009. Mais tarde, obteve o 3\u00ba lugar entre os melhores japoneses no Kendama World Cup Hatsukaichi, realizada pela primeira vez em [&hellip;]<\/p>\n","protected":false},"author":33,"featured_media":0,"parent":0,"menu_order":0,"comment_status":"closed","ping_status":"closed","template":"","meta":{"_acf_changed":false,"footnotes":""},"class_list":["post-12355","page","type-page","status-publish","hentry"],"acf":[],"_links":{"self":[{"href":"https:\/\/fjsp.org.br\/fjsp\/wp-json\/wp\/v2\/pages\/12355","targetHints":{"allow":["GET"]}}],"collection":[{"href":"https:\/\/fjsp.org.br\/fjsp\/wp-json\/wp\/v2\/pages"}],"about":[{"href":"https:\/\/fjsp.org.br\/fjsp\/wp-json\/wp\/v2\/types\/page"}],"author":[{"embeddable":true,"href":"https:\/\/fjsp.org.br\/fjsp\/wp-json\/wp\/v2\/users\/33"}],"replies":[{"embeddable":true,"href":"https:\/\/fjsp.org.br\/fjsp\/wp-json\/wp\/v2\/comments?post=12355"}],"version-history":[{"count":1,"href":"https:\/\/fjsp.org.br\/fjsp\/wp-json\/wp\/v2\/pages\/12355\/revisions"}],"predecessor-version":[{"id":12359,"href":"https:\/\/fjsp.org.br\/fjsp\/wp-json\/wp\/v2\/pages\/12355\/revisions\/12359"}],"wp:attachment":[{"href":"https:\/\/fjsp.org.br\/fjsp\/wp-json\/wp\/v2\/media?parent=12355"}],"curies":[{"name":"wp","href":"https:\/\/api.w.org\/{rel}","templated":true}]}}