{"id":12623,"date":"2020-08-20T14:16:03","date_gmt":"2020-08-20T17:16:03","guid":{"rendered":"https:\/\/fjsp.org.br\/fjsp\/?page_id=12623"},"modified":"2021-04-21T14:15:26","modified_gmt":"2021-04-21T17:15:26","slug":"musica-no-castelo-tamie-kitahara","status":"publish","type":"page","link":"https:\/\/fjsp.org.br\/fjsp\/musica-no-castelo-tamie-kitahara\/","title":{"rendered":"Tamie Kitahara (Koto\/Shamisen)"},"content":{"rendered":"<h5 style=\"text-align: right;\"><a href=\"https:\/\/fjsp.org.br\/fjsp\/musica-no-castelo-tamie-kitahara-jap\/\">\u65e5\u672c\u8a9e<\/a> | <a href=\"https:\/\/fjsp.org.br\/fjsp\/musica-no-castelo-tamie-kitahara-ing\/\">English<\/a> | <a href=\"https:\/\/fjsp.org.br\/fjsp\/musica-no-castelo-tamie-kitahara-esp\/\">Espa\u00f1ol<\/a><\/h5>\n<p>&nbsp;<\/p>\n<p><img fetchpriority=\"high\" decoding=\"async\" class=\"img-responsive img-fluid wp-image-12633 aligncenter\" src=\"https:\/\/fjsp.org.br\/fjsp\/wp-content\/uploads\/2020\/08\/tamie-koto1.jpg\" alt=\"\" width=\"800\" height=\"398\" srcset=\"https:\/\/fjsp.org.br\/fjsp\/wp-content\/uploads\/2020\/08\/tamie-koto1.jpg 1202w, https:\/\/fjsp.org.br\/fjsp\/wp-content\/uploads\/2020\/08\/tamie-koto1-280x139.jpg 280w, https:\/\/fjsp.org.br\/fjsp\/wp-content\/uploads\/2020\/08\/tamie-koto1-768x382.jpg 768w, https:\/\/fjsp.org.br\/fjsp\/wp-content\/uploads\/2020\/08\/tamie-koto1-340x169.jpg 340w, https:\/\/fjsp.org.br\/fjsp\/wp-content\/uploads\/2020\/08\/tamie-koto1-220x109.jpg 220w, https:\/\/fjsp.org.br\/fjsp\/wp-content\/uploads\/2020\/08\/tamie-koto1-100x50.jpg 100w, https:\/\/fjsp.org.br\/fjsp\/wp-content\/uploads\/2020\/08\/tamie-koto1-130x65.jpg 130w, https:\/\/fjsp.org.br\/fjsp\/wp-content\/uploads\/2020\/08\/tamie-koto1-460x229.jpg 460w\" sizes=\"(max-width: 800px) 100vw, 800px\" \/><\/p>\n<p>&nbsp;<\/p>\n<p>Neste segundo concerto do projeto M\u00fasica no Castelo, realizado pela Funda\u00e7\u00e3o Jap\u00e3o, teremos a professora Tamie Kitahara, interpretando repert\u00f3rios cl\u00e1ssicos da m\u00fasica japonesa com dois instrumentos muito importantes na hist\u00f3ria da m\u00fasica japonesa, <strong>o koto<\/strong>, uma harpa horizontal japonesa ou uma grande c\u00edtara, e o <strong>shamisen<\/strong>.<\/p>\n<p>&nbsp;<\/p>\n<h3><strong>O koto<\/strong><\/h3>\n<p>O koto moderno tem treze cordas, que podem ser de seda ou nylon. As cordas s\u00e3o afinadas atrav\u00e9s de trastes m\u00f3veis, que permitem a mudan\u00e7a de afina\u00e7\u00e3o durante a execu\u00e7\u00e3o da m\u00fasica.<\/p>\n<p>&nbsp;<\/p>\n<p><img decoding=\"async\" class=\"img-responsive img-fluid aligncenter wp-image-12630\" src=\"https:\/\/fjsp.org.br\/fjsp\/wp-content\/uploads\/2020\/08\/koto.jpg\" alt=\"\" width=\"600\" height=\"450\" srcset=\"https:\/\/fjsp.org.br\/fjsp\/wp-content\/uploads\/2020\/08\/koto.jpg 800w, https:\/\/fjsp.org.br\/fjsp\/wp-content\/uploads\/2020\/08\/koto-280x210.jpg 280w, https:\/\/fjsp.org.br\/fjsp\/wp-content\/uploads\/2020\/08\/koto-768x576.jpg 768w, https:\/\/fjsp.org.br\/fjsp\/wp-content\/uploads\/2020\/08\/koto-340x255.jpg 340w, https:\/\/fjsp.org.br\/fjsp\/wp-content\/uploads\/2020\/08\/koto-220x165.jpg 220w, https:\/\/fjsp.org.br\/fjsp\/wp-content\/uploads\/2020\/08\/koto-100x75.jpg 100w, https:\/\/fjsp.org.br\/fjsp\/wp-content\/uploads\/2020\/08\/koto-130x98.jpg 130w, https:\/\/fjsp.org.br\/fjsp\/wp-content\/uploads\/2020\/08\/koto-460x345.jpg 460w\" sizes=\"(max-width: 600px) 100vw, 600px\" \/><\/p>\n<p>&nbsp;<\/p>\n<p>O corpo \u00e9 formado por duas pranchas de Kiri (\u00e1rvore da imperatriz), com aproximadamente 180 cent\u00edmetros, formando uma caixa de resson\u00e2ncia. Existem varia\u00e7\u00f5es no instrumento, como o koto de dezessete cordas, inventado por Michio Miyagi, que faz o baixo das m\u00fasicas, e outros modelos com vinte e uma e com oitenta cordas. A maioria das pessoas que tocam o koto s\u00e3o mulheres, pelo fato de seu som ser suave e gentil, praticamente um som mais doce. Isso n\u00e3o significa que n\u00e3o haja homens que toquem o instrumento.<\/p>\n<p>&nbsp;<\/p>\n<p><img decoding=\"async\" class=\"img-responsive img-fluid aligncenter wp-image-12634\" src=\"https:\/\/fjsp.org.br\/fjsp\/wp-content\/uploads\/2020\/08\/tamie-koto2.jpg\" alt=\"\" width=\"600\" height=\"376\" srcset=\"https:\/\/fjsp.org.br\/fjsp\/wp-content\/uploads\/2020\/08\/tamie-koto2.jpg 1148w, https:\/\/fjsp.org.br\/fjsp\/wp-content\/uploads\/2020\/08\/tamie-koto2-280x176.jpg 280w, https:\/\/fjsp.org.br\/fjsp\/wp-content\/uploads\/2020\/08\/tamie-koto2-768x482.jpg 768w, https:\/\/fjsp.org.br\/fjsp\/wp-content\/uploads\/2020\/08\/tamie-koto2-340x213.jpg 340w, https:\/\/fjsp.org.br\/fjsp\/wp-content\/uploads\/2020\/08\/tamie-koto2-220x138.jpg 220w, https:\/\/fjsp.org.br\/fjsp\/wp-content\/uploads\/2020\/08\/tamie-koto2-100x63.jpg 100w, https:\/\/fjsp.org.br\/fjsp\/wp-content\/uploads\/2020\/08\/tamie-koto2-130x82.jpg 130w, https:\/\/fjsp.org.br\/fjsp\/wp-content\/uploads\/2020\/08\/tamie-koto2-460x289.jpg 460w\" sizes=\"(max-width: 600px) 100vw, 600px\" \/><\/p>\n<p>&nbsp;<\/p>\n<p>Durante s\u00e9culos, a m\u00fasica de koto foi cultivada pela nobreza. No s\u00e9culo XVII, quando a popularidade do instrumento decolou, Yatsuhashi Kengyo fundou um estilo independente, o Yatsuhashi Ryu. Em\u00a0\u00a0 1664, foi impresso um livro escrito por Sosan Nakamura, Shichiku Shoshin Shu, no qual constam as partituras das principais m\u00fasicas de Yatsuhashi Kengyo, Rokudan no Shirabe, Hachidan no Shirabe e Midare, executadas at\u00e9 hoje. Yatsuhashi criou as afina\u00e7\u00f5es consideradas mais tradicionais para o koto: o Hira e o Kumoi. Naquele s\u00e9culo, ainda, houve a populariza\u00e7\u00e3o do instrumento como acompanhamento de dan\u00e7a e como conjunto, formado juntamente com shakuhachi e sangen.<\/p>\n<p>Atualmente, existem duas correntes, a Ikuta Ryu e a Yamada Ryu. A escola Ikuta foi fundada por Ikuta Kengyo (1656 a 1715) no final do s\u00e9culo XVII, baseada na transposi\u00e7\u00e3o para o koto das f\u00f3rmulas existentes para o shamisen (sangen), principalmente na altern\u00e2ncia de cantos com instrumentais originados do Jiuta. A caracter\u00edstica fundamental desta escola est\u00e1 em sua \u00eanfase nas t\u00e9cnicas instrumentais.<\/p>\n<p>&nbsp;<\/p>\n<p><img loading=\"lazy\" decoding=\"async\" class=\"img-responsive img-fluid wp-image-12636 aligncenter\" src=\"https:\/\/fjsp.org.br\/fjsp\/wp-content\/uploads\/2020\/08\/tamie-koto4.jpg\" alt=\"\" width=\"600\" height=\"297\" srcset=\"https:\/\/fjsp.org.br\/fjsp\/wp-content\/uploads\/2020\/08\/tamie-koto4.jpg 1280w, https:\/\/fjsp.org.br\/fjsp\/wp-content\/uploads\/2020\/08\/tamie-koto4-280x139.jpg 280w, https:\/\/fjsp.org.br\/fjsp\/wp-content\/uploads\/2020\/08\/tamie-koto4-768x380.jpg 768w, https:\/\/fjsp.org.br\/fjsp\/wp-content\/uploads\/2020\/08\/tamie-koto4-340x168.jpg 340w, https:\/\/fjsp.org.br\/fjsp\/wp-content\/uploads\/2020\/08\/tamie-koto4-220x109.jpg 220w, https:\/\/fjsp.org.br\/fjsp\/wp-content\/uploads\/2020\/08\/tamie-koto4-100x50.jpg 100w, https:\/\/fjsp.org.br\/fjsp\/wp-content\/uploads\/2020\/08\/tamie-koto4-130x64.jpg 130w, https:\/\/fjsp.org.br\/fjsp\/wp-content\/uploads\/2020\/08\/tamie-koto4-460x228.jpg 460w\" sizes=\"(max-width: 600px) 100vw, 600px\" \/><\/p>\n<p>&nbsp;<\/p>\n<p>No final do s\u00e9culo XVIII, surgiu a escola Yamada, fundada por Yamada Kengyo (1757 a 1817). Ela se baseava em narrativas, com mais destaque ao canto. Apesar de terem algumas pe\u00e7as do repert\u00f3rio em comum, os estilos diferem em sua orienta\u00e7\u00e3o. Tecnicamente, o estilo de execu\u00e7\u00e3o e o formato da unha s\u00e3o diferentes. O estilo Ikuta usa a unha com o formato retangular, enquanto o estilo Yamada adota a forma oval, o que leva os instrumentistas a sentarem de maneira diferente com rela\u00e7\u00e3o ao instrumento. O instrumentista da escola Ikuta senta num \u00e2ngulo obl\u00edquo, j\u00e1 os da escola Yamada sentam em \u00e2ngulo reto. A posi\u00e7\u00e3o que a m\u00e3o toca as cordas tamb\u00e9m difere. A escola Ikuta toca com a m\u00e3o inclinada em rela\u00e7\u00e3o \u00e0s cordas, e a escola Yamada toca com a m\u00e3o na posi\u00e7\u00e3o vertical.<\/p>\n<p>A professora Tamie toca o estilo Ikuta Ryu, da escola Seiha de Koto, do Jap\u00e3o, de onde recebeu o t\u00edtulo de mestre \u201cUtahito\u201d.<\/p>\n<p>&nbsp;<\/p>\n<h3><strong>O shamisen<\/strong><\/h3>\n<p>O shamisen,\u00a0ou samis\u00e9m, \u00e9 um instrumento musical japon\u00eas com tr\u00eas cordas, cuja caixa de resson\u00e2ncia tem um tampo de pele de gato ou cobra. Passou a ocupar o lugar do\u00a0biwa (antiga balalaica japonesa) nas m\u00fasicas narrativas por seu som mais potente. No s\u00e9culo XVI, come\u00e7aram a surgir compositores para o instrumento, que passaram a escrever as m\u00fasicas em partituras. Come\u00e7aram a surgir novos campos para o instrumento, como o\u00a0<em>sankyoku<\/em>\u00a0(m\u00fasica para koto,\u00a0<em>sangen<\/em>\u00a0e shakuhachi), o joruri (m\u00fasica que acompanha o drama do teatro de marionetes &#8211; Bunraku) e m\u00fasicas para o acompanhamento do teatro Kabuki.<\/p>\n<p>&nbsp;<\/p>\n<p><img loading=\"lazy\" decoding=\"async\" class=\"img-responsive img-fluid wp-image-12638 aligncenter\" src=\"https:\/\/fjsp.org.br\/fjsp\/wp-content\/uploads\/2020\/08\/tamie-shamisen.jpg\" alt=\"\" width=\"600\" height=\"354\" srcset=\"https:\/\/fjsp.org.br\/fjsp\/wp-content\/uploads\/2020\/08\/tamie-shamisen.jpg 1247w, https:\/\/fjsp.org.br\/fjsp\/wp-content\/uploads\/2020\/08\/tamie-shamisen-280x165.jpg 280w, https:\/\/fjsp.org.br\/fjsp\/wp-content\/uploads\/2020\/08\/tamie-shamisen-768x453.jpg 768w, https:\/\/fjsp.org.br\/fjsp\/wp-content\/uploads\/2020\/08\/tamie-shamisen-340x200.jpg 340w, https:\/\/fjsp.org.br\/fjsp\/wp-content\/uploads\/2020\/08\/tamie-shamisen-220x130.jpg 220w, https:\/\/fjsp.org.br\/fjsp\/wp-content\/uploads\/2020\/08\/tamie-shamisen-100x59.jpg 100w, https:\/\/fjsp.org.br\/fjsp\/wp-content\/uploads\/2020\/08\/tamie-shamisen-130x77.jpg 130w, https:\/\/fjsp.org.br\/fjsp\/wp-content\/uploads\/2020\/08\/tamie-shamisen-460x271.jpg 460w\" sizes=\"(max-width: 600px) 100vw, 600px\" \/><\/p>\n<p>&nbsp;<\/p>\n<h3><strong>Tamie Kitahara <\/strong><\/h3>\n<p><img loading=\"lazy\" decoding=\"async\" class=\"img-responsive img-fluid alignnone wp-image-12637\" src=\"https:\/\/fjsp.org.br\/fjsp\/wp-content\/uploads\/2020\/08\/tamie-perfil-site.jpg\" alt=\"\" width=\"400\" height=\"459\" srcset=\"https:\/\/fjsp.org.br\/fjsp\/wp-content\/uploads\/2020\/08\/tamie-perfil-site.jpg 853w, https:\/\/fjsp.org.br\/fjsp\/wp-content\/uploads\/2020\/08\/tamie-perfil-site-280x322.jpg 280w, https:\/\/fjsp.org.br\/fjsp\/wp-content\/uploads\/2020\/08\/tamie-perfil-site-768x882.jpg 768w, https:\/\/fjsp.org.br\/fjsp\/wp-content\/uploads\/2020\/08\/tamie-perfil-site-340x391.jpg 340w, https:\/\/fjsp.org.br\/fjsp\/wp-content\/uploads\/2020\/08\/tamie-perfil-site-220x253.jpg 220w, https:\/\/fjsp.org.br\/fjsp\/wp-content\/uploads\/2020\/08\/tamie-perfil-site-100x115.jpg 100w, https:\/\/fjsp.org.br\/fjsp\/wp-content\/uploads\/2020\/08\/tamie-perfil-site-130x149.jpg 130w, https:\/\/fjsp.org.br\/fjsp\/wp-content\/uploads\/2020\/08\/tamie-perfil-site-460x528.jpg 460w\" sizes=\"(max-width: 400px) 100vw, 400px\" \/><\/p>\n<p>&nbsp;<\/p>\n<p>A professora Tamie Kitahara nasceu no Jap\u00e3o na prov\u00edncia de Yamaguchi, na cidade de Ube, e veio para o Brasil em 1955. Durante sua inf\u00e2ncia, estudou koto no estilo <em>Ikuta-Ryu. <\/em>Desde 1982, dedica-se ao estilo <em>Ikuta-Seiha<\/em> e viajou v\u00e1rias vezes ao Jap\u00e3o para aperfei\u00e7oamento nas t\u00e9cnicas dos instrumentos koto e shamisen. Em 1982, foi vencedora, cantando no Concurso de Minyo (m\u00fasica folcl\u00f3rica japonesa), no gin\u00e1sio Budokan, em T\u00f3quio. Em 1996, foi aprovada em exame de aperfei\u00e7oamento, tornando-se mestra e recebendo ent\u00e3o o nome art\u00edstico <em>Utahito<\/em>, da escola Ikuta Seiha do Jap\u00e3o. Entre 1995 a 2011, esteve no Chile, na Venezuela, no Paraguai e na Bol\u00edvia a convite das respectivas embaixadas para apresentar m\u00fasicas tradicionais japonesas. Em 2003 e em 2013, foi ao Jap\u00e3o para participar das apresenta\u00e7\u00f5es em comemora\u00e7\u00e3o dos 90 e 100 anos de funda\u00e7\u00e3o da escola Seiha do Jap\u00e3o. No Brasil, tem se apresentado com v\u00e1rios m\u00fasicos e artistas brasileiros de renome, como Camilo Carrara, Shen Ribeiro, Gabriel Levy, \u00c2ngela Nagai, Val\u00e9ria Zaidan, Paulo Tatit e com o grupo Mawaca. \u00c9 representante do grupo Seiha Brasil de Koto, formada por 30 membros. Anualmente s\u00e3o realizadas apresenta\u00e7\u00f5es do grupo para difundir a cultura japonesa.<\/p>\n<p>&nbsp;<\/p>\n<p><img loading=\"lazy\" decoding=\"async\" class=\"img-responsive img-fluid wp-image-12632 aligncenter\" src=\"https:\/\/fjsp.org.br\/fjsp\/wp-content\/uploads\/2020\/08\/tamie-coral.jpg\" alt=\"\" width=\"570\" height=\"327\" srcset=\"https:\/\/fjsp.org.br\/fjsp\/wp-content\/uploads\/2020\/08\/tamie-coral.jpg 586w, https:\/\/fjsp.org.br\/fjsp\/wp-content\/uploads\/2020\/08\/tamie-coral-280x161.jpg 280w, https:\/\/fjsp.org.br\/fjsp\/wp-content\/uploads\/2020\/08\/tamie-coral-340x195.jpg 340w, https:\/\/fjsp.org.br\/fjsp\/wp-content\/uploads\/2020\/08\/tamie-coral-220x126.jpg 220w, https:\/\/fjsp.org.br\/fjsp\/wp-content\/uploads\/2020\/08\/tamie-coral-100x57.jpg 100w, https:\/\/fjsp.org.br\/fjsp\/wp-content\/uploads\/2020\/08\/tamie-coral-130x75.jpg 130w, https:\/\/fjsp.org.br\/fjsp\/wp-content\/uploads\/2020\/08\/tamie-coral-460x264.jpg 460w\" sizes=\"(max-width: 570px) 100vw, 570px\" \/><\/p>\n<p>&nbsp;<\/p>\n<h3><strong>Programa <\/strong><\/h3>\n<p>A primeira m\u00fasica se chama <strong>\u201cRokudan\u201d<\/strong> (6 degraus ou 6 movimentos), de Yatsuhashi Kengyo, uma das m\u00fasicas mais importantes para o repert\u00f3rio cl\u00e1ssico japon\u00eas. Pode ser considerada uma m\u00fasica de inicia\u00e7\u00e3o, n\u00e3o s\u00f3 do instrumento em si, mas do universo da m\u00fasica cl\u00e1ssica japonesa. A segunda, executada com o shamisen, se chama <strong>\u201cGion kouta\u201d<\/strong>, uma can\u00e7\u00e3o folcl\u00f3rica tradicional de Gion, um importante bairro da cidade de Quioto, onde no ver\u00e3o se realiza um festival tradicional com grandes carros aleg\u00f3ricos. O local \u00e9 tradicional das Maiko san, as famosas gueixas de Quioto. A terceira pe\u00e7a, tamb\u00e9m muito importante no repert\u00f3rio cl\u00e1ssico, se chama <strong>\u201cChidori no Kyoku\u201d, <\/strong>composi\u00e7\u00e3o de Yoshizawa Kengyo II para koto e voz. A tradu\u00e7\u00e3o seria m\u00fasica dos p\u00e1ssaros, sendo os p\u00e1ssaros em quest\u00e3o as tarambolas.<br \/>\nSegue a tradu\u00e7\u00e3o livre do canto desta m\u00fasica:<\/p>\n<blockquote>\n<p style=\"text-align: center;\"><em><strong>Chidori no Kyoku &#8211; m\u00fasica dos p\u00e1ssaros<\/strong><\/em><\/p>\n<p style=\"text-align: center;\">Em Shionoyama<br \/>\n<em>Brincando na areia<\/em><br \/>\n<em>Tarambolas chamam:<\/em><br \/>\n<em>Voc\u00ea meu senhor<\/em><br \/>\n<em>Que voc\u00ea viva oito mil anos!<\/em><br \/>\n<em>Voc\u00ea meu senhor,<\/em><br \/>\n<em>Que voc\u00ea viva oito mil anos!<\/em><\/p>\n<p style=\"text-align: center;\"><em>Na ilha Awaji<\/em><br \/>\n<em>A chamada das tarambolas<\/em><br \/>\n<em>Voando para l\u00e1 e para c\u00e1<\/em><br \/>\n<em>Quantas vezes eles acordaram<\/em><br \/>\n<em>O guarda da cidade Suma!<\/em><br \/>\n<em>Quantas vezes eles acordaram<\/em><br \/>\n<em>O guarda da cidade Suma!<\/em><\/p>\n<p>&nbsp;<\/p>\n<p style=\"text-align: center;\"><a href=\"https:\/\/www.youtube.com\/watch?v=Pn2FcVj0kSg\" target=\"_blank\" rel=\"noopener noreferrer\"><strong>Assista a apresenta\u00e7\u00e3o de Tamie Kitahara no projeto M\u00fasica no Castelo.<\/strong><\/a><\/p>\n<p>&nbsp;<\/p>\n<p><img loading=\"lazy\" decoding=\"async\" class=\"img-responsive img-fluid size-full wp-image-12643 aligncenter\" src=\"https:\/\/fjsp.org.br\/fjsp\/wp-content\/uploads\/2020\/08\/koto-half.jpg\" alt=\"\" width=\"800\" height=\"300\" srcset=\"https:\/\/fjsp.org.br\/fjsp\/wp-content\/uploads\/2020\/08\/koto-half.jpg 800w, https:\/\/fjsp.org.br\/fjsp\/wp-content\/uploads\/2020\/08\/koto-half-280x105.jpg 280w, https:\/\/fjsp.org.br\/fjsp\/wp-content\/uploads\/2020\/08\/koto-half-768x288.jpg 768w, https:\/\/fjsp.org.br\/fjsp\/wp-content\/uploads\/2020\/08\/koto-half-340x128.jpg 340w, https:\/\/fjsp.org.br\/fjsp\/wp-content\/uploads\/2020\/08\/koto-half-220x83.jpg 220w, https:\/\/fjsp.org.br\/fjsp\/wp-content\/uploads\/2020\/08\/koto-half-100x38.jpg 100w, https:\/\/fjsp.org.br\/fjsp\/wp-content\/uploads\/2020\/08\/koto-half-130x49.jpg 130w, https:\/\/fjsp.org.br\/fjsp\/wp-content\/uploads\/2020\/08\/koto-half-460x173.jpg 460w\" sizes=\"(max-width: 800px) 100vw, 800px\" \/><\/p><\/blockquote>\n<p>&nbsp;<\/p>\n<h3 style=\"text-align: center;\"><a href=\"https:\/\/fjsp.org.br\/fjsp\/agenda\/musica-no-castelo\/\"><strong>M\u00fasica no Castelo<\/strong><\/a><\/h3>\n","protected":false},"excerpt":{"rendered":"<p>\u65e5\u672c\u8a9e | English | Espa\u00f1ol &nbsp; &nbsp; Neste segundo concerto do projeto M\u00fasica no Castelo, realizado pela Funda\u00e7\u00e3o Jap\u00e3o, teremos a professora Tamie Kitahara, interpretando repert\u00f3rios cl\u00e1ssicos da m\u00fasica japonesa com dois instrumentos muito importantes na hist\u00f3ria da m\u00fasica japonesa, o koto, uma harpa horizontal japonesa ou uma grande c\u00edtara, e o shamisen. &nbsp; O [&hellip;]<\/p>\n","protected":false},"author":33,"featured_media":0,"parent":0,"menu_order":0,"comment_status":"closed","ping_status":"closed","template":"","meta":{"_acf_changed":false,"footnotes":""},"class_list":["post-12623","page","type-page","status-publish","hentry"],"acf":[],"_links":{"self":[{"href":"https:\/\/fjsp.org.br\/fjsp\/wp-json\/wp\/v2\/pages\/12623","targetHints":{"allow":["GET"]}}],"collection":[{"href":"https:\/\/fjsp.org.br\/fjsp\/wp-json\/wp\/v2\/pages"}],"about":[{"href":"https:\/\/fjsp.org.br\/fjsp\/wp-json\/wp\/v2\/types\/page"}],"author":[{"embeddable":true,"href":"https:\/\/fjsp.org.br\/fjsp\/wp-json\/wp\/v2\/users\/33"}],"replies":[{"embeddable":true,"href":"https:\/\/fjsp.org.br\/fjsp\/wp-json\/wp\/v2\/comments?post=12623"}],"version-history":[{"count":3,"href":"https:\/\/fjsp.org.br\/fjsp\/wp-json\/wp\/v2\/pages\/12623\/revisions"}],"predecessor-version":[{"id":16350,"href":"https:\/\/fjsp.org.br\/fjsp\/wp-json\/wp\/v2\/pages\/12623\/revisions\/16350"}],"wp:attachment":[{"href":"https:\/\/fjsp.org.br\/fjsp\/wp-json\/wp\/v2\/media?parent=12623"}],"curies":[{"name":"wp","href":"https:\/\/api.w.org\/{rel}","templated":true}]}}