{"id":13558,"date":"2021-01-12T09:51:02","date_gmt":"2021-01-12T12:51:02","guid":{"rendered":"https:\/\/fjsp.org.br\/fjsp\/?page_id=13558"},"modified":"2021-03-16T10:40:29","modified_gmt":"2021-03-16T13:40:29","slug":"vamos_de_kamishibai_cozinheiro_mal_humorado","status":"publish","type":"page","link":"https:\/\/fjsp.org.br\/fjsp\/vamos_de_kamishibai_cozinheiro_mal_humorado\/","title":{"rendered":"Vamos de Kamishibai! &#8211; Cozinheiro mal-humorado"},"content":{"rendered":"<p style=\"text-align: right\"><a href=\"https:\/\/fjsp.org.br\/fjsp\/vamos_de_kamishibai\/\">Vamos de Kamishibai!<\/a> &gt; Cozinheiro mal-humorado<\/p>\n<p>&nbsp;<\/p>\n<div class='cleaner'><\/div>\n<div class='videoWrapper embed-responsive embed-responsive-16by9 ratio ratio-4x3'><iframe title=\"Vamos de Kamishibai! \u2013 Cozinheiro mal-humorado \u2013 SAKIKO YOKOO\" width=\"700\" height=\"525\" src=\"https:\/\/www.youtube.com\/embed\/qjPjZrJwia0?feature=oembed\" frameborder=\"0\" allow=\"accelerometer; autoplay; clipboard-write; encrypted-media; gyroscope; picture-in-picture\" allowfullscreen><\/iframe><\/div>\n<p>&nbsp;<\/p>\n<h3><strong>As atividades de <i>Kamishibai<\/i> (Teatro de Papel) no M\u00e9xico<\/strong><\/h3>\n<p>&nbsp;<\/p>\n<p><img fetchpriority=\"high\" decoding=\"async\" class=\"img-responsive img-fluid wp-image-13562 alignright\" src=\"https:\/\/fjsp.org.br\/fjsp\/wp-content\/uploads\/2020\/11\/copia-de.jpg\" alt=\"\" width=\"280\" height=\"420\" srcset=\"https:\/\/fjsp.org.br\/fjsp\/wp-content\/uploads\/2020\/11\/copia-de.jpg 853w, https:\/\/fjsp.org.br\/fjsp\/wp-content\/uploads\/2020\/11\/copia-de-280x420.jpg 280w, https:\/\/fjsp.org.br\/fjsp\/wp-content\/uploads\/2020\/11\/copia-de-768x1152.jpg 768w, https:\/\/fjsp.org.br\/fjsp\/wp-content\/uploads\/2020\/11\/copia-de-340x510.jpg 340w, https:\/\/fjsp.org.br\/fjsp\/wp-content\/uploads\/2020\/11\/copia-de-220x330.jpg 220w, https:\/\/fjsp.org.br\/fjsp\/wp-content\/uploads\/2020\/11\/copia-de-100x150.jpg 100w, https:\/\/fjsp.org.br\/fjsp\/wp-content\/uploads\/2020\/11\/copia-de-130x195.jpg 130w, https:\/\/fjsp.org.br\/fjsp\/wp-content\/uploads\/2020\/11\/copia-de-460x690.jpg 460w\" sizes=\"(max-width: 280px) 100vw, 280px\" \/><\/p>\n<p><span style=\"font-weight: 400\">Meu marido \u00e9 mexicano e trabalha com o ensino de arte. O choque que ele teve ao assistir \u00e0 uma exibi\u00e7\u00e3o de <\/span><i><span style=\"font-weight: 400\">Kamishibai<\/span><\/i><span style=\"font-weight: 400\"> em Yanakaginza, T\u00f3quio, aconteceu em 2008.<\/span><\/p>\n<p><span style=\"font-weight: 400\">\u2014 Isto trar\u00e1 novos ares para os mexicanos, disse ele.<\/span><\/p>\n<p><span style=\"font-weight: 400\">Com essa convic\u00e7\u00e3o, ficou muito interessado em realizar uma pesquisa s\u00e9ria sobre o <\/span><i><span style=\"font-weight: 400\">Kamishibai<\/span><\/i><span style=\"font-weight: 400\">. Por obra do destino, houve o contato com a Professora Eiko Matsui, que nos ensinou a ess\u00eancia e a t\u00e9cnica do <\/span><i><span style=\"font-weight: 400\">Kamishibai<\/span><\/i><span style=\"font-weight: 400\">.\u00a0<\/span><\/p>\n<p><span style=\"font-weight: 400\">A primeira parte do projeto de <\/span><i><span style=\"font-weight: 400\">Kamishibai<\/span><\/i><span style=\"font-weight: 400\"> do M\u00e9xico foi um workshop realizado no Centro Teatral de Michoac\u00e1n, em 2011, com o subs\u00eddio da Funda\u00e7\u00e3o Jap\u00e3o.<\/span><\/p>\n<p><span style=\"font-weight: 400\">No mesmo ano, gra\u00e7as \u00e0 caracter\u00edstica de f\u00e1cil mobilidade do <\/span><i><span style=\"font-weight: 400\">Kamishibai<\/span><\/i><span style=\"font-weight: 400\">, fizemos propostas \u00e0 maior feira de livros infantis da Am\u00e9rica Central e do Sul e ao Minist\u00e9rio da Cultura do M\u00e9xico. Felizmente, nosso projeto foi escolhido. Desde ent\u00e3o, realizamos mais de 500 palestras ao longo de 10 anos para cerca de 20 mil pessoas, entre crian\u00e7as e adultos. Por meio do <\/span><i><span style=\"font-weight: 400\">Kamishibai<\/span><\/i><span style=\"font-weight: 400\">, temos a alegria de compartilhar os sentimentos com a plateia. Realizamos tamb\u00e9m mais de 20 workshops voltados para pessoas envolvidas com a educa\u00e7\u00e3o e cultura, totalizando cerca de 600 participantes.\u00a0<\/span><\/p>\n<p><span style=\"font-weight: 400\">O <\/span><i><span style=\"font-weight: 400\">Kamishibai<\/span><\/i><span style=\"font-weight: 400\"> criou fortes ra\u00edzes no M\u00e9xico e continua dando frutos em abund\u00e2ncia.<\/span><\/p>\n<p>&nbsp;<\/p>\n<p>&nbsp;<\/p>\n<h3><strong>Sakiko Yokoo<\/strong><\/h3>\n<p>&nbsp;<\/p>\n<p><img decoding=\"async\" class=\"img-responsive img-fluid wp-image-13570 alignleft\" src=\"https:\/\/fjsp.org.br\/fjsp\/wp-content\/uploads\/2020\/11\/copia-de-sakiko-profile.jpg\" alt=\"\" width=\"200\" height=\"220\" srcset=\"https:\/\/fjsp.org.br\/fjsp\/wp-content\/uploads\/2020\/11\/copia-de-sakiko-profile.jpg 465w, https:\/\/fjsp.org.br\/fjsp\/wp-content\/uploads\/2020\/11\/copia-de-sakiko-profile-280x308.jpg 280w, https:\/\/fjsp.org.br\/fjsp\/wp-content\/uploads\/2020\/11\/copia-de-sakiko-profile-340x374.jpg 340w, https:\/\/fjsp.org.br\/fjsp\/wp-content\/uploads\/2020\/11\/copia-de-sakiko-profile-220x242.jpg 220w, https:\/\/fjsp.org.br\/fjsp\/wp-content\/uploads\/2020\/11\/copia-de-sakiko-profile-100x110.jpg 100w, https:\/\/fjsp.org.br\/fjsp\/wp-content\/uploads\/2020\/11\/copia-de-sakiko-profile-130x143.jpg 130w, https:\/\/fjsp.org.br\/fjsp\/wp-content\/uploads\/2020\/11\/copia-de-sakiko-profile-460x506.jpg 460w\" sizes=\"(max-width: 200px) 100vw, 200px\" \/><\/p>\n<p><span style=\"font-weight: 400\">Nascida na Prov\u00edncia de Yamagata, em 1979.\u00a0<\/span><\/p>\n<p><span style=\"font-weight: 400\">Cursou gradua\u00e7\u00e3o e p\u00f3s-gradua\u00e7\u00e3o em Dan\u00e7a na Ochanomizu University (Mestrado em Ci\u00eancias Humanas).<\/span><\/p>\n<p><span style=\"font-weight: 400\">Em 2010, fundou a \u201cteotsunagu\u201d (NPO relacionada ao Jap\u00e3o e ao M\u00e9xico).\u00a0<\/span><\/p>\n<p><span style=\"font-weight: 400\">A partir de 2011, estabeleceu uma base no M\u00e9xico e, desde ent\u00e3o, planeja e realiza projetos de interc\u00e2mbio, atuando como uma ponte entre as culturas de ambos os pa\u00edses. J\u00e1 realizou diversas apresenta\u00e7\u00f5es e orienta\u00e7\u00f5es sobre <\/span><i><span style=\"font-weight: 400\">Kamishibai<\/span><\/i><span style=\"font-weight: 400\"> e dan\u00e7a com a colabora\u00e7\u00e3o do Minist\u00e9rio da Cultura do M\u00e9xico, Funda\u00e7\u00e3o Jap\u00e3o e outras entidades.<\/span><\/p>\n<p><span style=\"font-weight: 400\">Atualmente, atua em conjunto com o Centro Cultural Keikou, na Cidade do M\u00e9xico, tendo como tema \u201ca constru\u00e7\u00e3o da paz atrav\u00e9s da cultura\u201d.<\/span><\/p>\n<p>&nbsp;<\/p>\n<hr \/>\n<h3 style=\"text-align: center\"><strong><br \/>\nVamos ver mais hist\u00f3rias ?<\/strong><\/h3>\n<p><a href=\"https:\/\/fjsp.org.br\/fjsp\/vamos_de_kamishibai_ogros_bolinha_comiloes\/\"><img decoding=\"async\" class=\"img-responsive img-fluid alignnone wp-image-13696\" src=\"https:\/\/fjsp.org.br\/fjsp\/wp-content\/uploads\/2020\/11\/botao-final-07.png\" alt=\"\" width=\"175\" height=\"120\" srcset=\"https:\/\/fjsp.org.br\/fjsp\/wp-content\/uploads\/2020\/11\/botao-final-07.png 1043w, https:\/\/fjsp.org.br\/fjsp\/wp-content\/uploads\/2020\/11\/botao-final-07-280x192.png 280w, https:\/\/fjsp.org.br\/fjsp\/wp-content\/uploads\/2020\/11\/botao-final-07-768x526.png 768w, https:\/\/fjsp.org.br\/fjsp\/wp-content\/uploads\/2020\/11\/botao-final-07-340x233.png 340w, https:\/\/fjsp.org.br\/fjsp\/wp-content\/uploads\/2020\/11\/botao-final-07-220x151.png 220w, https:\/\/fjsp.org.br\/fjsp\/wp-content\/uploads\/2020\/11\/botao-final-07-100x68.png 100w, https:\/\/fjsp.org.br\/fjsp\/wp-content\/uploads\/2020\/11\/botao-final-07-130x89.png 130w, https:\/\/fjsp.org.br\/fjsp\/wp-content\/uploads\/2020\/11\/botao-final-07-460x315.png 460w\" sizes=\"(max-width: 175px) 100vw, 175px\" \/><\/a> \u00a0<img loading=\"lazy\" decoding=\"async\" class=\"img-responsive img-fluid alignnone wp-image-13703\" src=\"https:\/\/fjsp.org.br\/fjsp\/wp-content\/uploads\/2020\/11\/botao-final-02.png\" alt=\"\" width=\"183\" height=\"125\" srcset=\"https:\/\/fjsp.org.br\/fjsp\/wp-content\/uploads\/2020\/11\/botao-final-02.png 1043w, https:\/\/fjsp.org.br\/fjsp\/wp-content\/uploads\/2020\/11\/botao-final-02-280x192.png 280w, https:\/\/fjsp.org.br\/fjsp\/wp-content\/uploads\/2020\/11\/botao-final-02-768x526.png 768w, https:\/\/fjsp.org.br\/fjsp\/wp-content\/uploads\/2020\/11\/botao-final-02-340x233.png 340w, https:\/\/fjsp.org.br\/fjsp\/wp-content\/uploads\/2020\/11\/botao-final-02-220x151.png 220w, https:\/\/fjsp.org.br\/fjsp\/wp-content\/uploads\/2020\/11\/botao-final-02-100x69.png 100w, https:\/\/fjsp.org.br\/fjsp\/wp-content\/uploads\/2020\/11\/botao-final-02-130x89.png 130w, https:\/\/fjsp.org.br\/fjsp\/wp-content\/uploads\/2020\/11\/botao-final-02-460x315.png 460w\" sizes=\"(max-width: 183px) 100vw, 183px\" \/><a href=\"https:\/\/fjsp.org.br\/fjsp\/vamos_de_kamishibai_yoisho_yoisho\/\"><img loading=\"lazy\" decoding=\"async\" class=\"img-responsive img-fluid alignnone wp-image-14668\" src=\"https:\/\/fjsp.org.br\/fjsp\/wp-content\/uploads\/2021\/01\/botao-final-09.png\" alt=\"\" width=\"175\" height=\"120\" srcset=\"https:\/\/fjsp.org.br\/fjsp\/wp-content\/uploads\/2021\/01\/botao-final-09.png 1042w, https:\/\/fjsp.org.br\/fjsp\/wp-content\/uploads\/2021\/01\/botao-final-09-280x192.png 280w, https:\/\/fjsp.org.br\/fjsp\/wp-content\/uploads\/2021\/01\/botao-final-09-768x526.png 768w, https:\/\/fjsp.org.br\/fjsp\/wp-content\/uploads\/2021\/01\/botao-final-09-340x233.png 340w, https:\/\/fjsp.org.br\/fjsp\/wp-content\/uploads\/2021\/01\/botao-final-09-220x151.png 220w, https:\/\/fjsp.org.br\/fjsp\/wp-content\/uploads\/2021\/01\/botao-final-09-100x69.png 100w, https:\/\/fjsp.org.br\/fjsp\/wp-content\/uploads\/2021\/01\/botao-final-09-130x89.png 130w, https:\/\/fjsp.org.br\/fjsp\/wp-content\/uploads\/2021\/01\/botao-final-09-460x315.png 460w\" sizes=\"(max-width: 175px) 100vw, 175px\" \/><\/a><a href=\"https:\/\/fjsp.org.br\/fjsp\/vamos_de_kamishibai_oni_no_setsubun\/\"><img loading=\"lazy\" decoding=\"async\" class=\"img-responsive img-fluid alignnone wp-image-15327\" src=\"https:\/\/fjsp.org.br\/fjsp\/wp-content\/uploads\/2021\/02\/botao-final-11.png\" alt=\"\" width=\"175\" height=\"120\" srcset=\"https:\/\/fjsp.org.br\/fjsp\/wp-content\/uploads\/2021\/02\/botao-final-11.png 1043w, https:\/\/fjsp.org.br\/fjsp\/wp-content\/uploads\/2021\/02\/botao-final-11-280x192.png 280w, https:\/\/fjsp.org.br\/fjsp\/wp-content\/uploads\/2021\/02\/botao-final-11-768x526.png 768w, https:\/\/fjsp.org.br\/fjsp\/wp-content\/uploads\/2021\/02\/botao-final-11-340x233.png 340w, https:\/\/fjsp.org.br\/fjsp\/wp-content\/uploads\/2021\/02\/botao-final-11-220x151.png 220w, https:\/\/fjsp.org.br\/fjsp\/wp-content\/uploads\/2021\/02\/botao-final-11-100x68.png 100w, https:\/\/fjsp.org.br\/fjsp\/wp-content\/uploads\/2021\/02\/botao-final-11-130x89.png 130w, https:\/\/fjsp.org.br\/fjsp\/wp-content\/uploads\/2021\/02\/botao-final-11-460x315.png 460w\" sizes=\"(max-width: 175px) 100vw, 175px\" \/><\/a><a href=\"https:\/\/fjsp.org.br\/fjsp\/vamos_de_kamishibai_omusubi_kororin\/\"><img loading=\"lazy\" decoding=\"async\" class=\"img-responsive img-fluid alignnone wp-image-15500\" src=\"https:\/\/fjsp.org.br\/fjsp\/wp-content\/uploads\/2021\/02\/botao-final-10.png\" alt=\"\" width=\"175\" height=\"120\" srcset=\"https:\/\/fjsp.org.br\/fjsp\/wp-content\/uploads\/2021\/02\/botao-final-10.png 1043w, https:\/\/fjsp.org.br\/fjsp\/wp-content\/uploads\/2021\/02\/botao-final-10-280x192.png 280w, https:\/\/fjsp.org.br\/fjsp\/wp-content\/uploads\/2021\/02\/botao-final-10-768x526.png 768w, https:\/\/fjsp.org.br\/fjsp\/wp-content\/uploads\/2021\/02\/botao-final-10-340x233.png 340w, https:\/\/fjsp.org.br\/fjsp\/wp-content\/uploads\/2021\/02\/botao-final-10-220x151.png 220w, https:\/\/fjsp.org.br\/fjsp\/wp-content\/uploads\/2021\/02\/botao-final-10-100x68.png 100w, https:\/\/fjsp.org.br\/fjsp\/wp-content\/uploads\/2021\/02\/botao-final-10-130x89.png 130w, https:\/\/fjsp.org.br\/fjsp\/wp-content\/uploads\/2021\/02\/botao-final-10-460x315.png 460w\" sizes=\"(max-width: 175px) 100vw, 175px\" \/><\/a><a href=\"https:\/\/fjsp.org.br\/fjsp\/vamos_de_kamishibai_tanabata\/\"><img loading=\"lazy\" decoding=\"async\" class=\"img-responsive img-fluid alignnone wp-image-15894\" src=\"https:\/\/fjsp.org.br\/fjsp\/wp-content\/uploads\/2021\/03\/botao-final-12.png\" alt=\"\" width=\"175\" height=\"120\" srcset=\"https:\/\/fjsp.org.br\/fjsp\/wp-content\/uploads\/2021\/03\/botao-final-12.png 1042w, https:\/\/fjsp.org.br\/fjsp\/wp-content\/uploads\/2021\/03\/botao-final-12-280x192.png 280w, https:\/\/fjsp.org.br\/fjsp\/wp-content\/uploads\/2021\/03\/botao-final-12-768x526.png 768w, https:\/\/fjsp.org.br\/fjsp\/wp-content\/uploads\/2021\/03\/botao-final-12-340x233.png 340w, https:\/\/fjsp.org.br\/fjsp\/wp-content\/uploads\/2021\/03\/botao-final-12-220x151.png 220w, https:\/\/fjsp.org.br\/fjsp\/wp-content\/uploads\/2021\/03\/botao-final-12-100x69.png 100w, https:\/\/fjsp.org.br\/fjsp\/wp-content\/uploads\/2021\/03\/botao-final-12-130x89.png 130w, https:\/\/fjsp.org.br\/fjsp\/wp-content\/uploads\/2021\/03\/botao-final-12-460x315.png 460w\" sizes=\"(max-width: 175px) 100vw, 175px\" \/><\/a><\/p>\n<p>&nbsp;<\/p>\n<h4 style=\"text-align: center\"><strong>Para assistir o webin\u00e1rio, clique na imagem abaixo.<\/strong><\/h4>\n<p><a href=\"https:\/\/fjsp.org.br\/fjsp\/agenda\/vamos_de_kamishibai_webinario\/\" target=\"_blank\" rel=\"noopener\"><img loading=\"lazy\" decoding=\"async\" class=\"img-responsive img-fluid aligncenter wp-image-15508\" src=\"https:\/\/fjsp.org.br\/fjsp\/wp-content\/uploads\/2021\/02\/botao-vamos-kamishibai-webinar.jpg\" alt=\"\" width=\"600\" height=\"153\" srcset=\"https:\/\/fjsp.org.br\/fjsp\/wp-content\/uploads\/2021\/02\/botao-vamos-kamishibai-webinar.jpg 850w, https:\/\/fjsp.org.br\/fjsp\/wp-content\/uploads\/2021\/02\/botao-vamos-kamishibai-webinar-280x71.jpg 280w, https:\/\/fjsp.org.br\/fjsp\/wp-content\/uploads\/2021\/02\/botao-vamos-kamishibai-webinar-768x196.jpg 768w, https:\/\/fjsp.org.br\/fjsp\/wp-content\/uploads\/2021\/02\/botao-vamos-kamishibai-webinar-340x87.jpg 340w, https:\/\/fjsp.org.br\/fjsp\/wp-content\/uploads\/2021\/02\/botao-vamos-kamishibai-webinar-220x56.jpg 220w, https:\/\/fjsp.org.br\/fjsp\/wp-content\/uploads\/2021\/02\/botao-vamos-kamishibai-webinar-100x26.jpg 100w, https:\/\/fjsp.org.br\/fjsp\/wp-content\/uploads\/2021\/02\/botao-vamos-kamishibai-webinar-130x33.jpg 130w, https:\/\/fjsp.org.br\/fjsp\/wp-content\/uploads\/2021\/02\/botao-vamos-kamishibai-webinar-460x117.jpg 460w\" sizes=\"(max-width: 600px) 100vw, 600px\" \/><\/a><\/p>\n<p>&nbsp;<\/p>\n<hr \/>\n<h4 style=\"text-align: center\"><a href=\"https:\/\/fjsp.org.br\/fjsp\/vamos_de_kamishibai\/\"><strong><img loading=\"lazy\" decoding=\"async\" class=\"img-responsive img-fluid alignnone wp-image-13885\" src=\"https:\/\/fjsp.org.br\/fjsp\/wp-content\/uploads\/2020\/11\/logo-final-fullhd-partes-madeira-final-v2.png\" alt=\"\" width=\"200\" height=\"113\" srcset=\"https:\/\/fjsp.org.br\/fjsp\/wp-content\/uploads\/2020\/11\/logo-final-fullhd-partes-madeira-final-v2.png 1920w, https:\/\/fjsp.org.br\/fjsp\/wp-content\/uploads\/2020\/11\/logo-final-fullhd-partes-madeira-final-v2-280x158.png 280w, https:\/\/fjsp.org.br\/fjsp\/wp-content\/uploads\/2020\/11\/logo-final-fullhd-partes-madeira-final-v2-768x432.png 768w, https:\/\/fjsp.org.br\/fjsp\/wp-content\/uploads\/2020\/11\/logo-final-fullhd-partes-madeira-final-v2-1536x864.png 1536w, https:\/\/fjsp.org.br\/fjsp\/wp-content\/uploads\/2020\/11\/logo-final-fullhd-partes-madeira-final-v2-340x191.png 340w, https:\/\/fjsp.org.br\/fjsp\/wp-content\/uploads\/2020\/11\/logo-final-fullhd-partes-madeira-final-v2-220x124.png 220w, https:\/\/fjsp.org.br\/fjsp\/wp-content\/uploads\/2020\/11\/logo-final-fullhd-partes-madeira-final-v2-100x56.png 100w, https:\/\/fjsp.org.br\/fjsp\/wp-content\/uploads\/2020\/11\/logo-final-fullhd-partes-madeira-final-v2-130x73.png 130w, https:\/\/fjsp.org.br\/fjsp\/wp-content\/uploads\/2020\/11\/logo-final-fullhd-partes-madeira-final-v2-460x259.png 460w\" sizes=\"(max-width: 200px) 100vw, 200px\" \/><br \/>\nP\u00e1gina inicial<\/strong><\/a><\/h4>\n<p>&nbsp;<\/p>\n<script type=\"text\/javascript\"> toolTips('.classtoolTips76','A palavra <em><span class='tooltipsall tooltipsincontent classtoolTips76'>kami<\/span><\/em> significa \u201cm\u00edstico\u201d, \u201csuperior\u201d, \u201cdivino\u201d, estando normalmente ligada ao poder sagrado ou divino.'); <\/script>","protected":false},"excerpt":{"rendered":"<p>Vamos de Kamishibai! &gt; Cozinheiro mal-humorado &nbsp; &nbsp; As atividades de Kamishibai (Teatro de Papel) no M\u00e9xico &nbsp; Meu marido \u00e9 mexicano e trabalha com o ensino de arte. O choque que ele teve ao assistir \u00e0 uma exibi\u00e7\u00e3o de Kamishibai em Yanakaginza, T\u00f3quio, aconteceu em 2008. \u2014 Isto trar\u00e1 novos ares para os mexicanos, [&hellip;]<\/p>\n","protected":false},"author":34,"featured_media":0,"parent":0,"menu_order":0,"comment_status":"closed","ping_status":"closed","template":"","meta":{"_acf_changed":false,"footnotes":""},"class_list":["post-13558","page","type-page","status-publish","hentry"],"acf":[],"_links":{"self":[{"href":"https:\/\/fjsp.org.br\/fjsp\/wp-json\/wp\/v2\/pages\/13558","targetHints":{"allow":["GET"]}}],"collection":[{"href":"https:\/\/fjsp.org.br\/fjsp\/wp-json\/wp\/v2\/pages"}],"about":[{"href":"https:\/\/fjsp.org.br\/fjsp\/wp-json\/wp\/v2\/types\/page"}],"author":[{"embeddable":true,"href":"https:\/\/fjsp.org.br\/fjsp\/wp-json\/wp\/v2\/users\/34"}],"replies":[{"embeddable":true,"href":"https:\/\/fjsp.org.br\/fjsp\/wp-json\/wp\/v2\/comments?post=13558"}],"version-history":[{"count":3,"href":"https:\/\/fjsp.org.br\/fjsp\/wp-json\/wp\/v2\/pages\/13558\/revisions"}],"predecessor-version":[{"id":16023,"href":"https:\/\/fjsp.org.br\/fjsp\/wp-json\/wp\/v2\/pages\/13558\/revisions\/16023"}],"wp:attachment":[{"href":"https:\/\/fjsp.org.br\/fjsp\/wp-json\/wp\/v2\/media?parent=13558"}],"curies":[{"name":"wp","href":"https:\/\/api.w.org\/{rel}","templated":true}]}}