{"id":13579,"date":"2021-02-01T09:30:56","date_gmt":"2021-02-01T12:30:56","guid":{"rendered":"https:\/\/fjsp.org.br\/fjsp\/?page_id=13579"},"modified":"2021-03-16T10:40:40","modified_gmt":"2021-03-16T13:40:40","slug":"vamos_de_kamishibai_oni_no_setsubun","status":"publish","type":"page","link":"https:\/\/fjsp.org.br\/fjsp\/vamos_de_kamishibai_oni_no_setsubun\/","title":{"rendered":"Vamos de Kamishibai! &#8211; Oni no setsubun"},"content":{"rendered":"<p style=\"text-align: right\"><a href=\"https:\/\/fjsp.org.br\/fjsp\/vamos_de_kamishibai\/\">Vamos de Kamishibai!<\/a> &gt; Oni no setsubun<\/p>\n<div class='cleaner'><\/div>\n<div class='videoWrapper embed-responsive embed-responsive-16by9 ratio ratio-16x9'><iframe title=\"Vamos de Kamishibai! \u2013 Oni no setsubun \u2013 YUMI IZUYAMA\" width=\"700\" height=\"394\" src=\"https:\/\/www.youtube.com\/embed\/h6HM_hgVk3I?feature=oembed\" frameborder=\"0\" allow=\"accelerometer; autoplay; clipboard-write; encrypted-media; gyroscope; picture-in-picture\" allowfullscreen><\/iframe><\/div>\n<p>&nbsp;<\/p>\n<p><span style=\"font-weight: 400\">Por que n\u00e3o celebrar o \u201c<\/span><i><span style=\"font-weight: 400\">setsubun<\/span><\/i><span style=\"font-weight: 400\">\u201d para atrair sorte? Construam m\u00e1scaras de <\/span><i><span style=\"font-weight: 400\">oni<\/span><\/i><span style=\"font-weight: 400\"> e aproveitem para ensinar as palavras relacionadas \u00e0 cabe\u00e7a do <\/span><i><span style=\"font-weight: 400\">oni<\/span><\/i><span style=\"font-weight: 400\"> em japon\u00eas, como sobrancelhas, olhos, chifres, cabelos, etc. Pintem as m\u00e1scaras e ensinem os nomes das cores em japon\u00eas. Depois de fazer \u201c<\/span><i><span style=\"font-weight: 400\">mamemaki<\/span><\/i><span style=\"font-weight: 400\">,\u201dcada pessoa pode contar, em japon\u00eas, o n\u00famero de gr\u00e3os equivalente \u00e0 sua idade, para com\u00ea-los. Os japoneses acreditam que isso traz sorte. Lembrem-se que os gr\u00e3os consumidos s\u00e3o de feij\u00f5es de soja torrados.<\/span><\/p>\n<p>&nbsp;<\/p>\n<p>&nbsp;<\/p>\n<h3><strong>Cria\u00e7\u00e3o de <i>kamishibai<\/i> na sala de aula \u2014 relato das escolas de Boston, Massachusetts, nos Estados Unidos<\/strong><\/h3>\n<p>&nbsp;<\/p>\n<p><span style=\"font-weight: 400\">Nos Estados Unidos, \u00e9 comum os professores do ensino fundamental escolherem um pa\u00eds para estudar mais a fundo a sua geografia, hist\u00f3ria e cultura durante o ano letivo. Entre os professores que escolhem o Jap\u00e3o, muitos se interessam pelo <\/span><i><span style=\"font-weight: 400\">kamishibai<\/span><\/i><span style=\"font-weight: 400\">. Sem d\u00favida, o <\/span><i><span style=\"font-weight: 400\">kamishibai<\/span><\/i><span style=\"font-weight: 400\"> \u00e9 uma ferramenta atraente para os alunos conhecerem contos tradicionais japoneses. Para os professores, no entanto, o interesse n\u00e3o se limita a isso. Uma vez que as crian\u00e7as se familiarizam com o formato do <\/span><i><span style=\"font-weight: 400\">kamishibai<\/span><\/i><span style=\"font-weight: 400\">, elas criam os seus pr\u00f3prios <\/span><i><span style=\"font-weight: 400\">kamishibai<\/span><\/i><span style=\"font-weight: 400\"> em equipe. Essa atividade envolve diversas habilidades lingu\u00edsticas, art\u00edsticas e de colabora\u00e7\u00e3o, o que atrai os professores.\u00a0<\/span><\/p>\n<p><span style=\"font-weight: 400\">Para criar um <\/span><i><span style=\"font-weight: 400\">kamishibai<\/span><\/i><span style=\"font-weight: 400\">, os alunos precisam compreender e visualizar a narrativa e dividi-la em cenas distintas, que transmitam a hist\u00f3ria com clareza. Os professores relatam que o processo de definir e desenhar as cenas revela se houve partes da hist\u00f3ria que os alunos n\u00e3o entenderam bem. Quando as crian\u00e7as possuem habilidades de escrita mais avan\u00e7adas, elas tamb\u00e9m reescrevem o texto com as suas pr\u00f3prias palavras. Essa \u00e9 uma outra forma de verificar a compreens\u00e3o, ao mesmo tempo em que se pratica a escrita. Al\u00e9m disso, quando criam o <\/span><i><span style=\"font-weight: 400\">kamishibai<\/span><\/i><span style=\"font-weight: 400\"> em equipe, os alunos aprendem a trabalhar colaborativamente, conciliando as diferentes interpreta\u00e7\u00f5es que surgem no grupo durante o processo.\u00a0<\/span><\/p>\n<p><span style=\"font-weight: 400\">Os professores concluem que a cria\u00e7\u00e3o do <\/span><i><span style=\"font-weight: 400\">kamishibai<\/span><\/i><span style=\"font-weight: 400\"> \u00e9 uma atividade muito atraente, possibilitando trabalhar com v\u00e1rias habilidades lingu\u00edsticas, art\u00edsticas e de colabora\u00e7\u00e3o, por meio de uma atividade divertida e com uma finalidade concreta \u2014 apresentar aos colegas o <\/span><i><span style=\"font-weight: 400\">kamishibai<\/span><\/i><span style=\"font-weight: 400\"> que criaram \u2014, motivando as crian\u00e7as a trabalharem com bastante entusiasmo.\u00a0<\/span><\/p>\n<p>&nbsp;<\/p>\n<p>&nbsp;<\/p>\n<h3><strong>Yumi Izuyama<\/strong><\/h3>\n<p>&nbsp;<\/p>\n<p><img fetchpriority=\"high\" decoding=\"async\" class=\"img-responsive img-fluid wp-image-13580 alignnone\" src=\"https:\/\/fjsp.org.br\/fjsp\/wp-content\/uploads\/2020\/11\/yumiizuyama-profile.jpg\" alt=\"\" width=\"200\" height=\"268\" srcset=\"https:\/\/fjsp.org.br\/fjsp\/wp-content\/uploads\/2020\/11\/yumiizuyama-profile.jpg 1404w, https:\/\/fjsp.org.br\/fjsp\/wp-content\/uploads\/2020\/11\/yumiizuyama-profile-280x375.jpg 280w, https:\/\/fjsp.org.br\/fjsp\/wp-content\/uploads\/2020\/11\/yumiizuyama-profile-768x1027.jpg 768w, https:\/\/fjsp.org.br\/fjsp\/wp-content\/uploads\/2020\/11\/yumiizuyama-profile-1148x1536.jpg 1148w, https:\/\/fjsp.org.br\/fjsp\/wp-content\/uploads\/2020\/11\/yumiizuyama-profile-340x455.jpg 340w, https:\/\/fjsp.org.br\/fjsp\/wp-content\/uploads\/2020\/11\/yumiizuyama-profile-220x294.jpg 220w, https:\/\/fjsp.org.br\/fjsp\/wp-content\/uploads\/2020\/11\/yumiizuyama-profile-100x134.jpg 100w, https:\/\/fjsp.org.br\/fjsp\/wp-content\/uploads\/2020\/11\/yumiizuyama-profile-130x174.jpg 130w, https:\/\/fjsp.org.br\/fjsp\/wp-content\/uploads\/2020\/11\/yumiizuyama-profile-460x615.jpg 460w\" sizes=\"(max-width: 200px) 100vw, 200px\" \/><\/p>\n<p>&nbsp;<\/p>\n<p><span style=\"font-weight: 400\">Ilustradora, escritora, contadora de <\/span><i><span style=\"font-weight: 400\">kamishibai<\/span><\/i><span style=\"font-weight: 400\"> (teatro de papel japon\u00eas) e professora de l\u00edngua japonesa. Reside no estado de Massachusetts, nos Estados Unidos. Conduz programas educacionais de <\/span><i><span style=\"font-weight: 400\">kamishibai<\/span><\/i><span style=\"font-weight: 400\"> em escolas e bibliotecas desde 2006. Tem 20 anos de experi\u00eancia escrevendo materiais did\u00e1ticos multim\u00eddia em l\u00edngua inglesa para crian\u00e7as. \u00c9 Mestra em Lingu\u00edstica pela Universidade de York (Inglaterra).<\/span><\/p>\n<p>&nbsp;<\/p>\n<hr \/>\n<h3 style=\"text-align: center\"><strong><br \/>\nVamos ver mais hist\u00f3rias ?<\/strong><\/h3>\n<p><a href=\"https:\/\/fjsp.org.br\/fjsp\/vamos_de_kamishibai_ogros_bolinha_comiloes\/\"><img decoding=\"async\" class=\"img-responsive img-fluid alignnone wp-image-13696\" src=\"https:\/\/fjsp.org.br\/fjsp\/wp-content\/uploads\/2020\/11\/botao-final-07.png\" alt=\"\" width=\"175\" height=\"120\" srcset=\"https:\/\/fjsp.org.br\/fjsp\/wp-content\/uploads\/2020\/11\/botao-final-07.png 1043w, https:\/\/fjsp.org.br\/fjsp\/wp-content\/uploads\/2020\/11\/botao-final-07-280x192.png 280w, https:\/\/fjsp.org.br\/fjsp\/wp-content\/uploads\/2020\/11\/botao-final-07-768x526.png 768w, https:\/\/fjsp.org.br\/fjsp\/wp-content\/uploads\/2020\/11\/botao-final-07-340x233.png 340w, https:\/\/fjsp.org.br\/fjsp\/wp-content\/uploads\/2020\/11\/botao-final-07-220x151.png 220w, https:\/\/fjsp.org.br\/fjsp\/wp-content\/uploads\/2020\/11\/botao-final-07-100x68.png 100w, https:\/\/fjsp.org.br\/fjsp\/wp-content\/uploads\/2020\/11\/botao-final-07-130x89.png 130w, https:\/\/fjsp.org.br\/fjsp\/wp-content\/uploads\/2020\/11\/botao-final-07-460x315.png 460w\" sizes=\"(max-width: 175px) 100vw, 175px\" \/><\/a> \u00a0<a href=\"https:\/\/fjsp.org.br\/fjsp\/vamos_de_kamishibai_cozinheiro_mal_humorado\/\"><img decoding=\"async\" class=\"img-responsive img-fluid alignnone wp-image-13697\" src=\"https:\/\/fjsp.org.br\/fjsp\/wp-content\/uploads\/2020\/11\/botao-final-08.png\" alt=\"\" width=\"175\" height=\"120\" srcset=\"https:\/\/fjsp.org.br\/fjsp\/wp-content\/uploads\/2020\/11\/botao-final-08.png 1043w, https:\/\/fjsp.org.br\/fjsp\/wp-content\/uploads\/2020\/11\/botao-final-08-280x192.png 280w, https:\/\/fjsp.org.br\/fjsp\/wp-content\/uploads\/2020\/11\/botao-final-08-768x526.png 768w, https:\/\/fjsp.org.br\/fjsp\/wp-content\/uploads\/2020\/11\/botao-final-08-340x233.png 340w, https:\/\/fjsp.org.br\/fjsp\/wp-content\/uploads\/2020\/11\/botao-final-08-220x151.png 220w, https:\/\/fjsp.org.br\/fjsp\/wp-content\/uploads\/2020\/11\/botao-final-08-100x68.png 100w, https:\/\/fjsp.org.br\/fjsp\/wp-content\/uploads\/2020\/11\/botao-final-08-130x89.png 130w, https:\/\/fjsp.org.br\/fjsp\/wp-content\/uploads\/2020\/11\/botao-final-08-460x315.png 460w\" sizes=\"(max-width: 175px) 100vw, 175px\" \/><\/a> <a href=\"https:\/\/fjsp.org.br\/fjsp\/vamos_de_kamishibai_yoisho_yoisho\/\"><img loading=\"lazy\" decoding=\"async\" class=\"img-responsive img-fluid alignnone wp-image-13698\" src=\"https:\/\/fjsp.org.br\/fjsp\/wp-content\/uploads\/2020\/11\/botao-final-09.png\" alt=\"\" width=\"175\" height=\"120\" srcset=\"https:\/\/fjsp.org.br\/fjsp\/wp-content\/uploads\/2020\/11\/botao-final-09.png 1042w, https:\/\/fjsp.org.br\/fjsp\/wp-content\/uploads\/2020\/11\/botao-final-09-280x192.png 280w, https:\/\/fjsp.org.br\/fjsp\/wp-content\/uploads\/2020\/11\/botao-final-09-768x526.png 768w, https:\/\/fjsp.org.br\/fjsp\/wp-content\/uploads\/2020\/11\/botao-final-09-340x233.png 340w, https:\/\/fjsp.org.br\/fjsp\/wp-content\/uploads\/2020\/11\/botao-final-09-220x151.png 220w, https:\/\/fjsp.org.br\/fjsp\/wp-content\/uploads\/2020\/11\/botao-final-09-100x69.png 100w, https:\/\/fjsp.org.br\/fjsp\/wp-content\/uploads\/2020\/11\/botao-final-09-130x89.png 130w, https:\/\/fjsp.org.br\/fjsp\/wp-content\/uploads\/2020\/11\/botao-final-09-460x315.png 460w\" sizes=\"(max-width: 175px) 100vw, 175px\" \/><\/a> \u00a0<img loading=\"lazy\" decoding=\"async\" class=\"img-responsive img-fluid alignnone wp-image-13706\" src=\"https:\/\/fjsp.org.br\/fjsp\/wp-content\/uploads\/2020\/11\/botao-final-05.png\" alt=\"\" width=\"183\" height=\"125\" srcset=\"https:\/\/fjsp.org.br\/fjsp\/wp-content\/uploads\/2020\/11\/botao-final-05.png 1043w, https:\/\/fjsp.org.br\/fjsp\/wp-content\/uploads\/2020\/11\/botao-final-05-280x192.png 280w, https:\/\/fjsp.org.br\/fjsp\/wp-content\/uploads\/2020\/11\/botao-final-05-768x526.png 768w, https:\/\/fjsp.org.br\/fjsp\/wp-content\/uploads\/2020\/11\/botao-final-05-340x233.png 340w, https:\/\/fjsp.org.br\/fjsp\/wp-content\/uploads\/2020\/11\/botao-final-05-220x151.png 220w, https:\/\/fjsp.org.br\/fjsp\/wp-content\/uploads\/2020\/11\/botao-final-05-100x69.png 100w, https:\/\/fjsp.org.br\/fjsp\/wp-content\/uploads\/2020\/11\/botao-final-05-130x89.png 130w, https:\/\/fjsp.org.br\/fjsp\/wp-content\/uploads\/2020\/11\/botao-final-05-460x315.png 460w\" sizes=\"(max-width: 183px) 100vw, 183px\" \/> <a href=\"https:\/\/fjsp.org.br\/fjsp\/vamos_de_kamishibai_omusubi_kororin\/\"><img loading=\"lazy\" decoding=\"async\" class=\"img-responsive img-fluid alignnone wp-image-15500\" src=\"https:\/\/fjsp.org.br\/fjsp\/wp-content\/uploads\/2021\/02\/botao-final-10.png\" alt=\"\" width=\"175\" height=\"120\" srcset=\"https:\/\/fjsp.org.br\/fjsp\/wp-content\/uploads\/2021\/02\/botao-final-10.png 1043w, https:\/\/fjsp.org.br\/fjsp\/wp-content\/uploads\/2021\/02\/botao-final-10-280x192.png 280w, https:\/\/fjsp.org.br\/fjsp\/wp-content\/uploads\/2021\/02\/botao-final-10-768x526.png 768w, https:\/\/fjsp.org.br\/fjsp\/wp-content\/uploads\/2021\/02\/botao-final-10-340x233.png 340w, https:\/\/fjsp.org.br\/fjsp\/wp-content\/uploads\/2021\/02\/botao-final-10-220x151.png 220w, https:\/\/fjsp.org.br\/fjsp\/wp-content\/uploads\/2021\/02\/botao-final-10-100x68.png 100w, https:\/\/fjsp.org.br\/fjsp\/wp-content\/uploads\/2021\/02\/botao-final-10-130x89.png 130w, https:\/\/fjsp.org.br\/fjsp\/wp-content\/uploads\/2021\/02\/botao-final-10-460x315.png 460w\" sizes=\"(max-width: 175px) 100vw, 175px\" \/><\/a><a href=\"https:\/\/fjsp.org.br\/fjsp\/vamos_de_kamishibai_tanabata\/\"><img loading=\"lazy\" decoding=\"async\" class=\"img-responsive img-fluid alignnone wp-image-15894\" src=\"https:\/\/fjsp.org.br\/fjsp\/wp-content\/uploads\/2021\/03\/botao-final-12.png\" alt=\"\" width=\"175\" height=\"120\" srcset=\"https:\/\/fjsp.org.br\/fjsp\/wp-content\/uploads\/2021\/03\/botao-final-12.png 1042w, https:\/\/fjsp.org.br\/fjsp\/wp-content\/uploads\/2021\/03\/botao-final-12-280x192.png 280w, https:\/\/fjsp.org.br\/fjsp\/wp-content\/uploads\/2021\/03\/botao-final-12-768x526.png 768w, https:\/\/fjsp.org.br\/fjsp\/wp-content\/uploads\/2021\/03\/botao-final-12-340x233.png 340w, https:\/\/fjsp.org.br\/fjsp\/wp-content\/uploads\/2021\/03\/botao-final-12-220x151.png 220w, https:\/\/fjsp.org.br\/fjsp\/wp-content\/uploads\/2021\/03\/botao-final-12-100x69.png 100w, https:\/\/fjsp.org.br\/fjsp\/wp-content\/uploads\/2021\/03\/botao-final-12-130x89.png 130w, https:\/\/fjsp.org.br\/fjsp\/wp-content\/uploads\/2021\/03\/botao-final-12-460x315.png 460w\" sizes=\"(max-width: 175px) 100vw, 175px\" \/><\/a><\/p>\n<p>&nbsp;<\/p>\n<h4 style=\"text-align: center\"><strong>Para assistir o webin\u00e1rio, clique na imagem abaixo.<\/strong><\/h4>\n<p><a href=\"https:\/\/fjsp.org.br\/fjsp\/agenda\/vamos_de_kamishibai_webinario\/\" target=\"_blank\" rel=\"noopener\"><img loading=\"lazy\" decoding=\"async\" class=\"img-responsive img-fluid aligncenter wp-image-15508\" src=\"https:\/\/fjsp.org.br\/fjsp\/wp-content\/uploads\/2021\/02\/botao-vamos-kamishibai-webinar.jpg\" alt=\"\" width=\"600\" height=\"153\" srcset=\"https:\/\/fjsp.org.br\/fjsp\/wp-content\/uploads\/2021\/02\/botao-vamos-kamishibai-webinar.jpg 850w, https:\/\/fjsp.org.br\/fjsp\/wp-content\/uploads\/2021\/02\/botao-vamos-kamishibai-webinar-280x71.jpg 280w, https:\/\/fjsp.org.br\/fjsp\/wp-content\/uploads\/2021\/02\/botao-vamos-kamishibai-webinar-768x196.jpg 768w, https:\/\/fjsp.org.br\/fjsp\/wp-content\/uploads\/2021\/02\/botao-vamos-kamishibai-webinar-340x87.jpg 340w, https:\/\/fjsp.org.br\/fjsp\/wp-content\/uploads\/2021\/02\/botao-vamos-kamishibai-webinar-220x56.jpg 220w, https:\/\/fjsp.org.br\/fjsp\/wp-content\/uploads\/2021\/02\/botao-vamos-kamishibai-webinar-100x26.jpg 100w, https:\/\/fjsp.org.br\/fjsp\/wp-content\/uploads\/2021\/02\/botao-vamos-kamishibai-webinar-130x33.jpg 130w, https:\/\/fjsp.org.br\/fjsp\/wp-content\/uploads\/2021\/02\/botao-vamos-kamishibai-webinar-460x117.jpg 460w\" sizes=\"(max-width: 600px) 100vw, 600px\" \/><\/a><\/p>\n<p>&nbsp;<\/p>\n<hr \/>\n<h4 style=\"text-align: center\"><\/h4>\n<h4 style=\"text-align: center\"><a href=\"https:\/\/fjsp.org.br\/fjsp\/vamos_de_kamishibai\/\"><strong><img loading=\"lazy\" decoding=\"async\" class=\"img-responsive img-fluid alignnone wp-image-13885\" src=\"https:\/\/fjsp.org.br\/fjsp\/wp-content\/uploads\/2020\/11\/logo-final-fullhd-partes-madeira-final-v2.png\" alt=\"\" width=\"200\" height=\"113\" srcset=\"https:\/\/fjsp.org.br\/fjsp\/wp-content\/uploads\/2020\/11\/logo-final-fullhd-partes-madeira-final-v2.png 1920w, https:\/\/fjsp.org.br\/fjsp\/wp-content\/uploads\/2020\/11\/logo-final-fullhd-partes-madeira-final-v2-280x158.png 280w, https:\/\/fjsp.org.br\/fjsp\/wp-content\/uploads\/2020\/11\/logo-final-fullhd-partes-madeira-final-v2-768x432.png 768w, https:\/\/fjsp.org.br\/fjsp\/wp-content\/uploads\/2020\/11\/logo-final-fullhd-partes-madeira-final-v2-1536x864.png 1536w, https:\/\/fjsp.org.br\/fjsp\/wp-content\/uploads\/2020\/11\/logo-final-fullhd-partes-madeira-final-v2-340x191.png 340w, https:\/\/fjsp.org.br\/fjsp\/wp-content\/uploads\/2020\/11\/logo-final-fullhd-partes-madeira-final-v2-220x124.png 220w, https:\/\/fjsp.org.br\/fjsp\/wp-content\/uploads\/2020\/11\/logo-final-fullhd-partes-madeira-final-v2-100x56.png 100w, https:\/\/fjsp.org.br\/fjsp\/wp-content\/uploads\/2020\/11\/logo-final-fullhd-partes-madeira-final-v2-130x73.png 130w, https:\/\/fjsp.org.br\/fjsp\/wp-content\/uploads\/2020\/11\/logo-final-fullhd-partes-madeira-final-v2-460x259.png 460w\" sizes=\"(max-width: 200px) 100vw, 200px\" \/><br \/>\nP\u00e1gina inicial<\/strong><\/a><\/h4>\n<p>&nbsp;<\/p>\n<script type=\"text\/javascript\"> toolTips('.classtoolTips76','A palavra <em><span class='tooltipsall tooltipsincontent classtoolTips76'>kami<\/span><\/em> significa \u201cm\u00edstico\u201d, \u201csuperior\u201d, \u201cdivino\u201d, estando normalmente ligada ao poder sagrado ou divino.'); <\/script>","protected":false},"excerpt":{"rendered":"<p>Vamos de Kamishibai! &gt; Oni no setsubun &nbsp; Por que n\u00e3o celebrar o \u201csetsubun\u201d para atrair sorte? Construam m\u00e1scaras de oni e aproveitem para ensinar as palavras relacionadas \u00e0 cabe\u00e7a do oni em japon\u00eas, como sobrancelhas, olhos, chifres, cabelos, etc. Pintem as m\u00e1scaras e ensinem os nomes das cores em japon\u00eas. Depois de fazer \u201cmamemaki,\u201dcada [&hellip;]<\/p>\n","protected":false},"author":34,"featured_media":0,"parent":0,"menu_order":0,"comment_status":"closed","ping_status":"closed","template":"","meta":{"_acf_changed":false,"footnotes":""},"class_list":["post-13579","page","type-page","status-publish","hentry"],"acf":[],"_links":{"self":[{"href":"https:\/\/fjsp.org.br\/fjsp\/wp-json\/wp\/v2\/pages\/13579","targetHints":{"allow":["GET"]}}],"collection":[{"href":"https:\/\/fjsp.org.br\/fjsp\/wp-json\/wp\/v2\/pages"}],"about":[{"href":"https:\/\/fjsp.org.br\/fjsp\/wp-json\/wp\/v2\/types\/page"}],"author":[{"embeddable":true,"href":"https:\/\/fjsp.org.br\/fjsp\/wp-json\/wp\/v2\/users\/34"}],"replies":[{"embeddable":true,"href":"https:\/\/fjsp.org.br\/fjsp\/wp-json\/wp\/v2\/comments?post=13579"}],"version-history":[{"count":3,"href":"https:\/\/fjsp.org.br\/fjsp\/wp-json\/wp\/v2\/pages\/13579\/revisions"}],"predecessor-version":[{"id":16026,"href":"https:\/\/fjsp.org.br\/fjsp\/wp-json\/wp\/v2\/pages\/13579\/revisions\/16026"}],"wp:attachment":[{"href":"https:\/\/fjsp.org.br\/fjsp\/wp-json\/wp\/v2\/media?parent=13579"}],"curies":[{"name":"wp","href":"https:\/\/api.w.org\/{rel}","templated":true}]}}