{"id":15817,"date":"2021-03-03T10:05:44","date_gmt":"2021-03-03T13:05:44","guid":{"rendered":"https:\/\/fjsp.org.br\/fjsp\/?page_id=15817"},"modified":"2021-03-08T09:22:07","modified_gmt":"2021-03-08T12:22:07","slug":"dossie_literatura_feminina_4_conclusao","status":"publish","type":"page","link":"https:\/\/fjsp.org.br\/fjsp\/dossie_literatura_feminina_4_conclusao\/","title":{"rendered":"4. Conclus\u00e3o"},"content":{"rendered":"<p style=\"text-align: right\"><strong><a href=\"https:\/\/fjsp.org.br\/fjsp\/dossie_literario\/\">Dossi\u00ea Liter\u00e1rio<\/a> &gt; <a href=\"https:\/\/fjsp.org.br\/fjsp\/dossie_literatura_feminina\/\">Dossi\u00ea Literatura de autoria feminina no Jap\u00e3o moderno<\/a>&gt; 4. Conclus\u00e3o<\/strong><\/p>\n<p><img fetchpriority=\"high\" decoding=\"async\" class=\"img-responsive alignnone wp-image-11642 size-full\" src=\"https:\/\/fjsp.org.br\/fjsp\/wp-content\/uploads\/2020\/07\/pattern-v1-03-1.png\" alt=\"\" width=\"4032\" height=\"223\" srcset=\"https:\/\/fjsp.org.br\/fjsp\/wp-content\/uploads\/2020\/07\/pattern-v1-03-1.png 4032w, https:\/\/fjsp.org.br\/fjsp\/wp-content\/uploads\/2020\/07\/pattern-v1-03-1-280x15.png 280w, https:\/\/fjsp.org.br\/fjsp\/wp-content\/uploads\/2020\/07\/pattern-v1-03-1-768x42.png 768w, https:\/\/fjsp.org.br\/fjsp\/wp-content\/uploads\/2020\/07\/pattern-v1-03-1-340x19.png 340w, https:\/\/fjsp.org.br\/fjsp\/wp-content\/uploads\/2020\/07\/pattern-v1-03-1-220x12.png 220w, https:\/\/fjsp.org.br\/fjsp\/wp-content\/uploads\/2020\/07\/pattern-v1-03-1-100x6.png 100w, https:\/\/fjsp.org.br\/fjsp\/wp-content\/uploads\/2020\/07\/pattern-v1-03-1-130x7.png 130w, https:\/\/fjsp.org.br\/fjsp\/wp-content\/uploads\/2020\/07\/pattern-v1-03-1-460x25.png 460w\" sizes=\"(max-width: 4032px) 100vw, 4032px\" \/><\/p>\n<h3><strong>Conclus\u00e3o<\/strong><\/h3>\n<p>&nbsp;<\/p>\n<p>Ao observarmos o desenvolvimento da literatura de autoria feminina no Jap\u00e3o, nos tempos modernos, podemos constatar que embora possuindo uma heran\u00e7a cl\u00e1ssica de mulheres escritoras desde o per\u00edodo Heian, durante o in\u00edcio do per\u00edodo moderno sob muitas influ\u00eancias estrangeiras, muitas escritoras ficaram \u00e0 sombra da efervesc\u00eancia social que acontecia. N\u00e3o por falta de participa\u00e7\u00e3o delas, mas principalmente, devido \u00e0s regras sociais e politicas p\u00fablicas que ditava um modelo liter\u00e1rio para mulheres e cobrava delas uma postura social. Isso nos d\u00e1 a impress\u00e3o de que elas n\u00e3o eram vistas como escritoras profissionais, mas sim como aquelas que deveriam ser modelos de integridade social.<\/p>\n<p>Na contram\u00e3o desse modelo de \u201cboa m\u00e3e e esposa s\u00e1bia\u201d surgem revistas liter\u00e1rias criadas por mulheres com ideais feministas e marxistas, permitindo que muitas autoras pudessem publicar suas obras. Apesar disso, tentando seguir um fluxo oposto, surge Higuchi Ichiy\u00f4, que embora tenha seguido o modelo pr\u00e9-estabelecido de \u201cmulher modelo\u201d, tendo um tutor para sua escrita e produ\u00e7\u00f5es, ao final da sua breve carreira, passa a seguir um estilo pr\u00f3prio ainda hoje discutido, como moderno ou cl\u00e1ssico.<\/p>\n<p>Nosso objetivo maior nesse ensaio foi al\u00e9m de apresentar autoras pouco estudadas no \u00e2mbito acad\u00eamico propor outra perspectiva de an\u00e1lise das obras modernas e contempor\u00e2neas. N\u00e3o nos furtamos a entender que havia uma heran\u00e7a liter\u00e1ria ainda imanente na produ\u00e7\u00e3o dessas autoras e que seus estilos revelam essas nuances.<\/p>\n<p>&nbsp;<\/p>\n<p>&nbsp;<\/p>\n<h3><strong>Refer\u00eancias Bibliogr\u00e1ficas<\/strong><\/h3>\n<p>&nbsp;<\/p>\n<p>ERICSON, Joan E. A new era of women writers. In: SHIRANE, Haruo; SUZUKI, Tomi (edit). <strong>Inventing the classics: modernity, national identity, and Japanese literature. <\/strong>Stanford: Stanford University Press, 2000, p. 641 \u2013 647.<\/p>\n<p>&nbsp;<\/p>\n<p>KEENE, Donald. The Diary of Higuchi Ichiy\u014d. <strong>Modern Japanese Diaries: <\/strong>the Japanese at home and abroad as Revealed Through Their Diaries, New York: Columbia University Press, 1995, pp. 284 \u2013 303.<\/p>\n<p>&nbsp;<\/p>\n<p>MALAG\u00d3N, Gustavo Fl\u00f3rez. La Nueva Mujer Japonesa: el testimonio prematuro de Higuchi Ichiy\u00f4 (1872 \u2013 1896). Espanha: <strong>Asiad\u00e9mica <\/strong>\u2013 Revista universit\u00e1ria de estudios sobre asia oriental. n.04, julio de 2014. p.174-210, Dispon\u00edvel em &lt; <a href=\"https:\/\/dialnet.unirioja.es\/servlet\/revista?codigo=22536\" target=\"_blank\" rel=\"noopener\">https:\/\/dialnet.unirioja.es\/servlet\/revista?codigo=22536<\/a>&gt;<\/p>\n<p>&nbsp;<\/p>\n<p>MINER, Earl. The Traditions and Forms of the Japanese Poetic Diary. <strong>Pacific Coast Philology<\/strong>, vol. 3, Penn State University: Abril, 1968, pp. 38-48.<\/p>\n<p>&nbsp;<\/p>\n<p>MOTOYAMA, Shozo. Ci\u00eancia, Cultura e a Tecnologia e a Restaura\u00e7\u00e3o Meiji. <strong>Revista de Estudos Japoneses<\/strong>, vol. 14, S\u00e3o Paulo: Centro de Estudos Japoneses, 1994, p. 93 \u2013 100.<\/p>\n<p>&nbsp;<\/p>\n<p>SUZUKI, Tomi. Gender and Genre: Modern Literary Histories and Women\u2019s Diary Literature. In: SHIRANE, Haruo; SUZUKI, Tomi (edit). <strong>Inventing the classics: modernity, national identity, and Japanese literature. <\/strong>Stanford: Stanford University Press, 2000, p.71- 95.<\/p>\n<p>&nbsp;<\/p>\n<p>TAMURA, Toshiko. <em>&lt;Onna&gt; no Jiko Hy\u00f4z\u00f4<\/em> (A auto representa\u00e7\u00e3o do \u201cfeminino\u201d). In: IIDA, Yuko (org.). <strong>A Literatura das Mulheres<\/strong> \u2013 para poder ler e interpretar a partir dos textos (<em>Onnatachi no Bungaku<\/em>). Nagoya: Nagoya Daigaku Shuppankai, 2016, p.22-46.<\/p>\n<p>&nbsp;<\/p>\n<p>VAN COMPERNOLLE, Timothy\u00a0 J. Literary Memory in Modernity. <strong>The Uses of Memory:<\/strong><em> The Critique of Modernity in the Fiction of Higuchi Ichiy\u00f4<\/em>. Londres: Harvard University Asia Center, 2006, p.01-28.<\/p>\n<p>&nbsp;<\/p>\n<p>&nbsp;<\/p>\n<hr \/>\n<p>&nbsp;<\/p>\n<p style=\"text-align: center\"><strong><a href=\"https:\/\/fjsp.org.br\/fjsp\/dossie_literatura_feminina_3_higuchi_ichiyo\/\">&lt;&lt; 3. O caso de Higuchi Ichiy\u00f4<\/a> \/\/ <\/strong><strong><a href=\"https:\/\/fjsp.org.br\/fjsp\/dossie_literatura_feminina_5_sugestoes_biblioteca\/\">5. Sugest\u00f5es da biblioteca &gt;&gt;\u00a0<\/a><\/strong><\/p>\n<p>&nbsp;<\/p>\n","protected":false},"excerpt":{"rendered":"<p>Dossi\u00ea Liter\u00e1rio &gt; Dossi\u00ea Literatura de autoria feminina no Jap\u00e3o moderno&gt; 4. Conclus\u00e3o Conclus\u00e3o &nbsp; Ao observarmos o desenvolvimento da literatura de autoria feminina no Jap\u00e3o, nos tempos modernos, podemos constatar que embora possuindo uma heran\u00e7a cl\u00e1ssica de mulheres escritoras desde o per\u00edodo Heian, durante o in\u00edcio do per\u00edodo moderno sob muitas influ\u00eancias estrangeiras, muitas [&hellip;]<\/p>\n","protected":false},"author":34,"featured_media":0,"parent":0,"menu_order":0,"comment_status":"closed","ping_status":"closed","template":"","meta":{"_acf_changed":false,"footnotes":""},"class_list":["post-15817","page","type-page","status-publish","hentry"],"acf":[],"_links":{"self":[{"href":"https:\/\/fjsp.org.br\/fjsp\/wp-json\/wp\/v2\/pages\/15817","targetHints":{"allow":["GET"]}}],"collection":[{"href":"https:\/\/fjsp.org.br\/fjsp\/wp-json\/wp\/v2\/pages"}],"about":[{"href":"https:\/\/fjsp.org.br\/fjsp\/wp-json\/wp\/v2\/types\/page"}],"author":[{"embeddable":true,"href":"https:\/\/fjsp.org.br\/fjsp\/wp-json\/wp\/v2\/users\/34"}],"replies":[{"embeddable":true,"href":"https:\/\/fjsp.org.br\/fjsp\/wp-json\/wp\/v2\/comments?post=15817"}],"version-history":[{"count":2,"href":"https:\/\/fjsp.org.br\/fjsp\/wp-json\/wp\/v2\/pages\/15817\/revisions"}],"predecessor-version":[{"id":15867,"href":"https:\/\/fjsp.org.br\/fjsp\/wp-json\/wp\/v2\/pages\/15817\/revisions\/15867"}],"wp:attachment":[{"href":"https:\/\/fjsp.org.br\/fjsp\/wp-json\/wp\/v2\/media?parent=15817"}],"curies":[{"name":"wp","href":"https:\/\/api.w.org\/{rel}","templated":true}]}}