{"id":16756,"date":"2021-06-04T09:00:36","date_gmt":"2021-06-04T12:00:36","guid":{"rendered":"https:\/\/fjsp.org.br\/fjsp\/?page_id=16756"},"modified":"2021-06-02T16:10:55","modified_gmt":"2021-06-02T19:10:55","slug":"dossie_junichiro_tanizaki","status":"publish","type":"page","link":"https:\/\/fjsp.org.br\/fjsp\/dossie_junichiro_tanizaki\/","title":{"rendered":"Dossi\u00ea &#8211; Jun&#8217;ichiro Tanizaki"},"content":{"rendered":"<p style=\"text-align: right\"><strong><a href=\"https:\/\/fjsp.org.br\/fjsp\/dossie_literario\/\">Dossi\u00ea Liter\u00e1rio<\/a> &gt; Dossi\u00ea Jun&#8217;ichiro Tanizaki<\/strong><\/p>\n<p>&nbsp;<\/p>\n<p><strong>JUN\u2019ICHIRO TANIZAKI<br \/>\n<\/strong><strong>1886-1965<\/strong><\/p>\n<div id=\"attachment_16805\" style=\"width: 317px\" class=\"wp-caption alignleft\"><img fetchpriority=\"high\" decoding=\"async\" aria-describedby=\"caption-attachment-16805\" class=\"img-responsive img-fluid wp-image-16805\" src=\"https:\/\/fjsp.org.br\/fjsp\/wp-content\/uploads\/2021\/06\/foto1-junichiro-tanizaki-photographed-by-shigeru-tamura-scaled.jpg\" alt=\"\" width=\"307\" height=\"465\" srcset=\"https:\/\/fjsp.org.br\/fjsp\/wp-content\/uploads\/2021\/06\/foto1-junichiro-tanizaki-photographed-by-shigeru-tamura-scaled.jpg 1693w, https:\/\/fjsp.org.br\/fjsp\/wp-content\/uploads\/2021\/06\/foto1-junichiro-tanizaki-photographed-by-shigeru-tamura-280x423.jpg 280w, https:\/\/fjsp.org.br\/fjsp\/wp-content\/uploads\/2021\/06\/foto1-junichiro-tanizaki-photographed-by-shigeru-tamura-768x1162.jpg 768w, https:\/\/fjsp.org.br\/fjsp\/wp-content\/uploads\/2021\/06\/foto1-junichiro-tanizaki-photographed-by-shigeru-tamura-1016x1536.jpg 1016w, https:\/\/fjsp.org.br\/fjsp\/wp-content\/uploads\/2021\/06\/foto1-junichiro-tanizaki-photographed-by-shigeru-tamura-1354x2048.jpg 1354w, https:\/\/fjsp.org.br\/fjsp\/wp-content\/uploads\/2021\/06\/foto1-junichiro-tanizaki-photographed-by-shigeru-tamura-340x514.jpg 340w, https:\/\/fjsp.org.br\/fjsp\/wp-content\/uploads\/2021\/06\/foto1-junichiro-tanizaki-photographed-by-shigeru-tamura-220x333.jpg 220w, https:\/\/fjsp.org.br\/fjsp\/wp-content\/uploads\/2021\/06\/foto1-junichiro-tanizaki-photographed-by-shigeru-tamura-100x151.jpg 100w, https:\/\/fjsp.org.br\/fjsp\/wp-content\/uploads\/2021\/06\/foto1-junichiro-tanizaki-photographed-by-shigeru-tamura-130x197.jpg 130w, https:\/\/fjsp.org.br\/fjsp\/wp-content\/uploads\/2021\/06\/foto1-junichiro-tanizaki-photographed-by-shigeru-tamura-460x696.jpg 460w\" sizes=\"(max-width: 307px) 100vw, 307px\" \/><p id=\"caption-attachment-16805\" class=\"wp-caption-text\">Jun\u2019ichiro Tanizaki (1886-1965), por Shigeru Tamura (1909-1987) Gendai Nihon no Hyakunin, 1953. Fonte: Wikimedia Commons<\/p><\/div>\n<p><img decoding=\"async\" class=\"img-responsive img-fluid alignnone wp-image-16806\" src=\"https:\/\/fjsp.org.br\/fjsp\/wp-content\/uploads\/2021\/06\/citacao.jpg\" alt=\"\" width=\"791\" height=\"475\" srcset=\"https:\/\/fjsp.org.br\/fjsp\/wp-content\/uploads\/2021\/06\/citacao.jpg 1279w, https:\/\/fjsp.org.br\/fjsp\/wp-content\/uploads\/2021\/06\/citacao-280x168.jpg 280w, https:\/\/fjsp.org.br\/fjsp\/wp-content\/uploads\/2021\/06\/citacao-768x461.jpg 768w, https:\/\/fjsp.org.br\/fjsp\/wp-content\/uploads\/2021\/06\/citacao-340x204.jpg 340w, https:\/\/fjsp.org.br\/fjsp\/wp-content\/uploads\/2021\/06\/citacao-220x132.jpg 220w, https:\/\/fjsp.org.br\/fjsp\/wp-content\/uploads\/2021\/06\/citacao-100x60.jpg 100w, https:\/\/fjsp.org.br\/fjsp\/wp-content\/uploads\/2021\/06\/citacao-130x78.jpg 130w, https:\/\/fjsp.org.br\/fjsp\/wp-content\/uploads\/2021\/06\/citacao-460x276.jpg 460w\" sizes=\"(max-width: 791px) 100vw, 791px\" \/><\/p>\n<p>&nbsp;<\/p>\n<p>&nbsp;<\/p>\n<p>&nbsp;<\/p>\n<p>Neste novo Dossi\u00ea Liter\u00e1rio, vamos conhecer um pouco mais sobre um dos grandes escritores japoneses: Jun\u2019ichiro Tanizaki. Romancista, ensa\u00edsta, tradutor, etc., que conta com in\u00fameras obras traduzidas para o portugu\u00eas.<\/p>\n<p>&nbsp;<\/p>\n<hr \/>\n<p>&nbsp;<\/p>\n<p><a href=\"https:\/\/fjsp.org.br\/fjsp\/dossie_junichiro_tanizaki_1_junichiro_tanizaki\/\"><img decoding=\"async\" class=\"img-responsive img-fluid alignnone size-full wp-image-16819\" src=\"https:\/\/fjsp.org.br\/fjsp\/wp-content\/uploads\/2021\/06\/botao-site-prancheta-1.png\" alt=\"\" width=\"300\" height=\"286\" srcset=\"https:\/\/fjsp.org.br\/fjsp\/wp-content\/uploads\/2021\/06\/botao-site-prancheta-1.png 300w, https:\/\/fjsp.org.br\/fjsp\/wp-content\/uploads\/2021\/06\/botao-site-prancheta-1-280x267.png 280w, https:\/\/fjsp.org.br\/fjsp\/wp-content\/uploads\/2021\/06\/botao-site-prancheta-1-220x210.png 220w, https:\/\/fjsp.org.br\/fjsp\/wp-content\/uploads\/2021\/06\/botao-site-prancheta-1-100x95.png 100w, https:\/\/fjsp.org.br\/fjsp\/wp-content\/uploads\/2021\/06\/botao-site-prancheta-1-130x124.png 130w\" sizes=\"(max-width: 300px) 100vw, 300px\" \/><\/a> <a href=\"https:\/\/fjsp.org.br\/fjsp\/dossie_junichiro_tanizaki_2_disponiveis_biblioteca\/\"><img loading=\"lazy\" decoding=\"async\" class=\"img-responsive img-fluid alignnone size-full wp-image-16820\" src=\"https:\/\/fjsp.org.br\/fjsp\/wp-content\/uploads\/2021\/06\/botao-site-02.png\" alt=\"\" width=\"300\" height=\"286\" srcset=\"https:\/\/fjsp.org.br\/fjsp\/wp-content\/uploads\/2021\/06\/botao-site-02.png 300w, https:\/\/fjsp.org.br\/fjsp\/wp-content\/uploads\/2021\/06\/botao-site-02-280x267.png 280w, https:\/\/fjsp.org.br\/fjsp\/wp-content\/uploads\/2021\/06\/botao-site-02-220x210.png 220w, https:\/\/fjsp.org.br\/fjsp\/wp-content\/uploads\/2021\/06\/botao-site-02-100x95.png 100w, https:\/\/fjsp.org.br\/fjsp\/wp-content\/uploads\/2021\/06\/botao-site-02-130x124.png 130w\" sizes=\"(max-width: 300px) 100vw, 300px\" \/><\/a> <a href=\"https:\/\/fjsp.org.br\/fjsp\/dossie_junichiro_tanizaki_3_destaques\/\"><img loading=\"lazy\" decoding=\"async\" class=\"img-responsive img-fluid alignnone size-full wp-image-16821\" src=\"https:\/\/fjsp.org.br\/fjsp\/wp-content\/uploads\/2021\/06\/botao-site-03.png\" alt=\"\" width=\"300\" height=\"286\" srcset=\"https:\/\/fjsp.org.br\/fjsp\/wp-content\/uploads\/2021\/06\/botao-site-03.png 300w, https:\/\/fjsp.org.br\/fjsp\/wp-content\/uploads\/2021\/06\/botao-site-03-280x267.png 280w, https:\/\/fjsp.org.br\/fjsp\/wp-content\/uploads\/2021\/06\/botao-site-03-220x210.png 220w, https:\/\/fjsp.org.br\/fjsp\/wp-content\/uploads\/2021\/06\/botao-site-03-100x95.png 100w, https:\/\/fjsp.org.br\/fjsp\/wp-content\/uploads\/2021\/06\/botao-site-03-130x124.png 130w\" sizes=\"(max-width: 300px) 100vw, 300px\" \/><\/a> <a href=\"https:\/\/fjsp.org.br\/fjsp\/dossie_junichiro_tanizaki_4_palavras_tradutor\/\"><img loading=\"lazy\" decoding=\"async\" class=\"img-responsive img-fluid alignnone size-full wp-image-16822\" src=\"https:\/\/fjsp.org.br\/fjsp\/wp-content\/uploads\/2021\/06\/botao-site-04.png\" alt=\"\" width=\"300\" height=\"286\" srcset=\"https:\/\/fjsp.org.br\/fjsp\/wp-content\/uploads\/2021\/06\/botao-site-04.png 300w, https:\/\/fjsp.org.br\/fjsp\/wp-content\/uploads\/2021\/06\/botao-site-04-280x267.png 280w, https:\/\/fjsp.org.br\/fjsp\/wp-content\/uploads\/2021\/06\/botao-site-04-220x210.png 220w, https:\/\/fjsp.org.br\/fjsp\/wp-content\/uploads\/2021\/06\/botao-site-04-100x95.png 100w, https:\/\/fjsp.org.br\/fjsp\/wp-content\/uploads\/2021\/06\/botao-site-04-130x124.png 130w\" sizes=\"(max-width: 300px) 100vw, 300px\" \/><\/a><\/p>\n<p>&nbsp;<\/p>\n<p><img loading=\"lazy\" decoding=\"async\" class=\"img-responsive alignnone wp-image-11642 size-full\" src=\"https:\/\/fjsp.org.br\/fjsp\/wp-content\/uploads\/2020\/07\/pattern-v1-03-1.png\" alt=\"\" width=\"4032\" height=\"223\" srcset=\"https:\/\/fjsp.org.br\/fjsp\/wp-content\/uploads\/2020\/07\/pattern-v1-03-1.png 4032w, https:\/\/fjsp.org.br\/fjsp\/wp-content\/uploads\/2020\/07\/pattern-v1-03-1-280x15.png 280w, https:\/\/fjsp.org.br\/fjsp\/wp-content\/uploads\/2020\/07\/pattern-v1-03-1-768x42.png 768w, https:\/\/fjsp.org.br\/fjsp\/wp-content\/uploads\/2020\/07\/pattern-v1-03-1-340x19.png 340w, https:\/\/fjsp.org.br\/fjsp\/wp-content\/uploads\/2020\/07\/pattern-v1-03-1-220x12.png 220w, https:\/\/fjsp.org.br\/fjsp\/wp-content\/uploads\/2020\/07\/pattern-v1-03-1-100x6.png 100w, https:\/\/fjsp.org.br\/fjsp\/wp-content\/uploads\/2020\/07\/pattern-v1-03-1-130x7.png 130w, https:\/\/fjsp.org.br\/fjsp\/wp-content\/uploads\/2020\/07\/pattern-v1-03-1-460x25.png 460w\" sizes=\"(max-width: 4032px) 100vw, 4032px\" \/><\/p>\n<p>&nbsp;<\/p>\n<p>* Os usos de imagens e conte\u00fado desta p\u00e1gina s\u00e3o exclusivamente para fins educacionais e de divulga\u00e7\u00e3o de cultura japonesa, sem fins comerciais.<\/p>\n","protected":false},"excerpt":{"rendered":"<p>Dossi\u00ea Liter\u00e1rio &gt; Dossi\u00ea Jun&#8217;ichiro Tanizaki &nbsp; JUN\u2019ICHIRO TANIZAKI 1886-1965 &nbsp; &nbsp; &nbsp; Neste novo Dossi\u00ea Liter\u00e1rio, vamos conhecer um pouco mais sobre um dos grandes escritores japoneses: Jun\u2019ichiro Tanizaki. Romancista, ensa\u00edsta, tradutor, etc., que conta com in\u00fameras obras traduzidas para o portugu\u00eas. &nbsp; &nbsp; &nbsp; &nbsp; * Os usos de imagens e conte\u00fado desta [&hellip;]<\/p>\n","protected":false},"author":34,"featured_media":0,"parent":0,"menu_order":0,"comment_status":"closed","ping_status":"closed","template":"","meta":{"_acf_changed":false,"footnotes":""},"class_list":["post-16756","page","type-page","status-publish","hentry"],"acf":[],"_links":{"self":[{"href":"https:\/\/fjsp.org.br\/fjsp\/wp-json\/wp\/v2\/pages\/16756","targetHints":{"allow":["GET"]}}],"collection":[{"href":"https:\/\/fjsp.org.br\/fjsp\/wp-json\/wp\/v2\/pages"}],"about":[{"href":"https:\/\/fjsp.org.br\/fjsp\/wp-json\/wp\/v2\/types\/page"}],"author":[{"embeddable":true,"href":"https:\/\/fjsp.org.br\/fjsp\/wp-json\/wp\/v2\/users\/34"}],"replies":[{"embeddable":true,"href":"https:\/\/fjsp.org.br\/fjsp\/wp-json\/wp\/v2\/comments?post=16756"}],"version-history":[{"count":2,"href":"https:\/\/fjsp.org.br\/fjsp\/wp-json\/wp\/v2\/pages\/16756\/revisions"}],"predecessor-version":[{"id":16823,"href":"https:\/\/fjsp.org.br\/fjsp\/wp-json\/wp\/v2\/pages\/16756\/revisions\/16823"}],"wp:attachment":[{"href":"https:\/\/fjsp.org.br\/fjsp\/wp-json\/wp\/v2\/media?parent=16756"}],"curies":[{"name":"wp","href":"https:\/\/api.w.org\/{rel}","templated":true}]}}