{"id":17207,"date":"2021-08-06T16:00:11","date_gmt":"2021-08-06T19:00:11","guid":{"rendered":"https:\/\/fjsp.org.br\/fjsp\/?page_id=17207"},"modified":"2021-08-05T18:00:26","modified_gmt":"2021-08-05T21:00:26","slug":"dossie_ryunosuke_akutagawa_1_ryunosuke","status":"publish","type":"page","link":"https:\/\/fjsp.org.br\/fjsp\/dossie_ryunosuke_akutagawa_1_ryunosuke\/","title":{"rendered":"1. Ryunosuke Akutagawa"},"content":{"rendered":"<p style=\"text-align: right\"><strong><a href=\"https:\/\/fjsp.org.br\/fjsp\/dossie_literario\/\">Dossi\u00ea Liter\u00e1rio<\/a> &gt; <a href=\"https:\/\/fjsp.org.br\/fjsp\/dossie_ryunosuke_akutagawa\/\">Dossi\u00ea Ryunosuke Akutagawa<\/a> &gt; 1. Ryunosuke Akutagawa<\/strong><\/p>\n<p><img fetchpriority=\"high\" decoding=\"async\" class=\"img-responsive alignnone wp-image-11642 size-full\" src=\"https:\/\/fjsp.org.br\/fjsp\/wp-content\/uploads\/2020\/07\/pattern-v1-03-1.png\" alt=\"\" width=\"4032\" height=\"223\" srcset=\"https:\/\/fjsp.org.br\/fjsp\/wp-content\/uploads\/2020\/07\/pattern-v1-03-1.png 4032w, https:\/\/fjsp.org.br\/fjsp\/wp-content\/uploads\/2020\/07\/pattern-v1-03-1-280x15.png 280w, https:\/\/fjsp.org.br\/fjsp\/wp-content\/uploads\/2020\/07\/pattern-v1-03-1-768x42.png 768w, https:\/\/fjsp.org.br\/fjsp\/wp-content\/uploads\/2020\/07\/pattern-v1-03-1-340x19.png 340w, https:\/\/fjsp.org.br\/fjsp\/wp-content\/uploads\/2020\/07\/pattern-v1-03-1-220x12.png 220w, https:\/\/fjsp.org.br\/fjsp\/wp-content\/uploads\/2020\/07\/pattern-v1-03-1-100x6.png 100w, https:\/\/fjsp.org.br\/fjsp\/wp-content\/uploads\/2020\/07\/pattern-v1-03-1-130x7.png 130w, https:\/\/fjsp.org.br\/fjsp\/wp-content\/uploads\/2020\/07\/pattern-v1-03-1-460x25.png 460w\" sizes=\"(max-width: 4032px) 100vw, 4032px\" \/><\/p>\n<h3><strong>RYUNOSUKE AKUTAGAWA (1892-1927)<\/strong><\/h3>\n<p style=\"text-align: justify;background: white;margin: 0cm 0cm 9.0pt 0cm\">Importante intelectual japon\u00eas, nascido em T\u00f3quio, no dia 1 de mar\u00e7o de 1892, era escritor, tradutor, estudioso dos costumes e tradi\u00e7\u00f5es japonesas e mundial. Estudou literatura inglesa na Universidade Imperial de T\u00f3quio e foi participante ativo dos movimentos liter\u00e1rios de sua \u00e9poca, n\u00e3o \u00e0 toa um dos mais renomados pr\u00eamios liter\u00e1rios do Jap\u00e3o tem o seu nome em sua homenagem. Suicidou-se em 24 de julho de 1927, aos 35 anos, ap\u00f3s franca deteriora\u00e7\u00e3o de sua sa\u00fade mental e f\u00edsica.<\/p>\n<p>&nbsp;<\/p>\n<div id=\"attachment_17215\" style=\"width: 510px\" class=\"wp-caption aligncenter\"><img decoding=\"async\" aria-describedby=\"caption-attachment-17215\" class=\"img-responsive img-fluid wp-image-17215\" src=\"https:\/\/fjsp.org.br\/fjsp\/wp-content\/uploads\/2021\/08\/2-akutagawaryunosuke.jpg\" alt=\"\" width=\"500\" height=\"375\" srcset=\"https:\/\/fjsp.org.br\/fjsp\/wp-content\/uploads\/2021\/08\/2-akutagawaryunosuke.jpg 800w, https:\/\/fjsp.org.br\/fjsp\/wp-content\/uploads\/2021\/08\/2-akutagawaryunosuke-280x210.jpg 280w, https:\/\/fjsp.org.br\/fjsp\/wp-content\/uploads\/2021\/08\/2-akutagawaryunosuke-768x576.jpg 768w, https:\/\/fjsp.org.br\/fjsp\/wp-content\/uploads\/2021\/08\/2-akutagawaryunosuke-340x255.jpg 340w, https:\/\/fjsp.org.br\/fjsp\/wp-content\/uploads\/2021\/08\/2-akutagawaryunosuke-220x165.jpg 220w, https:\/\/fjsp.org.br\/fjsp\/wp-content\/uploads\/2021\/08\/2-akutagawaryunosuke-100x75.jpg 100w, https:\/\/fjsp.org.br\/fjsp\/wp-content\/uploads\/2021\/08\/2-akutagawaryunosuke-130x98.jpg 130w, https:\/\/fjsp.org.br\/fjsp\/wp-content\/uploads\/2021\/08\/2-akutagawaryunosuke-460x345.jpg 460w\" sizes=\"(max-width: 500px) 100vw, 500px\" \/><p id=\"caption-attachment-17215\" class=\"wp-caption-text\">Ryunosuke Akutagawa Fonte: <a href=\"https:\/\/commons.wikimedia.org\/wiki\/File:Akutagawa.ryunosuke.jpg\" target=\"_blank\" rel=\"noopener\">Wikimedia Commons<\/a><\/p><\/div>\n<p>&nbsp;<\/p>\n<p>Em sua bibliografia destacam-se os contos, g\u00eanero fartamente explorado, sendo considerado por muitos como o pai do conto japon\u00eas moderno, cuja inspira\u00e7\u00e3o frequente s\u00e3o as narrativas antigas japonesas e as grandes obras cl\u00e1ssicas, como a antologia <a href=\"http:\/\/www.livrosabertos.sibi.usp.br\/portaldelivrosUSP\/catalog\/book\/254\" target=\"_blank\" rel=\"noopener\"><em>Konjaku monagatari<\/em><\/a>. Seus textos ricos em intertextualidades, ora mais livre ora mais direta, dialogam com contos, causos, lendas, e seus escritos s\u00e3o marcados pela ironia e uma linguagem apurada e elegante.<\/p>\n<p>Akutagawa buscava combinar temas japoneses com estilos liter\u00e1rios modernos e ocidentais. Contumaz leitor n\u00e3o apenas de escritores japoneses mas tamb\u00e9m de estrangeiros, como, por exemplo, os franceses Voltaire, Anatole France, Rousseau; al\u00e9m do alem\u00e3o Goethe e o irland\u00eas William Yeats, entre muitos outros. Sua obra mescla dentro da cultura e identidade japonesa a sua inspira\u00e7\u00e3o em diversas obras de autores e culturas distintas com temas japoneses e reflex\u00f5es sobre a natureza humana.<\/p>\n<p>&nbsp;<\/p>\n<div id=\"attachment_17216\" style=\"width: 510px\" class=\"wp-caption aligncenter\"><img decoding=\"async\" aria-describedby=\"caption-attachment-17216\" class=\"img-responsive img-fluid wp-image-17216\" src=\"https:\/\/fjsp.org.br\/fjsp\/wp-content\/uploads\/2021\/08\/3-tokyo-in-the-taisho-era.jpg\" alt=\"\" width=\"500\" height=\"343\" srcset=\"https:\/\/fjsp.org.br\/fjsp\/wp-content\/uploads\/2021\/08\/3-tokyo-in-the-taisho-era.jpg 542w, https:\/\/fjsp.org.br\/fjsp\/wp-content\/uploads\/2021\/08\/3-tokyo-in-the-taisho-era-280x192.jpg 280w, https:\/\/fjsp.org.br\/fjsp\/wp-content\/uploads\/2021\/08\/3-tokyo-in-the-taisho-era-340x233.jpg 340w, https:\/\/fjsp.org.br\/fjsp\/wp-content\/uploads\/2021\/08\/3-tokyo-in-the-taisho-era-220x151.jpg 220w, https:\/\/fjsp.org.br\/fjsp\/wp-content\/uploads\/2021\/08\/3-tokyo-in-the-taisho-era-100x69.jpg 100w, https:\/\/fjsp.org.br\/fjsp\/wp-content\/uploads\/2021\/08\/3-tokyo-in-the-taisho-era-130x89.jpg 130w, https:\/\/fjsp.org.br\/fjsp\/wp-content\/uploads\/2021\/08\/3-tokyo-in-the-taisho-era-460x316.jpg 460w\" sizes=\"(max-width: 500px) 100vw, 500px\" \/><p id=\"caption-attachment-17216\" class=\"wp-caption-text\">T\u00f3quio no Per\u00edodo Taisho (1912-1926). Fonte: <a href=\"https:\/\/commons.wikimedia.org\/wiki\/File:Hibiya_Intersection_in_the_Taisho_era.JPG\" target=\"_blank\" rel=\"noopener\">Wikimedia Commons<\/a><\/p><\/div>\n<p>&nbsp;<\/p>\n<p style=\"text-align: justify;background: white;margin: 0cm 0cm 9.0pt 0cm\">O per\u00edodo Taisho (1912-1926) foi uma \u00e9poca em que a escrita modernista floresceu e que os modernistas japoneses se consideravam contempor\u00e2neos dos modernistas em outras partes do mundo. Portanto, Akutagawa tinha consci\u00eancia de que fazia parte de um movimento liter\u00e1rio modernista mais global que inclu\u00eda v\u00e1rios estilos experimentais e temas, que podem ser percebidos em suas obras. Vamos mergulhar um pouco mais em seu mundo liter\u00e1rio.<\/p>\n<p>&nbsp;<\/p>\n<p>&nbsp;<\/p>\n<hr \/>\n<p>&nbsp;<\/p>\n<p style=\"text-align: center\"><strong><a href=\"https:\/\/fjsp.org.br\/fjsp\/dossie_ryunosuke_akutagawa\/\">&lt;&lt; Dossi\u00ea Ryunosuke Akutagawa<\/a>\u00a0\/\/ <\/strong><strong><a href=\"https:\/\/fjsp.org.br\/fjsp\/dossie_ryunosuke_akutagawa_2_obras\/\">2. Obras em portugu\u00eas &gt;&gt;\u00a0<\/a><\/strong><\/p>\n<p>&nbsp;<\/p>\n","protected":false},"excerpt":{"rendered":"<p>Dossi\u00ea Liter\u00e1rio &gt; Dossi\u00ea Ryunosuke Akutagawa &gt; 1. Ryunosuke Akutagawa RYUNOSUKE AKUTAGAWA (1892-1927) Importante intelectual japon\u00eas, nascido em T\u00f3quio, no dia 1 de mar\u00e7o de 1892, era escritor, tradutor, estudioso dos costumes e tradi\u00e7\u00f5es japonesas e mundial. Estudou literatura inglesa na Universidade Imperial de T\u00f3quio e foi participante ativo dos movimentos liter\u00e1rios de sua \u00e9poca, [&hellip;]<\/p>\n","protected":false},"author":34,"featured_media":0,"parent":0,"menu_order":0,"comment_status":"closed","ping_status":"closed","template":"","meta":{"_acf_changed":false,"footnotes":""},"class_list":["post-17207","page","type-page","status-publish","hentry"],"acf":[],"_links":{"self":[{"href":"https:\/\/fjsp.org.br\/fjsp\/wp-json\/wp\/v2\/pages\/17207","targetHints":{"allow":["GET"]}}],"collection":[{"href":"https:\/\/fjsp.org.br\/fjsp\/wp-json\/wp\/v2\/pages"}],"about":[{"href":"https:\/\/fjsp.org.br\/fjsp\/wp-json\/wp\/v2\/types\/page"}],"author":[{"embeddable":true,"href":"https:\/\/fjsp.org.br\/fjsp\/wp-json\/wp\/v2\/users\/34"}],"replies":[{"embeddable":true,"href":"https:\/\/fjsp.org.br\/fjsp\/wp-json\/wp\/v2\/comments?post=17207"}],"version-history":[{"count":2,"href":"https:\/\/fjsp.org.br\/fjsp\/wp-json\/wp\/v2\/pages\/17207\/revisions"}],"predecessor-version":[{"id":17217,"href":"https:\/\/fjsp.org.br\/fjsp\/wp-json\/wp\/v2\/pages\/17207\/revisions\/17217"}],"wp:attachment":[{"href":"https:\/\/fjsp.org.br\/fjsp\/wp-json\/wp\/v2\/media?parent=17207"}],"curies":[{"name":"wp","href":"https:\/\/api.w.org\/{rel}","templated":true}]}}