{"id":18840,"date":"2021-12-16T16:24:14","date_gmt":"2021-12-16T19:24:14","guid":{"rendered":"https:\/\/fjsp.org.br\/fjsp\/?page_id=18840"},"modified":"2021-12-16T16:24:14","modified_gmt":"2021-12-16T19:24:14","slug":"dossie_osamu_dazai_4_bibliografia","status":"publish","type":"page","link":"https:\/\/fjsp.org.br\/fjsp\/dossie_osamu_dazai_4_bibliografia\/","title":{"rendered":"4. Bibliografia dispon\u00edvel na Biblioteca e Online"},"content":{"rendered":"<p style=\"text-align: right\"><strong><a href=\"https:\/\/fjsp.org.br\/fjsp\/dossie_literario\/\">Dossi\u00ea Liter\u00e1rio<\/a> &gt; <a href=\"https:\/\/fjsp.org.br\/fjsp\/dossie_dazai_osamu\/\">Dossi\u00ea &#8211; Osamu Dazai<\/a> &gt; 4. Bibliografia dispon\u00edvel na Biblioteca e Online<\/strong><\/p>\n<p><img fetchpriority=\"high\" decoding=\"async\" class=\"img-responsive alignnone wp-image-11642 size-full\" src=\"https:\/\/fjsp.org.br\/fjsp\/wp-content\/uploads\/2020\/07\/pattern-v1-03-1.png\" alt=\"\" width=\"4032\" height=\"223\" srcset=\"https:\/\/fjsp.org.br\/fjsp\/wp-content\/uploads\/2020\/07\/pattern-v1-03-1.png 4032w, https:\/\/fjsp.org.br\/fjsp\/wp-content\/uploads\/2020\/07\/pattern-v1-03-1-280x15.png 280w, https:\/\/fjsp.org.br\/fjsp\/wp-content\/uploads\/2020\/07\/pattern-v1-03-1-768x42.png 768w, https:\/\/fjsp.org.br\/fjsp\/wp-content\/uploads\/2020\/07\/pattern-v1-03-1-340x19.png 340w, https:\/\/fjsp.org.br\/fjsp\/wp-content\/uploads\/2020\/07\/pattern-v1-03-1-220x12.png 220w, https:\/\/fjsp.org.br\/fjsp\/wp-content\/uploads\/2020\/07\/pattern-v1-03-1-100x6.png 100w, https:\/\/fjsp.org.br\/fjsp\/wp-content\/uploads\/2020\/07\/pattern-v1-03-1-130x7.png 130w, https:\/\/fjsp.org.br\/fjsp\/wp-content\/uploads\/2020\/07\/pattern-v1-03-1-460x25.png 460w\" sizes=\"(max-width: 4032px) 100vw, 4032px\" \/><\/p>\n<p>&nbsp;<\/p>\n<p>Al\u00e9m de vasta bibliografia de autoria de Osamu Dazai, a biblioteca disponibiliza ainda in\u00fameras antologias de literatura japonesa que contam com alguns t\u00edtulos do escritor. Para saber mais, acesse nosso <a href=\"http:\/\/179.191.86.52:8080\/sophia_web\/\" target=\"_blank\" rel=\"noopener\"><strong>Cat\u00e1logo Online<\/strong><\/a>.<\/p>\n<p>&nbsp;<\/p>\n<h3><strong>L\u00cdNGUA JAPONESA<\/strong><\/h3>\n<p>DAZAI, Osamu. <strong>Dazai Osamu.<\/strong> Tokyo: Chikuma Shobo, 1991. v. 4 . 477 p. (Chikuma Nihon Bungaku Zenshu, 004).<\/p>\n<p>DAZAI, Osamu. <strong>Dazai Osamu.<\/strong> Tokyo: Shinchosha, 1983. 111 p. (Shincho Nihon Bungaku Arubamu, 19).<\/p>\n<p>DAZAI, Osamu. <strong>Fugaku Hyakkei &#8211; Hashire Merosu:<\/strong> Hoka 8 hen. 2. ed. Tokyo: Iwanami Shoten, 1968. 238 p.<\/p>\n<p>DAZAI, Osamu. <strong>Mono omou ashi.<\/strong> Tokyo: Kadokawa Shoten, 2009. 206 p.<\/p>\n<p>DAZAI, Osamu. <strong>Nihon Bungaku Zenshu 70:<\/strong> Dazai Osamu. 7. ed. Tokyo: Shueisha, 1972. v. 65. 435 p.<\/p>\n<p>DAZAI, Osamu. <strong>Ningen shikkaku.<\/strong> Tokyo: Shinchosha, 2006. 185 p.<\/p>\n<p>DAZAI, Osamu. <strong>Ningen Shikkaku &#8211; Guddo Bai:<\/strong> Hoka 1 hen. Tokyo: Iwanami Shoten, 1988. 216 p.<\/p>\n<p>DAZAI, Osamu. <strong>Shayo: <\/strong>Hoka 1 hen. Tokyo: Iwanami Shoten, 1988. 205 p.<\/p>\n<p>DAZAI, Osamu. <strong>Shayo.<\/strong> Tokyo: Shinchosha, 1987. 206 p.<\/p>\n<p>DAZAI, Osamu. <strong>Viyon no tsuma. <\/strong>Tokyo: Shinchosha, 1985. 176 p.<\/p>\n<p>&nbsp;<\/p>\n<p><img decoding=\"async\" class=\"img-responsive img-fluid wp-image-18845 alignnone\" src=\"https:\/\/fjsp.org.br\/fjsp\/wp-content\/uploads\/2021\/12\/10-p-20211130-125124-vhdr-auto-scaled.jpg\" alt=\"\" width=\"450\" height=\"282\" srcset=\"https:\/\/fjsp.org.br\/fjsp\/wp-content\/uploads\/2021\/12\/10-p-20211130-125124-vhdr-auto-scaled.jpg 2560w, https:\/\/fjsp.org.br\/fjsp\/wp-content\/uploads\/2021\/12\/10-p-20211130-125124-vhdr-auto-280x176.jpg 280w, https:\/\/fjsp.org.br\/fjsp\/wp-content\/uploads\/2021\/12\/10-p-20211130-125124-vhdr-auto-768x482.jpg 768w, https:\/\/fjsp.org.br\/fjsp\/wp-content\/uploads\/2021\/12\/10-p-20211130-125124-vhdr-auto-1536x964.jpg 1536w, https:\/\/fjsp.org.br\/fjsp\/wp-content\/uploads\/2021\/12\/10-p-20211130-125124-vhdr-auto-2048x1285.jpg 2048w, https:\/\/fjsp.org.br\/fjsp\/wp-content\/uploads\/2021\/12\/10-p-20211130-125124-vhdr-auto-340x213.jpg 340w, https:\/\/fjsp.org.br\/fjsp\/wp-content\/uploads\/2021\/12\/10-p-20211130-125124-vhdr-auto-220x138.jpg 220w, https:\/\/fjsp.org.br\/fjsp\/wp-content\/uploads\/2021\/12\/10-p-20211130-125124-vhdr-auto-100x63.jpg 100w, https:\/\/fjsp.org.br\/fjsp\/wp-content\/uploads\/2021\/12\/10-p-20211130-125124-vhdr-auto-130x82.jpg 130w, https:\/\/fjsp.org.br\/fjsp\/wp-content\/uploads\/2021\/12\/10-p-20211130-125124-vhdr-auto-460x289.jpg 460w\" sizes=\"(max-width: 450px) 100vw, 450px\" \/><\/p>\n<p>&nbsp;<\/p>\n<h3><strong>L\u00cdNGUA PORTUGUESA<\/strong><\/h3>\n<p>DAZAI, Osamu. <strong>Decl\u00ednio de um homem.<\/strong> Tradu\u00e7\u00e3o de Ricardo Machado. S\u00e3o Paulo &#8211; SP: Esta\u00e7\u00e3o Liberdade, 2015. 152 p.<\/p>\n<p>DAZAI, Osamu. <strong>P\u00f4r-do-sol.<\/strong> Tradu\u00e7\u00e3o de Antonio Nojiri. [S.l.]: Hamburg, 1974. 108 p.<\/p>\n<p>&nbsp;<\/p>\n<p><img decoding=\"async\" class=\"img-responsive img-fluid alignnone wp-image-18846\" src=\"https:\/\/fjsp.org.br\/fjsp\/wp-content\/uploads\/2021\/12\/11-p-20211130-124559-vhdr-auto-scaled.jpg\" alt=\"\" width=\"450\" height=\"268\" srcset=\"https:\/\/fjsp.org.br\/fjsp\/wp-content\/uploads\/2021\/12\/11-p-20211130-124559-vhdr-auto-scaled.jpg 2560w, https:\/\/fjsp.org.br\/fjsp\/wp-content\/uploads\/2021\/12\/11-p-20211130-124559-vhdr-auto-280x167.jpg 280w, https:\/\/fjsp.org.br\/fjsp\/wp-content\/uploads\/2021\/12\/11-p-20211130-124559-vhdr-auto-768x458.jpg 768w, https:\/\/fjsp.org.br\/fjsp\/wp-content\/uploads\/2021\/12\/11-p-20211130-124559-vhdr-auto-1536x915.jpg 1536w, https:\/\/fjsp.org.br\/fjsp\/wp-content\/uploads\/2021\/12\/11-p-20211130-124559-vhdr-auto-2048x1220.jpg 2048w, https:\/\/fjsp.org.br\/fjsp\/wp-content\/uploads\/2021\/12\/11-p-20211130-124559-vhdr-auto-340x203.jpg 340w, https:\/\/fjsp.org.br\/fjsp\/wp-content\/uploads\/2021\/12\/11-p-20211130-124559-vhdr-auto-220x131.jpg 220w, https:\/\/fjsp.org.br\/fjsp\/wp-content\/uploads\/2021\/12\/11-p-20211130-124559-vhdr-auto-100x60.jpg 100w, https:\/\/fjsp.org.br\/fjsp\/wp-content\/uploads\/2021\/12\/11-p-20211130-124559-vhdr-auto-130x77.jpg 130w, https:\/\/fjsp.org.br\/fjsp\/wp-content\/uploads\/2021\/12\/11-p-20211130-124559-vhdr-auto-460x274.jpg 460w\" sizes=\"(max-width: 450px) 100vw, 450px\" \/><\/p>\n<p>&nbsp;<\/p>\n<h3><strong>L\u00cdNGUA INGLESA<\/strong><\/h3>\n<p>DAZAI, Osamu. <strong>Blue bamboo: <\/strong>Tales of fantasy and romance. Tradu\u00e7\u00e3o de Ralph F. McCarthy. Tokyo: Kodansha International, 1993. 182 p.<\/p>\n<p>DAZAI, Osamu. <strong>Crackling mountain and other stories.<\/strong> Tradu\u00e7\u00e3o de James O&#8217;Brien. Tokyo: Charles E. Tuttle, 1989. 255 p.<\/p>\n<p>DAZAI, Osamu. <strong>No longer human.<\/strong> Tradu\u00e7\u00e3o de Donald Keene. Tokyo: Charles E. Tuttle, 1981. 177 p.<\/p>\n<p>DAZAI, Osamu. <strong>Return to Tsugaru:<\/strong> Travels of a purple tramp. Tradu\u00e7\u00e3o de James Westerhoven. Tokyo: Kodansha International, 1985. 190 p.<\/p>\n<p>DAZAI, Osamu. <strong>Self portraits.<\/strong> Tradu\u00e7\u00e3o de Ralph F. McCarthy. 2. ed. [S.l.]: Kodansha International, 1992. 230 p.<\/p>\n<p>DAZAI, Osamu. <strong>Setting sun, The.<\/strong> Tradu\u00e7\u00e3o de Donald Keene. New York: New Directions Publishing Corporation, 1956. 175 p.<\/p>\n<p>&nbsp;<\/p>\n<p><img loading=\"lazy\" decoding=\"async\" class=\"img-responsive img-fluid alignnone wp-image-18847\" src=\"https:\/\/fjsp.org.br\/fjsp\/wp-content\/uploads\/2021\/12\/12-p-20211130-124702-vhdr-auto-scaled.jpg\" alt=\"\" width=\"450\" height=\"267\" srcset=\"https:\/\/fjsp.org.br\/fjsp\/wp-content\/uploads\/2021\/12\/12-p-20211130-124702-vhdr-auto-scaled.jpg 2560w, https:\/\/fjsp.org.br\/fjsp\/wp-content\/uploads\/2021\/12\/12-p-20211130-124702-vhdr-auto-280x166.jpg 280w, https:\/\/fjsp.org.br\/fjsp\/wp-content\/uploads\/2021\/12\/12-p-20211130-124702-vhdr-auto-768x456.jpg 768w, https:\/\/fjsp.org.br\/fjsp\/wp-content\/uploads\/2021\/12\/12-p-20211130-124702-vhdr-auto-1536x913.jpg 1536w, https:\/\/fjsp.org.br\/fjsp\/wp-content\/uploads\/2021\/12\/12-p-20211130-124702-vhdr-auto-2048x1217.jpg 2048w, https:\/\/fjsp.org.br\/fjsp\/wp-content\/uploads\/2021\/12\/12-p-20211130-124702-vhdr-auto-340x202.jpg 340w, https:\/\/fjsp.org.br\/fjsp\/wp-content\/uploads\/2021\/12\/12-p-20211130-124702-vhdr-auto-220x131.jpg 220w, https:\/\/fjsp.org.br\/fjsp\/wp-content\/uploads\/2021\/12\/12-p-20211130-124702-vhdr-auto-100x59.jpg 100w, https:\/\/fjsp.org.br\/fjsp\/wp-content\/uploads\/2021\/12\/12-p-20211130-124702-vhdr-auto-130x77.jpg 130w, https:\/\/fjsp.org.br\/fjsp\/wp-content\/uploads\/2021\/12\/12-p-20211130-124702-vhdr-auto-460x273.jpg 460w\" sizes=\"(max-width: 450px) 100vw, 450px\" \/><\/p>\n<p>&nbsp;<\/p>\n<h3><strong>L\u00cdNGUA ESPANHOLA<\/strong><\/h3>\n<p>DAZAI, Osamu. <strong>Indigno de ser humano.<\/strong> Tradu\u00e7\u00e3o de Montse Watkins. Kanagawa: Luna Books, 1999. 130 p.<\/p>\n<p>DAZAI, Osamu. <strong>Ocaso, El.<\/strong> Tradu\u00e7\u00e3o de Montse Watkins. Kanagawa: Luna Books, 1999. 147 p.<\/p>\n<p>&nbsp;<\/p>\n<p><img loading=\"lazy\" decoding=\"async\" class=\"img-responsive img-fluid alignnone wp-image-18848\" src=\"https:\/\/fjsp.org.br\/fjsp\/wp-content\/uploads\/2021\/12\/13-p-20211130-124743-vhdr-auto-scaled.jpg\" alt=\"\" width=\"450\" height=\"268\" srcset=\"https:\/\/fjsp.org.br\/fjsp\/wp-content\/uploads\/2021\/12\/13-p-20211130-124743-vhdr-auto-scaled.jpg 2560w, https:\/\/fjsp.org.br\/fjsp\/wp-content\/uploads\/2021\/12\/13-p-20211130-124743-vhdr-auto-280x167.jpg 280w, https:\/\/fjsp.org.br\/fjsp\/wp-content\/uploads\/2021\/12\/13-p-20211130-124743-vhdr-auto-768x458.jpg 768w, https:\/\/fjsp.org.br\/fjsp\/wp-content\/uploads\/2021\/12\/13-p-20211130-124743-vhdr-auto-1536x916.jpg 1536w, https:\/\/fjsp.org.br\/fjsp\/wp-content\/uploads\/2021\/12\/13-p-20211130-124743-vhdr-auto-2048x1221.jpg 2048w, https:\/\/fjsp.org.br\/fjsp\/wp-content\/uploads\/2021\/12\/13-p-20211130-124743-vhdr-auto-340x203.jpg 340w, https:\/\/fjsp.org.br\/fjsp\/wp-content\/uploads\/2021\/12\/13-p-20211130-124743-vhdr-auto-220x131.jpg 220w, https:\/\/fjsp.org.br\/fjsp\/wp-content\/uploads\/2021\/12\/13-p-20211130-124743-vhdr-auto-100x60.jpg 100w, https:\/\/fjsp.org.br\/fjsp\/wp-content\/uploads\/2021\/12\/13-p-20211130-124743-vhdr-auto-130x78.jpg 130w, https:\/\/fjsp.org.br\/fjsp\/wp-content\/uploads\/2021\/12\/13-p-20211130-124743-vhdr-auto-460x274.jpg 460w\" sizes=\"(max-width: 450px) 100vw, 450px\" \/><\/p>\n<p>&nbsp;<\/p>\n<h3><strong>SOBRE OSAMU DAZAI<\/strong><\/h3>\n<p>KEENE, Donald.\u00a0<strong>Dawn to the West<\/strong>: Japanese Literature in the Modern Era &#8211; Fiction. New York: Holt, Rinehart and Winston, 1984. v. 1 . 1327 p.<\/p>\n<p>LYONS, Phyllis I. <strong>Saga of Dazai Osamu, The:<\/strong> Critical study with translations, A. [S.l.]: Stanford University Press, 1985. 416 p.<\/p>\n<p>NAGABE, Hideo; ET AL. <strong>Dazai Osamu.<\/strong> Tokyo: Shogakukan, 1991. 355 p.<\/p>\n<p>WOLFE, Alan. <strong>Suicidal narrative in modern Japan: <\/strong>Case of Dazai Osamu, The. New Jersey: Princeton University Press, 1990. xvi, 263. (Study of the East Asian Institute).<\/p>\n<p>YOSHIDA, Luiza Nana (orient.). <strong>Est\u00e9tica do espa\u00e7o na obra P\u00f4r-do-Sol, de Dazai Osamu, A.<\/strong> S\u00e3o Paulo &#8211; SP: USP- Universidade de S\u00e3o Paulo, 2008. 247 f., 29 cm. Disserta\u00e7\u00e3o (Mestrado em L\u00edngua, Literatura e Cultura Japonesa)- Faculdade de Filosofia, Letras e Ci\u00eancias Humanas, Universidade de S\u00e3o Paulo.<\/p>\n<p>&nbsp;<\/p>\n<h3><strong>SOBRE OSAMU DAZAI ONLINE<\/strong><\/h3>\n<p>KAWANA, K. K. (2013). <a href=\"https:\/\/doi.org\/10.11606\/issn.2447-7125.v0i33p35-44\" target=\"_blank\" rel=\"noopener\">Fic\u00e7\u00e3o e realidade nas obras de Dazai Osamu<\/a>. <strong>Estudos Japoneses<\/strong>, (33), 35-44.<\/p>\n<p>NAGAE, Neide Hissae. <a href=\"https:\/\/teses.usp.br\/teses\/disponiveis\/8\/8151\/tde-14052007-151503\/pt-br.php\" target=\"_blank\" rel=\"noopener\"><strong>De Katai a Dazai:<\/strong> apontamentos para uma morfologia do romance do eu<\/a>. 2006. Tese (Doutorado em Teoria Liter\u00e1ria e Literatura Comparada) &#8211; Faculdade de Filosofia, Letras e Ci\u00eancias Humanas, Universidade de S\u00e3o Paulo, S\u00e3o Paulo, 2006.<\/p>\n<p>TAVARES, Tatiana Cared.<a href=\"https:\/\/www.periodicos.ufam.edu.br\/index.php\/HonNoMushi\/article\/view\/5513\" target=\"_blank\" rel=\"noopener\"> O feminino nos contos de Osamu Dazai<\/a>.\u00a0 <strong>Hon No Mushi<\/strong> &#8211; Estudos Multidisciplinares Japoneses &#8211; A literatura e as representa\u00e7\u00f5es do feminino no Jap\u00e3o. v. 4 n. 6 (2019).<\/p>\n<p>&nbsp;<\/p>\n<p>&nbsp;<\/p>\n<hr \/>\n<p>&nbsp;<\/p>\n<p style=\"text-align: center\"><strong><a href=\"https:\/\/fjsp.org.br\/fjsp\/dossie_osamu_dazai_3_destaques\/\">&lt;&lt; 3. Destaques<\/a> \/\/ <a href=\"https:\/\/fjsp.org.br\/fjsp\/dossie_osamu_dazai\/\">Dossi\u00ea Osamu Dazai &gt;&gt;<\/a><\/strong><\/p>\n<p>&nbsp;<\/p>\n","protected":false},"excerpt":{"rendered":"<p>Dossi\u00ea Liter\u00e1rio &gt; Dossi\u00ea &#8211; Osamu Dazai &gt; 4. Bibliografia dispon\u00edvel na Biblioteca e Online &nbsp; Al\u00e9m de vasta bibliografia de autoria de Osamu Dazai, a biblioteca disponibiliza ainda in\u00fameras antologias de literatura japonesa que contam com alguns t\u00edtulos do escritor. Para saber mais, acesse nosso Cat\u00e1logo Online. &nbsp; L\u00cdNGUA JAPONESA DAZAI, Osamu. Dazai Osamu. [&hellip;]<\/p>\n","protected":false},"author":34,"featured_media":0,"parent":0,"menu_order":0,"comment_status":"closed","ping_status":"closed","template":"","meta":{"_acf_changed":false,"footnotes":""},"class_list":["post-18840","page","type-page","status-publish","hentry"],"acf":[],"_links":{"self":[{"href":"https:\/\/fjsp.org.br\/fjsp\/wp-json\/wp\/v2\/pages\/18840","targetHints":{"allow":["GET"]}}],"collection":[{"href":"https:\/\/fjsp.org.br\/fjsp\/wp-json\/wp\/v2\/pages"}],"about":[{"href":"https:\/\/fjsp.org.br\/fjsp\/wp-json\/wp\/v2\/types\/page"}],"author":[{"embeddable":true,"href":"https:\/\/fjsp.org.br\/fjsp\/wp-json\/wp\/v2\/users\/34"}],"replies":[{"embeddable":true,"href":"https:\/\/fjsp.org.br\/fjsp\/wp-json\/wp\/v2\/comments?post=18840"}],"version-history":[{"count":2,"href":"https:\/\/fjsp.org.br\/fjsp\/wp-json\/wp\/v2\/pages\/18840\/revisions"}],"predecessor-version":[{"id":18852,"href":"https:\/\/fjsp.org.br\/fjsp\/wp-json\/wp\/v2\/pages\/18840\/revisions\/18852"}],"wp:attachment":[{"href":"https:\/\/fjsp.org.br\/fjsp\/wp-json\/wp\/v2\/media?parent=18840"}],"curies":[{"name":"wp","href":"https:\/\/api.w.org\/{rel}","templated":true}]}}