{"id":19227,"date":"2022-03-01T14:53:44","date_gmt":"2022-03-01T17:53:44","guid":{"rendered":"https:\/\/fjsp.org.br\/fjsp\/?page_id=19227"},"modified":"2022-05-20T04:23:43","modified_gmt":"2022-05-20T07:23:43","slug":"irodori","status":"publish","type":"page","link":"https:\/\/fjsp.org.br\/fjsp\/irodori\/","title":{"rendered":"Irodori"},"content":{"rendered":"<p><img fetchpriority=\"high\" decoding=\"async\" class=\"img-responsive img-fluid alignnone size-full wp-image-19230\" src=\"https:\/\/fjsp.org.br\/fjsp\/wp-content\/uploads\/2022\/02\/irodori-top-pagina-sitefjsp.jpg\" alt=\"\" width=\"1404\" height=\"445\" srcset=\"https:\/\/fjsp.org.br\/fjsp\/wp-content\/uploads\/2022\/02\/irodori-top-pagina-sitefjsp.jpg 1404w, https:\/\/fjsp.org.br\/fjsp\/wp-content\/uploads\/2022\/02\/irodori-top-pagina-sitefjsp-280x89.jpg 280w, https:\/\/fjsp.org.br\/fjsp\/wp-content\/uploads\/2022\/02\/irodori-top-pagina-sitefjsp-768x243.jpg 768w, https:\/\/fjsp.org.br\/fjsp\/wp-content\/uploads\/2022\/02\/irodori-top-pagina-sitefjsp-340x108.jpg 340w, https:\/\/fjsp.org.br\/fjsp\/wp-content\/uploads\/2022\/02\/irodori-top-pagina-sitefjsp-220x70.jpg 220w, https:\/\/fjsp.org.br\/fjsp\/wp-content\/uploads\/2022\/02\/irodori-top-pagina-sitefjsp-100x32.jpg 100w, https:\/\/fjsp.org.br\/fjsp\/wp-content\/uploads\/2022\/02\/irodori-top-pagina-sitefjsp-130x41.jpg 130w, https:\/\/fjsp.org.br\/fjsp\/wp-content\/uploads\/2022\/02\/irodori-top-pagina-sitefjsp-460x146.jpg 460w\" sizes=\"(max-width: 1404px) 100vw, 1404px\" \/><\/p>\n<h4 style=\"text-align: center;\"><span style=\"color: #ff0000;\"><em>Antes de navegar nesta p\u00e1gina, por favor leia as<strong> <a style=\"color: #ff0000;\" href=\"https:\/\/fjsp.org.br\/fjsp\/irodori-regras-de-uso\/\" target=\"_blank\" rel=\"noopener\">regras de uso<\/a>.<\/strong><\/em><\/span><\/h4>\n<p>&nbsp;<\/p>\n<blockquote><p><span data-contrast=\"none\"><strong>&#8220;IRODORI&#8221;<\/strong> \u00e9 um material para aprendizado da l\u00edngua japonesa, destinado aos estrangeiros que querem morar ou trabalhar no Jap\u00e3o. Com este material consegue-se aprender a comunica\u00e7\u00e3o b\u00e1sica\u202fnecess\u00e1ria para a viv\u00eancia e o trabalho no Jap\u00e3o. O material em PDF e os \u00e1udios podem ser baixados gratuitamente pela\u202f<\/span><i><span data-contrast=\"none\">internet<\/span><\/i><span data-contrast=\"none\">.<\/span><\/p><\/blockquote>\n<p>&nbsp;<\/p>\n<div class='cleaner'><\/div>\n<div class='videoWrapper embed-responsive embed-responsive-16by9 ratio ratio-16x9'><iframe title=\"\u300e\u3044\u308d\u3069\u308a\u300fPR\u52d5\u753b\u3000&quot;Irodori&quot; PR movie\u3010SUB\u3011\" width=\"700\" height=\"394\" src=\"https:\/\/www.youtube.com\/embed\/e4cCeu_hwiY?feature=oembed\" frameborder=\"0\" allow=\"accelerometer; autoplay; clipboard-write; encrypted-media; gyroscope; picture-in-picture\" allowfullscreen><\/iframe><\/div>\n<p><em>Aten\u00e7\u00e3o: Para acionar a legenda em portugu\u00eas do v\u00eddeo, clique no \u00edcone da &#8220;<strong>engrenagem&#8221;<\/strong> e selecione <strong>&#8220;Legendas\/CC&#8221;<\/strong> e clique em <strong>&#8220;Traduzir automaticamente&#8221;<\/strong>. Aparecer\u00e1 uma lista de idiomas e selecione o <strong>&#8220;portugu\u00eas&#8221;<\/strong>.<\/em><\/p>\n<p>&nbsp;<\/p>\n<p style=\"text-align: left;\"><a href=\"https:\/\/fjsp.org.br\/fjsp\/irodori-a1-introdutorio\/\"><img decoding=\"async\" class=\"img-responsive img-fluid alignnone wp-image-20876\" src=\"https:\/\/fjsp.org.br\/fjsp\/wp-content\/uploads\/2022\/04\/capas-irodori-a1-site.jpg\" alt=\"\" width=\"250\" height=\"346\" srcset=\"https:\/\/fjsp.org.br\/fjsp\/wp-content\/uploads\/2022\/04\/capas-irodori-a1-site.jpg 340w, https:\/\/fjsp.org.br\/fjsp\/wp-content\/uploads\/2022\/04\/capas-irodori-a1-site-280x388.jpg 280w, https:\/\/fjsp.org.br\/fjsp\/wp-content\/uploads\/2022\/04\/capas-irodori-a1-site-220x305.jpg 220w, https:\/\/fjsp.org.br\/fjsp\/wp-content\/uploads\/2022\/04\/capas-irodori-a1-site-100x139.jpg 100w, https:\/\/fjsp.org.br\/fjsp\/wp-content\/uploads\/2022\/04\/capas-irodori-a1-site-130x180.jpg 130w\" sizes=\"(max-width: 250px) 100vw, 250px\" \/><\/a> \u00a0<a href=\"https:\/\/fjsp.org.br\/fjsp\/irodori-a2-basico-1\/\"><img decoding=\"async\" class=\"img-responsive img-fluid alignnone wp-image-21570\" src=\"https:\/\/fjsp.org.br\/fjsp\/wp-content\/uploads\/2022\/05\/capas-irodori-a2-1-site.jpg\" alt=\"\" width=\"250\" height=\"346\" srcset=\"https:\/\/fjsp.org.br\/fjsp\/wp-content\/uploads\/2022\/05\/capas-irodori-a2-1-site.jpg 340w, https:\/\/fjsp.org.br\/fjsp\/wp-content\/uploads\/2022\/05\/capas-irodori-a2-1-site-280x388.jpg 280w, https:\/\/fjsp.org.br\/fjsp\/wp-content\/uploads\/2022\/05\/capas-irodori-a2-1-site-220x305.jpg 220w, https:\/\/fjsp.org.br\/fjsp\/wp-content\/uploads\/2022\/05\/capas-irodori-a2-1-site-100x139.jpg 100w, https:\/\/fjsp.org.br\/fjsp\/wp-content\/uploads\/2022\/05\/capas-irodori-a2-1-site-130x180.jpg 130w\" sizes=\"(max-width: 250px) 100vw, 250px\" \/><\/a> <img loading=\"lazy\" decoding=\"async\" class=\"img-responsive img-fluid alignnone wp-image-20878\" src=\"https:\/\/fjsp.org.br\/fjsp\/wp-content\/uploads\/2022\/04\/capas-irodori-a2-2-breve.jpg\" alt=\"\" width=\"250\" height=\"346\" srcset=\"https:\/\/fjsp.org.br\/fjsp\/wp-content\/uploads\/2022\/04\/capas-irodori-a2-2-breve.jpg 340w, https:\/\/fjsp.org.br\/fjsp\/wp-content\/uploads\/2022\/04\/capas-irodori-a2-2-breve-280x388.jpg 280w, https:\/\/fjsp.org.br\/fjsp\/wp-content\/uploads\/2022\/04\/capas-irodori-a2-2-breve-220x305.jpg 220w, https:\/\/fjsp.org.br\/fjsp\/wp-content\/uploads\/2022\/04\/capas-irodori-a2-2-breve-100x139.jpg 100w, https:\/\/fjsp.org.br\/fjsp\/wp-content\/uploads\/2022\/04\/capas-irodori-a2-2-breve-130x180.jpg 130w\" sizes=\"(max-width: 250px) 100vw, 250px\" \/> <a href=\"https:\/\/www.irodori-online.jpf.go.jp\/\" target=\"_blank\" rel=\"noopener\"><img loading=\"lazy\" decoding=\"async\" class=\"img-responsive img-fluid alignnone wp-image-20867\" src=\"https:\/\/fjsp.org.br\/fjsp\/wp-content\/uploads\/2022\/04\/capas-irodori-online-course.jpg\" alt=\"\" width=\"250\" height=\"346\" srcset=\"https:\/\/fjsp.org.br\/fjsp\/wp-content\/uploads\/2022\/04\/capas-irodori-online-course.jpg 340w, https:\/\/fjsp.org.br\/fjsp\/wp-content\/uploads\/2022\/04\/capas-irodori-online-course-280x388.jpg 280w, https:\/\/fjsp.org.br\/fjsp\/wp-content\/uploads\/2022\/04\/capas-irodori-online-course-220x305.jpg 220w, https:\/\/fjsp.org.br\/fjsp\/wp-content\/uploads\/2022\/04\/capas-irodori-online-course-100x139.jpg 100w, https:\/\/fjsp.org.br\/fjsp\/wp-content\/uploads\/2022\/04\/capas-irodori-online-course-130x180.jpg 130w\" sizes=\"(max-width: 250px) 100vw, 250px\" \/><\/a><\/p>\n<p>&nbsp;<\/p>\n<p>&nbsp;<\/p>\n","protected":false},"excerpt":{"rendered":"<p>Antes de navegar nesta p\u00e1gina, por favor leia as regras de uso. &nbsp; &#8220;IRODORI&#8221; \u00e9 um material para aprendizado da l\u00edngua japonesa, destinado aos estrangeiros que querem morar ou trabalhar no Jap\u00e3o. Com este material consegue-se aprender a comunica\u00e7\u00e3o b\u00e1sica\u202fnecess\u00e1ria para a viv\u00eancia e o trabalho no Jap\u00e3o. O material em PDF e os \u00e1udios [&hellip;]<\/p>\n","protected":false},"author":1,"featured_media":0,"parent":0,"menu_order":0,"comment_status":"closed","ping_status":"closed","template":"","meta":{"_acf_changed":false,"footnotes":""},"class_list":["post-19227","page","type-page","status-publish","hentry"],"acf":[],"_links":{"self":[{"href":"https:\/\/fjsp.org.br\/fjsp\/wp-json\/wp\/v2\/pages\/19227","targetHints":{"allow":["GET"]}}],"collection":[{"href":"https:\/\/fjsp.org.br\/fjsp\/wp-json\/wp\/v2\/pages"}],"about":[{"href":"https:\/\/fjsp.org.br\/fjsp\/wp-json\/wp\/v2\/types\/page"}],"author":[{"embeddable":true,"href":"https:\/\/fjsp.org.br\/fjsp\/wp-json\/wp\/v2\/users\/1"}],"replies":[{"embeddable":true,"href":"https:\/\/fjsp.org.br\/fjsp\/wp-json\/wp\/v2\/comments?post=19227"}],"version-history":[{"count":2,"href":"https:\/\/fjsp.org.br\/fjsp\/wp-json\/wp\/v2\/pages\/19227\/revisions"}],"predecessor-version":[{"id":21571,"href":"https:\/\/fjsp.org.br\/fjsp\/wp-json\/wp\/v2\/pages\/19227\/revisions\/21571"}],"wp:attachment":[{"href":"https:\/\/fjsp.org.br\/fjsp\/wp-json\/wp\/v2\/media?parent=19227"}],"curies":[{"name":"wp","href":"https:\/\/api.w.org\/{rel}","templated":true}]}}