{"id":19460,"date":"2022-02-22T05:03:16","date_gmt":"2022-02-22T08:03:16","guid":{"rendered":"https:\/\/fjsp.org.br\/fjsp\/?page_id=19460"},"modified":"2022-02-22T05:56:43","modified_gmt":"2022-02-22T08:56:43","slug":"criarte-haruo-mitsuta","status":"publish","type":"page","link":"https:\/\/fjsp.org.br\/fjsp\/criarte-haruo-mitsuta\/","title":{"rendered":"Haruo Mitsuta"},"content":{"rendered":"<p>No primeiro epis\u00f3dio, apresentamos uma participa\u00e7\u00e3o especial, o artista Haruo Mitsuta e suas obras articuladas. Este conte\u00fado foi produzido originalmente como um extra do programa <em>Jounetsu Tairiku<\/em>, exibido em 19 de julho de 2020 na TV japonesa.<\/p>\n<p>&nbsp;<\/p>\n<div class='cleaner'><\/div>\n<div class='videoWrapper embed-responsive embed-responsive-16by9 ratio ratio-16x9'><iframe title=\"Jounetsu Tairiku - Haruo Mitsuta (legendas em portugu\u00eas)\" width=\"700\" height=\"394\" src=\"https:\/\/www.youtube.com\/embed\/FTjPg8IaqH0?feature=oembed\" frameborder=\"0\" allow=\"accelerometer; autoplay; clipboard-write; encrypted-media; gyroscope; picture-in-picture\" allowfullscreen><\/iframe><\/div>\n<p>&nbsp;<\/p>\n<h2><strong>Haruo Mitsuta<\/strong><\/h2>\n<p>Nasceu na Prov\u00edncia de Tottori, em 1980, mas cresceu na Prov\u00edncia de Chiba. Desde crian\u00e7a, aprecia o campo e \u00e9 apaixonado por insetos. Jovem habilidoso, dobrava origami de <em>tsuru<\/em> com papel quadrado de 5 mm.<\/p>\n<p>&nbsp;<\/p>\n<p><img fetchpriority=\"high\" decoding=\"async\" class=\"img-responsive img-fluid size-full wp-image-17744 aligncenter\" src=\"https:\/\/fjsp.org.br\/fjsp\/wp-content\/uploads\/2021\/10\/foto-mitsuta-haruo-site.jpg\" alt=\"\" width=\"500\" height=\"281\" srcset=\"https:\/\/fjsp.org.br\/fjsp\/wp-content\/uploads\/2021\/10\/foto-mitsuta-haruo-site.jpg 500w, https:\/\/fjsp.org.br\/fjsp\/wp-content\/uploads\/2021\/10\/foto-mitsuta-haruo-site-280x157.jpg 280w, https:\/\/fjsp.org.br\/fjsp\/wp-content\/uploads\/2021\/10\/foto-mitsuta-haruo-site-340x191.jpg 340w, https:\/\/fjsp.org.br\/fjsp\/wp-content\/uploads\/2021\/10\/foto-mitsuta-haruo-site-220x124.jpg 220w, https:\/\/fjsp.org.br\/fjsp\/wp-content\/uploads\/2021\/10\/foto-mitsuta-haruo-site-100x56.jpg 100w, https:\/\/fjsp.org.br\/fjsp\/wp-content\/uploads\/2021\/10\/foto-mitsuta-haruo-site-130x73.jpg 130w, https:\/\/fjsp.org.br\/fjsp\/wp-content\/uploads\/2021\/10\/foto-mitsuta-haruo-site-460x259.jpg 460w\" sizes=\"(max-width: 500px) 100vw, 500px\" \/><\/p>\n<p>&nbsp;<\/p>\n<p>Na quarta tentativa, ingressou na Universidade de Artes de T\u00f3quio e, durante as aulas, conheceu Muneyuki Tomiki, um artes\u00e3o de pe\u00e7as articuladas (<em>Jizai okimono<\/em>). Emocionou-se ao constatar que a t\u00e9cnica, que julgava ser do passado, permanecia viva at\u00e9 a atualidade. No mesmo dia, candidatou-se \u00e0 aprendiz do artes\u00e3o.<\/p>\n<p>S\u00e3o mais de 150 os tipos de criaturas produzidos por Mitsuta at\u00e9 o momento.<\/p>\n<p>Recebeu os pr\u00eamios <em>Zennippon kingin sosakuten<\/em> e <em>Sozosuru dentosho<\/em>.<\/p>\n<p>Vive com a esposa, artista da t\u00e9cnica <em>Shippo, <\/em>e a filha.<\/p>\n<p>Quando crian\u00e7a, queria ser um caranguejo eremita e, at\u00e9 hoje, \u00e9 apaixonado por plastimodelismo e games.<\/p>\n<p><img decoding=\"async\" class=\"img-responsive img-fluid size-full wp-image-17746 aligncenter\" src=\"https:\/\/fjsp.org.br\/fjsp\/wp-content\/uploads\/2021\/10\/hachi-site.jpg\" alt=\"\" width=\"500\" height=\"375\" srcset=\"https:\/\/fjsp.org.br\/fjsp\/wp-content\/uploads\/2021\/10\/hachi-site.jpg 500w, https:\/\/fjsp.org.br\/fjsp\/wp-content\/uploads\/2021\/10\/hachi-site-280x210.jpg 280w, https:\/\/fjsp.org.br\/fjsp\/wp-content\/uploads\/2021\/10\/hachi-site-340x255.jpg 340w, https:\/\/fjsp.org.br\/fjsp\/wp-content\/uploads\/2021\/10\/hachi-site-220x165.jpg 220w, https:\/\/fjsp.org.br\/fjsp\/wp-content\/uploads\/2021\/10\/hachi-site-100x75.jpg 100w, https:\/\/fjsp.org.br\/fjsp\/wp-content\/uploads\/2021\/10\/hachi-site-130x98.jpg 130w, https:\/\/fjsp.org.br\/fjsp\/wp-content\/uploads\/2021\/10\/hachi-site-460x345.jpg 460w\" sizes=\"(max-width: 500px) 100vw, 500px\" \/><\/p>\n<p>&nbsp;<\/p>\n<p>&nbsp;<\/p>\n<h2><strong>E o que s\u00e3o os modelos articulados (<em>Jizai okimono<\/em>) de artefatos de metal? <\/strong><\/h2>\n<p>S\u00e3o figuras met\u00e1licas de todos os tipos de criaturas, desde insetos, cobras e crust\u00e1ceos, at\u00e9 drag\u00f5es e outros seres fant\u00e1sticos. Como se estivessem vivas, as pe\u00e7as t\u00eam movimento.<\/p>\n<p>\u00c9 conhecido que a t\u00e9cnica foi criada durante o per\u00edodo Edo, por um artes\u00e3o de armadura que perdeu o emprego em tempos pac\u00edficos e, a partir de ent\u00e3o, foi transmitida como uma arte tradicional.<\/p>\n<p>Haruo Mitsuta \u00e9 o \u00fanico artista que mant\u00e9m viva a t\u00e9cnica <em>Jizai okimono<\/em>, do per\u00edodo Edo. Quando organiza exposi\u00e7\u00f5es individuais, sua popularidade re\u00fane mais de cem pessoas para participar no sorteio que d\u00e1 direito a adquirir suas obras. Em abril de 2019, realizou uma mostra individual em Londres.<\/p>\n<p>&nbsp;<\/p>\n<p><img decoding=\"async\" class=\"img-responsive img-fluid size-full wp-image-17745 aligncenter\" src=\"https:\/\/fjsp.org.br\/fjsp\/wp-content\/uploads\/2021\/10\/kabutomushi-site.jpg\" alt=\"\" width=\"500\" height=\"375\" srcset=\"https:\/\/fjsp.org.br\/fjsp\/wp-content\/uploads\/2021\/10\/kabutomushi-site.jpg 500w, https:\/\/fjsp.org.br\/fjsp\/wp-content\/uploads\/2021\/10\/kabutomushi-site-280x210.jpg 280w, https:\/\/fjsp.org.br\/fjsp\/wp-content\/uploads\/2021\/10\/kabutomushi-site-340x255.jpg 340w, https:\/\/fjsp.org.br\/fjsp\/wp-content\/uploads\/2021\/10\/kabutomushi-site-220x165.jpg 220w, https:\/\/fjsp.org.br\/fjsp\/wp-content\/uploads\/2021\/10\/kabutomushi-site-100x75.jpg 100w, https:\/\/fjsp.org.br\/fjsp\/wp-content\/uploads\/2021\/10\/kabutomushi-site-130x98.jpg 130w, https:\/\/fjsp.org.br\/fjsp\/wp-content\/uploads\/2021\/10\/kabutomushi-site-460x345.jpg 460w\" sizes=\"(max-width: 500px) 100vw, 500px\" \/><\/p>\n<p>&nbsp;<\/p>\n<p>Confecciona desde o escaravelho-veado, um inseto popular, at\u00e9 a centopeia, sem distin\u00e7\u00e3o. \u00c9 um profundo apreciador de insetos, desde os menos vistosos, a ponto de sua esposa indagar \u201cPor qu\u00ea voc\u00ea confeccionou isso?\u201d.<\/p>\n<p>As caracter\u00edsticas que destacam Mitsuta s\u00e3o o olhar de observa\u00e7\u00e3o meticulosa e a minuciosa habilidade manual. Desmembra um esp\u00e9cime real e, ent\u00e3o, mede cada parte precisamente. Reproduz fielmente, em metal, at\u00e9 o interior da boca da lib\u00e9lula-de-an\u00e9is-dourados, que geralmente n\u00e3o conseguimos ver. As obras, que podem ser confundidas com seres reais, s\u00e3o conhecidas como \u201cvidas que por acaso se originaram do metal\u201d.<\/p>\n<p>&nbsp;<\/p>\n<p><img loading=\"lazy\" decoding=\"async\" class=\"img-responsive img-fluid size-full wp-image-17743 aligncenter\" src=\"https:\/\/fjsp.org.br\/fjsp\/wp-content\/uploads\/2021\/10\/tonbo-site.jpg\" alt=\"\" width=\"500\" height=\"334\" srcset=\"https:\/\/fjsp.org.br\/fjsp\/wp-content\/uploads\/2021\/10\/tonbo-site.jpg 500w, https:\/\/fjsp.org.br\/fjsp\/wp-content\/uploads\/2021\/10\/tonbo-site-280x187.jpg 280w, https:\/\/fjsp.org.br\/fjsp\/wp-content\/uploads\/2021\/10\/tonbo-site-340x227.jpg 340w, https:\/\/fjsp.org.br\/fjsp\/wp-content\/uploads\/2021\/10\/tonbo-site-220x147.jpg 220w, https:\/\/fjsp.org.br\/fjsp\/wp-content\/uploads\/2021\/10\/tonbo-site-100x67.jpg 100w, https:\/\/fjsp.org.br\/fjsp\/wp-content\/uploads\/2021\/10\/tonbo-site-130x87.jpg 130w, https:\/\/fjsp.org.br\/fjsp\/wp-content\/uploads\/2021\/10\/tonbo-site-460x307.jpg 460w\" sizes=\"(max-width: 500px) 100vw, 500px\" \/><\/p>\n<p>&nbsp;<\/p>\n<p>Desde a era Meiji (1868-1912), modelos articulados <em>Jizai okimono<\/em> s\u00e3o levados ao exterior e permanecem pouco conhecidos no Jap\u00e3o. Vamos, ent\u00e3o, apreciar a t\u00e9cnica sublime sem igual, que t\u00eam sido transmitidas at\u00e9 a era Reiwa?<\/p>\n<h5 style=\"text-align: center;\"><strong>O conte\u00fado \u00e9 uma produ\u00e7\u00e3o da MAINICHI BROADCASTING SYSTEM, INC., em colabora\u00e7\u00e3o com o DOCUMENTARY JAPAN INC.<\/strong><\/h5>\n<p><a href=\"https:\/\/www.mbs.jp\/jounetsu\/\" target=\"_blank\" rel=\"noopener\"><img loading=\"lazy\" decoding=\"async\" class=\"img-responsive img-fluid aligncenter wp-image-17747\" src=\"https:\/\/fjsp.org.br\/fjsp\/wp-content\/uploads\/2021\/10\/logo-tairiku-220x238.jpg\" alt=\"\" width=\"150\" height=\"163\" srcset=\"https:\/\/fjsp.org.br\/fjsp\/wp-content\/uploads\/2021\/10\/logo-tairiku-220x238.jpg 220w, https:\/\/fjsp.org.br\/fjsp\/wp-content\/uploads\/2021\/10\/logo-tairiku-280x303.jpg 280w, https:\/\/fjsp.org.br\/fjsp\/wp-content\/uploads\/2021\/10\/logo-tairiku-100x108.jpg 100w, https:\/\/fjsp.org.br\/fjsp\/wp-content\/uploads\/2021\/10\/logo-tairiku-130x141.jpg 130w, https:\/\/fjsp.org.br\/fjsp\/wp-content\/uploads\/2021\/10\/logo-tairiku.jpg 300w\" sizes=\"(max-width: 150px) 100vw, 150px\" \/><\/a><\/p>\n<p><strong><a href=\"https:\/\/www.mbs.jp\/jounetsu\" target=\"_blank\" rel=\"noopener\">Site oficial<\/a> <\/strong>(em japon\u00eas)<\/p>\n<p><strong><a href=\"https:\/\/www.youtube.com\/channel\/UChrwWDsptJWqbV_oPKdHk1Q\" target=\"_blank\" rel=\"noopener\">YouTube Oficial<\/a><\/strong><\/p>\n<p>&nbsp;<\/p>\n<p>A arte do t\u00edtulo do projeto foi elaborada por Mari Kanegae, com uma composi\u00e7\u00e3o de folhas de Pata-de-vaca em v\u00e1rios est\u00e1gios, e aplica\u00e7\u00e3o da t\u00e9cnica Kiri\u00ea em uma folha de nori (alga japonesa).<\/p>\n<h4 style=\"text-align: center;\"><strong><span style=\"color: #ff9900;\"><a style=\"color: #ff9900;\" href=\"https:\/\/fjsp.org.br\/fjsp\/criarte\/\">Voltar para a home Criarte<\/a><\/span><\/strong><\/h4>\n<p>&nbsp;<\/p>\n","protected":false},"excerpt":{"rendered":"<p>No primeiro epis\u00f3dio, apresentamos uma participa\u00e7\u00e3o especial, o artista Haruo Mitsuta e suas obras articuladas. Este conte\u00fado foi produzido originalmente como um extra do programa Jounetsu Tairiku, exibido em 19 de julho de 2020 na TV japonesa. &nbsp; &nbsp; Haruo Mitsuta Nasceu na Prov\u00edncia de Tottori, em 1980, mas cresceu na Prov\u00edncia de Chiba. Desde [&hellip;]<\/p>\n","protected":false},"author":1,"featured_media":0,"parent":0,"menu_order":0,"comment_status":"closed","ping_status":"closed","template":"","meta":{"_acf_changed":false,"footnotes":""},"class_list":["post-19460","page","type-page","status-publish","hentry"],"acf":[],"_links":{"self":[{"href":"https:\/\/fjsp.org.br\/fjsp\/wp-json\/wp\/v2\/pages\/19460","targetHints":{"allow":["GET"]}}],"collection":[{"href":"https:\/\/fjsp.org.br\/fjsp\/wp-json\/wp\/v2\/pages"}],"about":[{"href":"https:\/\/fjsp.org.br\/fjsp\/wp-json\/wp\/v2\/types\/page"}],"author":[{"embeddable":true,"href":"https:\/\/fjsp.org.br\/fjsp\/wp-json\/wp\/v2\/users\/1"}],"replies":[{"embeddable":true,"href":"https:\/\/fjsp.org.br\/fjsp\/wp-json\/wp\/v2\/comments?post=19460"}],"version-history":[{"count":3,"href":"https:\/\/fjsp.org.br\/fjsp\/wp-json\/wp\/v2\/pages\/19460\/revisions"}],"predecessor-version":[{"id":19466,"href":"https:\/\/fjsp.org.br\/fjsp\/wp-json\/wp\/v2\/pages\/19460\/revisions\/19466"}],"wp:attachment":[{"href":"https:\/\/fjsp.org.br\/fjsp\/wp-json\/wp\/v2\/media?parent=19460"}],"curies":[{"name":"wp","href":"https:\/\/api.w.org\/{rel}","templated":true}]}}