{"id":20432,"date":"2022-03-15T21:19:19","date_gmt":"2022-03-16T00:19:19","guid":{"rendered":"https:\/\/fjsp.org.br\/fjsp\/?page_id=20432"},"modified":"2022-03-30T12:56:19","modified_gmt":"2022-03-30T15:56:19","slug":"5-livros-disponiveis-na-biblioteca","status":"publish","type":"page","link":"https:\/\/fjsp.org.br\/fjsp\/5-livros-disponiveis-na-biblioteca\/","title":{"rendered":"5. Livros dispon\u00edveis na biblioteca"},"content":{"rendered":"<h3><b><span data-contrast=\"none\">LIVROS EM JAPON\u00caS<\/span><\/b><span data-ccp-props=\"{&quot;201341983&quot;:0,&quot;335551550&quot;:6,&quot;335551620&quot;:6,&quot;335559740&quot;:276}\">\u00a0<\/span><\/h3>\n<div id=\"attachment_20433\" style=\"width: 338px\" class=\"wp-caption alignnone\"><img fetchpriority=\"high\" decoding=\"async\" aria-describedby=\"caption-attachment-20433\" class=\"img-responsive img-fluid wp-image-20433 \" src=\"https:\/\/fjsp.org.br\/fjsp\/wp-content\/uploads\/2022\/03\/disponivel-biblioteca.jpg\" alt=\"\" width=\"328\" height=\"243\" srcset=\"https:\/\/fjsp.org.br\/fjsp\/wp-content\/uploads\/2022\/03\/disponivel-biblioteca.jpg 177w, https:\/\/fjsp.org.br\/fjsp\/wp-content\/uploads\/2022\/03\/disponivel-biblioteca-100x74.jpg 100w, https:\/\/fjsp.org.br\/fjsp\/wp-content\/uploads\/2022\/03\/disponivel-biblioteca-130x96.jpg 130w\" sizes=\"(max-width: 328px) 100vw, 328px\" \/><p id=\"caption-attachment-20433\" class=\"wp-caption-text\"><em>Foto: \u00a9 FJSP <\/em><\/p><\/div>\n<p>&nbsp;<\/p>\n<p><span data-contrast=\"none\">TAWADA, <\/span><span data-contrast=\"auto\">Y\u014dko<\/span><span data-contrast=\"none\">.<\/span><b><span data-contrast=\"none\"> Amerika:<\/span><\/b><span data-contrast=\"none\"> hido no dairiku. T\u014dkyo: Seidosha, 2006. 187 p.\u00a0<\/span><span data-ccp-props=\"{&quot;201341983&quot;:0,&quot;335551550&quot;:6,&quot;335551620&quot;:6,&quot;335559740&quot;:276}\">\u00a0<\/span><\/p>\n<p><span data-contrast=\"none\">TAWADA, <\/span><span data-contrast=\"auto\">Y\u014dko<\/span><span data-contrast=\"none\">.<\/span><b><span data-contrast=\"none\"> Ana aki Efu no Hatsukoi Matsuri<\/span><\/b><span data-contrast=\"none\">. T\u014dkyo: Bungei Shunju, 2018. 151 p.\u00a0<\/span><span data-ccp-props=\"{&quot;201341983&quot;:0,&quot;335551550&quot;:6,&quot;335551620&quot;:6,&quot;335559740&quot;:276}\">\u00a0<\/span><\/p>\n<p><span data-contrast=\"none\">TAWADA, <\/span><span data-contrast=\"auto\">Y\u014dko<\/span><span data-contrast=\"none\">.<\/span><b><span data-contrast=\"none\"> Arufabetto no kizuguchi<\/span><\/b><span data-contrast=\"none\">. T\u014dkyo: Kawade Shobo Shinsha, 1993. 117 p.\u00a0<\/span><span data-ccp-props=\"{&quot;201341983&quot;:0,&quot;335551550&quot;:6,&quot;335551620&quot;:6,&quot;335559740&quot;:276}\">\u00a0<\/span><\/p>\n<p><span data-contrast=\"none\">TAWADA, <\/span><span data-contrast=\"auto\">Y\u014dko<\/span><span data-contrast=\"none\">.<\/span><b><span data-contrast=\"none\"> Chikyu ni chiribamerarete<\/span><\/b><span data-contrast=\"none\">. T\u014dkyo: Kodansha, 2018. 309 p.\u00a0<\/span><span data-ccp-props=\"{&quot;201341983&quot;:0,&quot;335551550&quot;:6,&quot;335551620&quot;:6,&quot;335559740&quot;:276}\">\u00a0<\/span><\/p>\n<p><span data-contrast=\"none\">TAWADA, <\/span><span data-contrast=\"auto\">Y\u014dko<\/span><span data-contrast=\"none\">.<\/span><b><span data-contrast=\"none\"> Ekusofoni<\/span><\/b><span data-contrast=\"none\">: bogo no soto he deru tabi. T\u014dkyo: Iwanami Shoten, 2003. 188 p.\u00a0<\/span><span data-ccp-props=\"{&quot;201341983&quot;:0,&quot;335551550&quot;:6,&quot;335551620&quot;:6,&quot;335559740&quot;:276}\">\u00a0<\/span><\/p>\n<p><span data-contrast=\"none\">TAWADA, <\/span><span data-contrast=\"auto\">Y\u014dko<\/span><span data-contrast=\"none\">.<\/span><b><span data-contrast=\"none\"> Gottoharuto tetsud\u014d<\/span><\/b><span data-contrast=\"none\">. T\u014dkyo: Kodansha, 2005. 254 p. (Kodansha Bungei Bunko).\u00a0<\/span><span data-ccp-props=\"{&quot;201341983&quot;:0,&quot;335551550&quot;:6,&quot;335551620&quot;:6,&quot;335559740&quot;:276}\">\u00a0<\/span><\/p>\n<p><span data-contrast=\"none\">TAWADA, <\/span><span data-contrast=\"auto\">Y\u014dko<\/span><span data-contrast=\"none\">.<\/span><b><span data-contrast=\"none\"> Henshin no tame no opiumu \/ Kyukei jikan<\/span><\/b><span data-contrast=\"none\">. T\u014dkyo: K\u014ddansha, 2017. 455 p. (K\u014ddansha Bungei Bunko).<\/span><span data-ccp-props=\"{&quot;201341983&quot;:0,&quot;335551550&quot;:6,&quot;335551620&quot;:6,&quot;335559740&quot;:276}\">\u00a0<\/span><\/p>\n<p><span data-contrast=\"none\">TAWADA, <\/span><span data-contrast=\"auto\">Y\u014dko<\/span><span data-contrast=\"none\">.<\/span><b><span data-contrast=\"none\"> Hikon<\/span><\/b><span data-contrast=\"none\">. T\u014dkyo: K\u014ddansha, 2012. 265 p. (K\u014ddansha Bungei Bunko).<\/span><span data-ccp-props=\"{&quot;201341983&quot;:0,&quot;335551550&quot;:6,&quot;335551620&quot;:6,&quot;335559740&quot;:276}\">\u00a0<\/span><\/p>\n<p><span data-contrast=\"none\">TAWADA, <\/span><span data-contrast=\"auto\">Y\u014dko<\/span><span data-contrast=\"none\">.<\/span><b><span data-contrast=\"none\"> Hyakunen no sanpo<\/span><\/b><span data-contrast=\"none\">. T\u014dkyo: Shinch\u014dsha, 2017. 246 p.\u00a0<\/span><span data-ccp-props=\"{&quot;201341983&quot;:0,&quot;335551550&quot;:6,&quot;335551620&quot;:6,&quot;335559740&quot;:276}\">\u00a0<\/span><\/p>\n<p><span data-contrast=\"none\">TAWADA, <\/span><span data-contrast=\"auto\">Y\u014dko<\/span><span data-contrast=\"none\">.<\/span><b><span data-contrast=\"none\"> Inu muko iri<\/span><\/b><span data-contrast=\"none\">. T\u014dkyo: Kodansha, 1998. 147 p. (K\u014ddansha Bunko).\u00a0<\/span><span data-ccp-props=\"{&quot;201341983&quot;:0,&quot;335551550&quot;:6,&quot;335551620&quot;:6,&quot;335559740&quot;:276}\">\u00a0<\/span><\/p>\n<p><span data-contrast=\"none\">TAWADA, <\/span><span data-contrast=\"auto\">Y\u014dko<\/span><span data-contrast=\"none\">.<\/span><b><span data-contrast=\"none\"> Kakato wo nakushite sannin kankei moji ishoku<\/span><\/b><span data-contrast=\"none\">. T\u014dkyo: K\u014ddansha, 2014. 253 p. (K\u014ddansha Bungei Bunko).\u00a0<\/span><span data-ccp-props=\"{&quot;201341983&quot;:0,&quot;335551550&quot;:6,&quot;335551620&quot;:6,&quot;335559740&quot;:276}\">\u00a0<\/span><\/p>\n<p><span data-contrast=\"none\">TAWADA, <\/span><span data-contrast=\"auto\">Y\u014dko<\/span><span data-contrast=\"none\">.<\/span><b><span data-contrast=\"none\"> Katakoto no uwagoto<\/span><\/b><span data-contrast=\"none\">. T\u014dkyo: Seid\u014dsha, 2007. 230 p.<\/span><span data-ccp-props=\"{&quot;201341983&quot;:0,&quot;335551550&quot;:6,&quot;335551620&quot;:6,&quot;335559740&quot;:276}\">\u00a0<\/span><\/p>\n<p><span data-contrast=\"none\">TAWADA, <\/span><span data-contrast=\"auto\">Y\u014dko<\/span><span data-contrast=\"none\">.<\/span><b><span data-contrast=\"none\"> Kent\u014dshi<\/span><\/b><span data-contrast=\"none\">. T\u014dkyo: K\u014ddansha, 2017. 268 p. (K\u014ddansha Bunko).\u00a0<\/span><span data-ccp-props=\"{&quot;201341983&quot;:0,&quot;335551550&quot;:6,&quot;335551620&quot;:6,&quot;335559740&quot;:276}\">\u00a0<\/span><\/p>\n<p><span data-contrast=\"none\">TAWADA, <\/span><span data-contrast=\"auto\">Y\u014dko<\/span><span data-contrast=\"none\">.<\/span><b><span data-contrast=\"none\"> Kotoba to aruku nikki<\/span><\/b><span data-contrast=\"none\">. T\u014dkyo: Iwanami Shoten, 2013. 232,4 p., il. (Iwanami Shinsho. Shin Akai han, 1465).\u00a0<\/span><span data-ccp-props=\"{&quot;201341983&quot;:0,&quot;335551550&quot;:6,&quot;335551620&quot;:6,&quot;335559740&quot;:276}\">\u00a0<\/span><\/p>\n<p><span data-contrast=\"none\">TAWADA, <\/span><span data-contrast=\"auto\">Y\u014dko<\/span><span data-contrast=\"none\">.<\/span><b><span data-contrast=\"none\"> Kumo wo tsukamu hanashi<\/span><\/b><span data-contrast=\"none\">. T\u014dkyo: K\u014ddansha, 2012. 255 p.\u00a0<\/span><span data-ccp-props=\"{&quot;201341983&quot;:0,&quot;335551550&quot;:6,&quot;335551620&quot;:6,&quot;335559740&quot;:276}\">\u00a0<\/span><\/p>\n<p><span data-contrast=\"none\">TAWADA, <\/span><span data-contrast=\"auto\">Y\u014dko<\/span><span data-contrast=\"none\">.<\/span><b><span data-contrast=\"none\"> Kyukei jikan<\/span><\/b><span data-contrast=\"none\">. T\u014dkyo: Shinch\u014dsha, 2002. 171 p.\u00a0<\/span><span data-ccp-props=\"{&quot;201341983&quot;:0,&quot;335551550&quot;:6,&quot;335551620&quot;:6,&quot;335559740&quot;:276}\">\u00a0<\/span><\/p>\n<p><span data-contrast=\"none\">TAWADA, <\/span><span data-contrast=\"auto\">Y\u014dko<\/span><span data-contrast=\"none\">.<\/span><b><span data-contrast=\"none\"> Niso to kyupiddo no yumi<\/span><\/b><span data-contrast=\"none\">. T\u014dkyo: K\u014ddansha, 2013. 250 p. (K\u014ddansha Bunko).\u00a0<\/span><span data-ccp-props=\"{&quot;201341983&quot;:0,&quot;335551550&quot;:6,&quot;335551620&quot;:6,&quot;335559740&quot;:276}\">\u00a0<\/span><\/p>\n<p><span data-contrast=\"none\">TAWADA, <\/span><span data-contrast=\"auto\">Y\u014dko<\/span><span data-contrast=\"none\">.<\/span><b><span data-contrast=\"none\"> Seijo densetsu<\/span><\/b><span data-contrast=\"none\">. T\u014dkyo: Chikuma Shob\u014d, 2016. 282 p. (Chikuma Bunko).\u00a0<\/span><span data-ccp-props=\"{&quot;201341983&quot;:0,&quot;335551550&quot;:6,&quot;335551620&quot;:6,&quot;335559740&quot;:276}\">\u00a0<\/span><\/p>\n<p><span data-contrast=\"none\">TAWADA, <\/span><span data-contrast=\"auto\">Y\u014dko<\/span><span data-contrast=\"none\">.<\/span><b><span data-contrast=\"none\"> Tokeru machi sukeru michi<\/span><\/b><span data-contrast=\"none\">. T\u014dkyo: Nikkei Keizai Shimbun Shuppansha, 2007. 262 p.\u00a0<\/span><span data-ccp-props=\"{&quot;201341983&quot;:0,&quot;335551550&quot;:6,&quot;335551620&quot;:6,&quot;335559740&quot;:276}\">\u00a0<\/span><\/p>\n<p><span data-contrast=\"none\">TAWADA, <\/span><span data-contrast=\"auto\">Y\u014dko<\/span><span data-contrast=\"none\">.<\/span><b><span data-contrast=\"none\"> Y\u014dgisha no yako ressha<\/span><\/b><span data-contrast=\"none\">. T\u014dkyo: Seidosha, 2002. 163 p.\u00a0<\/span><span data-ccp-props=\"{&quot;201341983&quot;:0,&quot;335551550&quot;:6,&quot;335551620&quot;:6,&quot;335559740&quot;:276}\">\u00a0<\/span><\/p>\n<p><span data-contrast=\"none\">TAWADA, <\/span><span data-contrast=\"auto\">Y\u014dko<\/span><span data-contrast=\"none\">.<\/span><b><span data-contrast=\"none\"> Yuki no rensh\u016bsei<\/span><\/b><span data-contrast=\"none\">. T\u014dkyo: Shinch\u014dsha, 2013. 328 p. (Shinch\u014d Bunko).\u00a0<\/span><span data-ccp-props=\"{&quot;201341983&quot;:0,&quot;335551550&quot;:6,&quot;335551620&quot;:6,&quot;335559740&quot;:276}\">\u00a0<\/span><\/p>\n<p>&nbsp;<\/p>\n<h3><b><span data-contrast=\"none\">LIVROS EM INGL\u00caS<\/span><\/b><span data-ccp-props=\"{&quot;201341983&quot;:0,&quot;335551550&quot;:6,&quot;335551620&quot;:6,&quot;335559740&quot;:276}\">\u00a0<\/span><\/h3>\n<p>&nbsp;<\/p>\n<div id=\"attachment_20477\" style=\"width: 338px\" class=\"wp-caption alignnone\"><img decoding=\"async\" aria-describedby=\"caption-attachment-20477\" class=\"img-responsive img-fluid wp-image-20477\" src=\"https:\/\/fjsp.org.br\/fjsp\/wp-content\/uploads\/2022\/03\/12-foto-ingles-1-scaled-e1647454408523.jpg\" alt=\"\" width=\"328\" height=\"243\" srcset=\"https:\/\/fjsp.org.br\/fjsp\/wp-content\/uploads\/2022\/03\/12-foto-ingles-1-scaled-e1647454408523.jpg 2560w, https:\/\/fjsp.org.br\/fjsp\/wp-content\/uploads\/2022\/03\/12-foto-ingles-1-scaled-e1647454408523-280x207.jpg 280w, https:\/\/fjsp.org.br\/fjsp\/wp-content\/uploads\/2022\/03\/12-foto-ingles-1-scaled-e1647454408523-768x568.jpg 768w, https:\/\/fjsp.org.br\/fjsp\/wp-content\/uploads\/2022\/03\/12-foto-ingles-1-scaled-e1647454408523-1536x1136.jpg 1536w, https:\/\/fjsp.org.br\/fjsp\/wp-content\/uploads\/2022\/03\/12-foto-ingles-1-scaled-e1647454408523-2048x1515.jpg 2048w, https:\/\/fjsp.org.br\/fjsp\/wp-content\/uploads\/2022\/03\/12-foto-ingles-1-scaled-e1647454408523-340x252.jpg 340w, https:\/\/fjsp.org.br\/fjsp\/wp-content\/uploads\/2022\/03\/12-foto-ingles-1-scaled-e1647454408523-220x163.jpg 220w, https:\/\/fjsp.org.br\/fjsp\/wp-content\/uploads\/2022\/03\/12-foto-ingles-1-scaled-e1647454408523-100x74.jpg 100w, https:\/\/fjsp.org.br\/fjsp\/wp-content\/uploads\/2022\/03\/12-foto-ingles-1-scaled-e1647454408523-130x96.jpg 130w, https:\/\/fjsp.org.br\/fjsp\/wp-content\/uploads\/2022\/03\/12-foto-ingles-1-scaled-e1647454408523-460x340.jpg 460w\" sizes=\"(max-width: 328px) 100vw, 328px\" \/><p id=\"caption-attachment-20477\" class=\"wp-caption-text\"><em>Foto: \u00a9 FJSP<\/em><\/p><\/div>\n<p><span data-contrast=\"none\">TAWADA, <\/span><span data-contrast=\"auto\">Yoko<\/span><span data-contrast=\"none\">.<\/span><b><span data-contrast=\"none\"> Bridegroom was a dog, The<\/span><\/b><span data-contrast=\"none\">. Tradu\u00e7\u00e3o de Margaret Mitsutani. New York: New Directions Publishing Corporation, 2012. 59 p. (New Directions Pearls).\u00a0<\/span><span data-ccp-props=\"{&quot;201341983&quot;:0,&quot;335551550&quot;:6,&quot;335551620&quot;:6,&quot;335559740&quot;:276}\">\u00a0<\/span><\/p>\n<p><span data-contrast=\"none\">TAWADA, <\/span><span data-contrast=\"auto\">Yoko<\/span><span data-contrast=\"none\">.<\/span><b><span data-contrast=\"none\"> Emissary, The<\/span><\/b><span data-contrast=\"none\">. Tradu\u00e7\u00e3o de Margaret Mitsutani. New York: New Directions Publishing Corporation, 2018. 138 p.\u00a0<\/span><span data-ccp-props=\"{&quot;201341983&quot;:0,&quot;335551550&quot;:6,&quot;335551620&quot;:6,&quot;335559740&quot;:276}\">\u00a0<\/span><\/p>\n<p><span data-contrast=\"none\">TAWADA, <\/span><span data-contrast=\"auto\">Yoko<\/span><span data-contrast=\"none\">.<\/span><b><span data-contrast=\"none\"> Last children of Tokyo, The<\/span><\/b><span data-contrast=\"none\">. Tradu\u00e7\u00e3o de Margaret Mitsutani. Tokyo: Portobello Books, 2018. 138 p.<\/span><span data-ccp-props=\"{&quot;201341983&quot;:0,&quot;335551550&quot;:6,&quot;335551620&quot;:6,&quot;335559740&quot;:276}\">\u00a0<\/span><\/p>\n<p><span data-contrast=\"none\">TAWADA, <\/span><span data-contrast=\"auto\">Yoko<\/span><span data-contrast=\"none\">.<\/span><b><span data-contrast=\"none\"> Memoirs of a polar bear<\/span><\/b><span data-contrast=\"none\">. Tradu\u00e7\u00e3o de Susan Bernofsky. New York: New Directions Publishing Corporation, 2016. 252 p<\/span><span data-ccp-props=\"{&quot;201341983&quot;:0,&quot;335551550&quot;:6,&quot;335551620&quot;:6,&quot;335559740&quot;:276}\">\u00a0<\/span><\/p>\n<p><span data-contrast=\"none\">TAWADA, <\/span><span data-contrast=\"auto\">Yoko<\/span><span data-contrast=\"none\">.<\/span><b><span data-contrast=\"none\"> Where Europe begins<\/span><\/b><span data-contrast=\"none\">. Tradu\u00e7\u00e3o de Susan Bernofsky, Yumi Selden. New York: New Directions Publishing Corporation, 2002. xiv,208 p. &#8220;The bath&#8221; e &#8220;Spores&#8221; foram escritos em japon\u00eas, tradu\u00e7\u00e3o para o ingl\u00eas de Yumi Selden. O restante foi escrito em alem\u00e3o, traduzido para o ingl\u00eas por Susan Bernofsky.\u00a0<\/span><span data-ccp-props=\"{&quot;201341983&quot;:0,&quot;335551550&quot;:6,&quot;335551620&quot;:6,&quot;335559740&quot;:276}\">\u00a0<\/span><\/p>\n<p>&nbsp;<\/p>\n<p><a href=\"https:\/\/fjsp.org.br\/fjsp\/4-livros-em-portugues\/\">&lt;&lt; 4. Livros em portugu\u00eas<\/a> \/\/ <a href=\"https:\/\/fjsp.org.br\/fjsp\/dossie-yoko-tawada\/\">P\u00e1gina inicial &gt;&gt;\u00a0<\/a><\/p>\n","protected":false},"excerpt":{"rendered":"<p>LIVROS EM JAPON\u00caS\u00a0 &nbsp; TAWADA, Y\u014dko. Amerika: hido no dairiku. T\u014dkyo: Seidosha, 2006. 187 p.\u00a0\u00a0 TAWADA, Y\u014dko. Ana aki Efu no Hatsukoi Matsuri. T\u014dkyo: Bungei Shunju, 2018. 151 p.\u00a0\u00a0 TAWADA, Y\u014dko. Arufabetto no kizuguchi. T\u014dkyo: Kawade Shobo Shinsha, 1993. 117 p.\u00a0\u00a0 TAWADA, Y\u014dko. Chikyu ni chiribamerarete. T\u014dkyo: Kodansha, 2018. 309 p.\u00a0\u00a0 TAWADA, Y\u014dko. Ekusofoni: bogo [&hellip;]<\/p>\n","protected":false},"author":1,"featured_media":20433,"parent":0,"menu_order":0,"comment_status":"closed","ping_status":"closed","template":"","meta":{"_acf_changed":false,"footnotes":""},"class_list":["post-20432","page","type-page","status-publish","has-post-thumbnail","hentry"],"acf":[],"_links":{"self":[{"href":"https:\/\/fjsp.org.br\/fjsp\/wp-json\/wp\/v2\/pages\/20432","targetHints":{"allow":["GET"]}}],"collection":[{"href":"https:\/\/fjsp.org.br\/fjsp\/wp-json\/wp\/v2\/pages"}],"about":[{"href":"https:\/\/fjsp.org.br\/fjsp\/wp-json\/wp\/v2\/types\/page"}],"author":[{"embeddable":true,"href":"https:\/\/fjsp.org.br\/fjsp\/wp-json\/wp\/v2\/users\/1"}],"replies":[{"embeddable":true,"href":"https:\/\/fjsp.org.br\/fjsp\/wp-json\/wp\/v2\/comments?post=20432"}],"version-history":[{"count":2,"href":"https:\/\/fjsp.org.br\/fjsp\/wp-json\/wp\/v2\/pages\/20432\/revisions"}],"predecessor-version":[{"id":20700,"href":"https:\/\/fjsp.org.br\/fjsp\/wp-json\/wp\/v2\/pages\/20432\/revisions\/20700"}],"wp:featuredmedia":[{"embeddable":true,"href":"https:\/\/fjsp.org.br\/fjsp\/wp-json\/wp\/v2\/media\/20433"}],"wp:attachment":[{"href":"https:\/\/fjsp.org.br\/fjsp\/wp-json\/wp\/v2\/media?parent=20432"}],"curies":[{"name":"wp","href":"https:\/\/api.w.org\/{rel}","templated":true}]}}