{"id":7909,"date":"2018-04-05T10:40:06","date_gmt":"2018-04-05T13:40:06","guid":{"rendered":"https:\/\/fjsp.org.br\/fjsp\/?page_id=7909"},"modified":"2022-05-03T10:17:16","modified_gmt":"2022-05-03T13:17:16","slug":"programas_apoio_subsidio_fjsp","status":"publish","type":"page","link":"https:\/\/fjsp.org.br\/fjsp\/programas_apoio_subsidio_fjsp\/","title":{"rendered":"PROGRAMAS PARA APOIO INSTITUCIONAL E SUBS\u00cdDIO DA FUNDA\u00c7\u00c3O JAP\u00c3O EM S\u00c3O PAULO"},"content":{"rendered":"<p>&nbsp;<\/p>\n<h4 style=\"text-align: center;\"><span style=\"color: #808080;\">Fa\u00e7a aqui o download das instru\u00e7\u00f5es e formul\u00e1rios para solicita\u00e7\u00e3o de apoio institucional e subs\u00eddio oferecidos pela Funda\u00e7\u00e3o Jap\u00e3o em S\u00e3o Paulo.\u00a0Favor atentar-se para os prazos de entrega <\/span><span style=\"color: #808080;\">de cada programa.<\/span><\/h4>\n<p>&nbsp;<\/p>\n<p><a href=\"https:\/\/fjsp.org.br\/fjsp\/wp-content\/uploads\/2018\/04\/APOIO_FJSP_2018.zip\" target=\"_blank\" rel=\"noopener noreferrer\"><img decoding=\"async\" class=\"img-responsive aligncenter wp-image-7950\" src=\"https:\/\/fjsp.org.br\/fjsp\/wp-content\/uploads\/2018\/04\/BOXES_Apoio_V2.jpg\" alt=\"\" width=\"419\" height=\"56\" srcset=\"https:\/\/fjsp.org.br\/fjsp\/wp-content\/uploads\/2018\/04\/BOXES_Apoio_V2.jpg 471w, https:\/\/fjsp.org.br\/fjsp\/wp-content\/uploads\/2018\/04\/BOXES_Apoio_V2-280x37.jpg 280w, https:\/\/fjsp.org.br\/fjsp\/wp-content\/uploads\/2018\/04\/BOXES_Apoio_V2-340x45.jpg 340w, https:\/\/fjsp.org.br\/fjsp\/wp-content\/uploads\/2018\/04\/BOXES_Apoio_V2-220x29.jpg 220w, https:\/\/fjsp.org.br\/fjsp\/wp-content\/uploads\/2018\/04\/BOXES_Apoio_V2-100x13.jpg 100w, https:\/\/fjsp.org.br\/fjsp\/wp-content\/uploads\/2018\/04\/BOXES_Apoio_V2-130x17.jpg 130w, https:\/\/fjsp.org.br\/fjsp\/wp-content\/uploads\/2018\/04\/BOXES_Apoio_V2-460x62.jpg 460w\" sizes=\"(max-width: 419px) 100vw, 419px\" \/><\/a><\/p>\n<p style=\"text-align: center;\"><a href=\"https:\/\/fjsp.org.br\/fjsp\/wp-content\/uploads\/2018\/04\/APOIO_FJSP_2018.zip\" target=\"_blank\" rel=\"noopener noreferrer\"><img decoding=\"async\" class=\"img-responsive aligncenter wp-image-7926\" src=\"https:\/\/fjsp.org.br\/fjsp\/wp-content\/uploads\/2018\/04\/DOWNLOADS_Apoio_orange.jpg\" alt=\"\" width=\"418\" height=\"70\" srcset=\"https:\/\/fjsp.org.br\/fjsp\/wp-content\/uploads\/2018\/04\/DOWNLOADS_Apoio_orange.jpg 472w, https:\/\/fjsp.org.br\/fjsp\/wp-content\/uploads\/2018\/04\/DOWNLOADS_Apoio_orange-280x47.jpg 280w, https:\/\/fjsp.org.br\/fjsp\/wp-content\/uploads\/2018\/04\/DOWNLOADS_Apoio_orange-340x57.jpg 340w, https:\/\/fjsp.org.br\/fjsp\/wp-content\/uploads\/2018\/04\/DOWNLOADS_Apoio_orange-220x37.jpg 220w, https:\/\/fjsp.org.br\/fjsp\/wp-content\/uploads\/2018\/04\/DOWNLOADS_Apoio_orange-100x17.jpg 100w, https:\/\/fjsp.org.br\/fjsp\/wp-content\/uploads\/2018\/04\/DOWNLOADS_Apoio_orange-130x22.jpg 130w, https:\/\/fjsp.org.br\/fjsp\/wp-content\/uploads\/2018\/04\/DOWNLOADS_Apoio_orange-460x77.jpg 460w\" sizes=\"(max-width: 418px) 100vw, 418px\" \/><\/a>Arquivos em Excel (.xls) e PDF<\/p>\n<p>&nbsp;<\/p>\n<p><img fetchpriority=\"high\" decoding=\"async\" class=\"img-responsive img-fluid aligncenter wp-image-21037\" src=\"https:\/\/fjsp.org.br\/fjsp\/wp-content\/uploads\/2022\/05\/comunicado-atualizado-programa-subsidio-site.jpg\" alt=\"\" width=\"419\" height=\"182\" srcset=\"https:\/\/fjsp.org.br\/fjsp\/wp-content\/uploads\/2022\/05\/comunicado-atualizado-programa-subsidio-site.jpg 460w, https:\/\/fjsp.org.br\/fjsp\/wp-content\/uploads\/2022\/05\/comunicado-atualizado-programa-subsidio-site-280x122.jpg 280w, https:\/\/fjsp.org.br\/fjsp\/wp-content\/uploads\/2022\/05\/comunicado-atualizado-programa-subsidio-site-340x148.jpg 340w, https:\/\/fjsp.org.br\/fjsp\/wp-content\/uploads\/2022\/05\/comunicado-atualizado-programa-subsidio-site-220x96.jpg 220w, https:\/\/fjsp.org.br\/fjsp\/wp-content\/uploads\/2022\/05\/comunicado-atualizado-programa-subsidio-site-100x43.jpg 100w, https:\/\/fjsp.org.br\/fjsp\/wp-content\/uploads\/2022\/05\/comunicado-atualizado-programa-subsidio-site-130x57.jpg 130w\" sizes=\"(max-width: 419px) 100vw, 419px\" \/><\/p>\n<p>&nbsp;<\/p>\n<p><a href=\"https:\/\/fjsp.org.br\/fjsp\/wp-content\/uploads\/2021\/05\/2021-programa-apoio-linguajaponesa.zip\" target=\"_blank\" rel=\"noopener noreferrer\"><img loading=\"lazy\" decoding=\"async\" class=\"img-responsive aligncenter wp-image-7951\" src=\"https:\/\/fjsp.org.br\/fjsp\/wp-content\/uploads\/2018\/04\/BOXES_Lingua_V2.jpg\" alt=\"\" width=\"419\" height=\"56\" srcset=\"https:\/\/fjsp.org.br\/fjsp\/wp-content\/uploads\/2018\/04\/BOXES_Lingua_V2.jpg 471w, https:\/\/fjsp.org.br\/fjsp\/wp-content\/uploads\/2018\/04\/BOXES_Lingua_V2-280x37.jpg 280w, https:\/\/fjsp.org.br\/fjsp\/wp-content\/uploads\/2018\/04\/BOXES_Lingua_V2-340x45.jpg 340w, https:\/\/fjsp.org.br\/fjsp\/wp-content\/uploads\/2018\/04\/BOXES_Lingua_V2-220x29.jpg 220w, https:\/\/fjsp.org.br\/fjsp\/wp-content\/uploads\/2018\/04\/BOXES_Lingua_V2-100x13.jpg 100w, https:\/\/fjsp.org.br\/fjsp\/wp-content\/uploads\/2018\/04\/BOXES_Lingua_V2-130x17.jpg 130w, https:\/\/fjsp.org.br\/fjsp\/wp-content\/uploads\/2018\/04\/BOXES_Lingua_V2-460x62.jpg 460w\" sizes=\"(max-width: 419px) 100vw, 419px\" \/><\/a><\/p>\n<p style=\"text-align: center;\"><a href=\"https:\/\/fjsp.org.br\/fjsp\/wp-content\/uploads\/2021\/05\/2021-programa-apoio-linguajaponesa.zip\" target=\"_blank\" rel=\"noopener noreferrer\"><img loading=\"lazy\" decoding=\"async\" class=\"img-responsive aligncenter wp-image-7954\" src=\"https:\/\/fjsp.org.br\/fjsp\/wp-content\/uploads\/2018\/04\/DOWNLOADS_Lingua_green.jpg\" alt=\"\" width=\"418\" height=\"70\" srcset=\"https:\/\/fjsp.org.br\/fjsp\/wp-content\/uploads\/2018\/04\/DOWNLOADS_Lingua_green.jpg 472w, https:\/\/fjsp.org.br\/fjsp\/wp-content\/uploads\/2018\/04\/DOWNLOADS_Lingua_green-280x47.jpg 280w, https:\/\/fjsp.org.br\/fjsp\/wp-content\/uploads\/2018\/04\/DOWNLOADS_Lingua_green-340x57.jpg 340w, https:\/\/fjsp.org.br\/fjsp\/wp-content\/uploads\/2018\/04\/DOWNLOADS_Lingua_green-220x37.jpg 220w, https:\/\/fjsp.org.br\/fjsp\/wp-content\/uploads\/2018\/04\/DOWNLOADS_Lingua_green-100x17.jpg 100w, https:\/\/fjsp.org.br\/fjsp\/wp-content\/uploads\/2018\/04\/DOWNLOADS_Lingua_green-130x22.jpg 130w, https:\/\/fjsp.org.br\/fjsp\/wp-content\/uploads\/2018\/04\/DOWNLOADS_Lingua_green-460x77.jpg 460w\" sizes=\"(max-width: 418px) 100vw, 418px\" \/><\/a>Arquivos em Word (.doc) e Excel (.xlsx)<\/p>\n<p>&nbsp;<\/p>\n<p>&nbsp;<\/p>\n","protected":false},"excerpt":{"rendered":"<p>&nbsp; Fa\u00e7a aqui o download das instru\u00e7\u00f5es e formul\u00e1rios para solicita\u00e7\u00e3o de apoio institucional e subs\u00eddio oferecidos pela Funda\u00e7\u00e3o Jap\u00e3o em S\u00e3o Paulo.\u00a0Favor atentar-se para os prazos de entrega de cada programa. &nbsp; Arquivos em Excel (.xls) e PDF &nbsp; &nbsp; Arquivos em Word (.doc) e Excel (.xlsx) &nbsp; &nbsp;<\/p>\n","protected":false},"author":1,"featured_media":0,"parent":0,"menu_order":0,"comment_status":"closed","ping_status":"closed","template":"","meta":{"_acf_changed":false,"footnotes":""},"class_list":["post-7909","page","type-page","status-publish","hentry"],"acf":[],"_links":{"self":[{"href":"https:\/\/fjsp.org.br\/fjsp\/wp-json\/wp\/v2\/pages\/7909","targetHints":{"allow":["GET"]}}],"collection":[{"href":"https:\/\/fjsp.org.br\/fjsp\/wp-json\/wp\/v2\/pages"}],"about":[{"href":"https:\/\/fjsp.org.br\/fjsp\/wp-json\/wp\/v2\/types\/page"}],"author":[{"embeddable":true,"href":"https:\/\/fjsp.org.br\/fjsp\/wp-json\/wp\/v2\/users\/1"}],"replies":[{"embeddable":true,"href":"https:\/\/fjsp.org.br\/fjsp\/wp-json\/wp\/v2\/comments?post=7909"}],"version-history":[{"count":3,"href":"https:\/\/fjsp.org.br\/fjsp\/wp-json\/wp\/v2\/pages\/7909\/revisions"}],"predecessor-version":[{"id":21039,"href":"https:\/\/fjsp.org.br\/fjsp\/wp-json\/wp\/v2\/pages\/7909\/revisions\/21039"}],"wp:attachment":[{"href":"https:\/\/fjsp.org.br\/fjsp\/wp-json\/wp\/v2\/media?parent=7909"}],"curies":[{"name":"wp","href":"https:\/\/api.w.org\/{rel}","templated":true}]}}