{"id":2,"date":"2021-03-10T13:58:39","date_gmt":"2021-03-10T16:58:39","guid":{"rendered":"https:\/\/fjsp.org.br\/lingua-japonesa-teste\/?page_id=2"},"modified":"2021-03-18T08:09:41","modified_gmt":"2021-03-18T11:09:41","slug":"inicio","status":"publish","type":"page","link":"https:\/\/fjsp.org.br\/lingua-japonesa\/inicio\/","title":{"rendered":"L\u00edngua Japonesa"},"content":{"rendered":"<p>A Funda\u00e7\u00e3o Jap\u00e3o tem como objetivo auxiliar o ensino e o aprendizado da l\u00edngua japonesa no exterior. Trabalhamos em prol da melhoria do ambiente de aprendizado de japon\u00eas nos pa\u00edses do mundo, para que possam oferecer oportunidades de estudo desta l\u00edngua a um p\u00fablico maior. Ainda, oferecemos aux\u00edlio em conformidade com as necessidades de cada localidade, realizando parcerias com institui\u00e7\u00f5es de ensino e \u00f3rg\u00e3os governamentais de v\u00e1rios pa\u00edses. Atualmente h\u00e1 mais de\u00a0<strong>3,84 milh\u00f5es*<\/strong>\u00a0de pessoas no mundo que estudam a l\u00edngua japonesa fora do Jap\u00e3o. Comparada \u00e0 pesquisa anterior, houve um aumento de mais de 190.000 estudantes. No Brasil, o n\u00famero de estudantes tamb\u00e9m aumentou em 3.164 pessoas em rela\u00e7\u00e3o ao n\u00famero da pesquisa anterior (2015), totalizando 26.157 estudantes. Esse n\u00famero de estudantes corresponde ao\u00a0<strong>14\u00ba\u00a0lugar mundial<\/strong>. Respondemos \u00e0 maioria das solicita\u00e7\u00f5es referentes ao ensino de l\u00edngua japonesa, vindas de v\u00e1rios pa\u00edses, por meio de envio de especialistas \u00e0s organiza\u00e7\u00f5es e de programas de treinamento de professores. Dessa forma, a Funda\u00e7\u00e3o Jap\u00e3o assume um papel de suma import\u00e2ncia na difus\u00e3o da l\u00edngua japonesa na sociedade contempor\u00e2nea no cen\u00e1rio internacional.<\/p>\n<h5><em>*Fonte: \u201dPesquisa sobre as Institui\u00e7\u00f5es de ensino de l\u00edngua japonesa no mundo 2018\u201d<\/em> <em>The Japan Foundation <\/em><a href=\"https:\/\/www.jpf.go.jp\/j\/project\/japanese\/survey\/result\/survey18.html\" target=\"_blank\" rel=\"noopener noreferrer\">https:\/\/www.jpf.go.jp\/j\/project\/japanese\/survey\/result\/survey18.html<\/a><\/h5>\n<p>&nbsp;<\/p>\n","protected":false},"excerpt":{"rendered":"<p>A Funda\u00e7\u00e3o Jap\u00e3o tem como objetivo auxiliar o ensino e o aprendizado da l\u00edngua japonesa no exterior. Trabalhamos em prol da melhoria do ambiente de aprendizado de japon\u00eas nos pa\u00edses do mundo, para que possam oferecer oportunidades de estudo desta l\u00edngua a um p\u00fablico maior. Ainda, oferecemos aux\u00edlio em conformidade com as necessidades de cada [&hellip;]<\/p>\n","protected":false},"author":39,"featured_media":0,"parent":0,"menu_order":0,"comment_status":"closed","ping_status":"open","template":"front-page.php","meta":{"_acf_changed":false,"footnotes":""},"class_list":["post-2","page","type-page","status-publish","hentry"],"acf":[],"_links":{"self":[{"href":"https:\/\/fjsp.org.br\/lingua-japonesa\/wp-json\/wp\/v2\/pages\/2","targetHints":{"allow":["GET"]}}],"collection":[{"href":"https:\/\/fjsp.org.br\/lingua-japonesa\/wp-json\/wp\/v2\/pages"}],"about":[{"href":"https:\/\/fjsp.org.br\/lingua-japonesa\/wp-json\/wp\/v2\/types\/page"}],"author":[{"embeddable":true,"href":"https:\/\/fjsp.org.br\/lingua-japonesa\/wp-json\/wp\/v2\/users\/39"}],"replies":[{"embeddable":true,"href":"https:\/\/fjsp.org.br\/lingua-japonesa\/wp-json\/wp\/v2\/comments?post=2"}],"version-history":[{"count":3,"href":"https:\/\/fjsp.org.br\/lingua-japonesa\/wp-json\/wp\/v2\/pages\/2\/revisions"}],"predecessor-version":[{"id":21,"href":"https:\/\/fjsp.org.br\/lingua-japonesa\/wp-json\/wp\/v2\/pages\/2\/revisions\/21"}],"wp:attachment":[{"href":"https:\/\/fjsp.org.br\/lingua-japonesa\/wp-json\/wp\/v2\/media?parent=2"}],"curies":[{"name":"wp","href":"https:\/\/api.w.org\/{rel}","templated":true}]}}